{"id":999,"date":"2013-12-21T14:23:01","date_gmt":"2013-12-21T14:23:01","guid":{"rendered":"http:\/\/ludwig-witzani.de\/?page_id=999"},"modified":"2025-06-03T10:32:55","modified_gmt":"2025-06-03T10:32:55","slug":"ein-hauch-von-suedsee-im-chinesischen-meer","status":"publish","type":"page","link":"https:\/\/ludwig-witzani.de\/zu-den-grossen-traeumen\/backpackers-welt\/ein-hauch-von-suedsee-im-chinesischen-meer\/","title":{"rendered":"Ein Hauch von S\u00fcdsee im Chinesischen Meer"},"content":{"rendered":"<h3 style=\"text-align: left;\" align=\"center\">Tioman, eine Trauminsel\u00a0 vor der K\u00fcste Malaysias<i><\/i><\/h3>\n<p><a href=\"http:\/\/ludwig-witzani.de\/wp-content\/uploads\/2013\/12\/image057.jpg\"><img loading=\"lazy\" decoding=\"async\" class=\"aligncenter size-medium wp-image-1000\" alt=\"image057\" src=\"http:\/\/ludwig-witzani.de\/wp-content\/uploads\/2013\/12\/image057-900x602.jpg\" width=\"900\" height=\"602\" srcset=\"https:\/\/ludwig-witzani.de\/wp-content\/uploads\/2013\/12\/image057-900x602.jpg 900w, https:\/\/ludwig-witzani.de\/wp-content\/uploads\/2013\/12\/image057.jpg 1024w\" sizes=\"auto, (max-width: 900px) 100vw, 900px\" \/><\/a><\/p>\n<p>&#8222;Der Anblick der K\u00fcste, die sich wie ein Amphitheater erhebt, bot uns ein anmutiges Schauspiel ohnegleichen. Obwohl die Berge hoch emporragen, erscheinen die Felsen an keiner Stelle in eint\u00f6niger Kargkeit: alles ist bewaldet.&#8220; Ohne es recht eigentlich zu wissen, formulierte der eloquente franz\u00f6sische Weltumsegler Louis Antoine de Bougainville, der im Fr\u00fchjahr 1768 die Insel Tahiti erreichte, mit dieser Impression die bis heute nachwirkenden Desiderate dessen, was an einer Insel klassischerweise als &#8222;sch\u00f6n&#8220; zu gelten hat: klein und fein, die imposanten Vertikalen mit \u00fcppigem Gr\u00fcn geschm\u00fcckt, mit Palmenhainen bis ans Ufer, kalkwei\u00dfen Str\u00e4nden, smaragdgr\u00fcnem Wasser und einem Korallenriff als Grenze gegen die unendliche Weite des Meeres. Sp\u00e4testens seit dem Weltbestseller &#8222;Meuterei auf der Bounty&#8220; und den verschiedenen Hollywood-Verfilmungen sind die Entsprechungen dieser Vorstellungen im polynesischen Pazifik angesiedelt: Rarotonga, Morea, Bora Bora, Tahiti, Kauai und Molokai erheben alle mit einem gewissen Recht den Anspruch auf den Titel einer der sch\u00f6nsten Inseln der Welt.<\/p>\n<p>Die s\u00fcdpazifischen Inseln, zweifellos von beachtlicher Sch\u00f6nheit, haben aber aus europ\u00e4ischer Sicht den Nachteil langer Anreise, und wer wird unter diesen Umst\u00e4nden nicht angenehm \u00fcberrascht sein, vor den K\u00fcsten Malaysias von einer Insel zu erfahren, die die inl\u00e4ndischen Werbeprospekte kurz und b\u00fcndig als &#8222;eine der zehn sch\u00f6nsten Inseln der Welt&#8220; bezeichnen: Tioman im S\u00fcdchinesischen Meer. Wir h\u00f6ren: Als der Gott bei der Erschaffung der Erde die zehn sch\u00f6nsten Inseln der Welt zu verteilen hatte, da warf er die Eilande in m\u00e4chtigem Schwung dorthin, wo sich schon das meiste Wasser befand &#8211; in den s\u00fcdlichen Pazifik. Eine der Inseln aber flog zu kurz und landete zwischen Malaysia und Borneo in tropisch-asiatischen Gew\u00e4ssern. Dort liegt sie noch heute, bl\u00fchend und sch\u00f6n, eine vergessene Zwillingsschwester Bora Boras, die den Besucher verzaubert. So erkl\u00e4rt uns wenigstens sinngem\u00e4\u00df der Malaie Abdul Mutiara in einer Mischung aus Bahasa und Englisch bereits auf dem F\u00e4hrboot die Entstehung der Insel Tioman, und gespannt blicken wir zum Horizont, um endlich die Umrisse des Traumlands zu ersp\u00e4hen.<\/p>\n<p>Inseln verf\u00fcgen naturgem\u00e4\u00df \u00fcber den Vorteil, sich zun\u00e4chst einmal aus einer gewissen Distanz zu pr\u00e4sentieren, und f\u00fcr kaum eine andere Insel gereicht diese Art der Ann\u00e4herung derart zum Vorteil wie f\u00fcr Tioman. Etwa 20 Kilometer lang, 13 Kilometer breit und etwa 50 Kilometer vor der K\u00fcste des F\u00e4hrortes Mersing gelegen, \u00e4hnelt sie in ihrem Umri\u00df fast einem angebissenen Paradiesapfel mit zwei m\u00e4chtigen Ausw\u00fcchsen, dem Gunung Kajang und dem Bukit Seperok. Regenwald und Palmenhaine r\u00fccken bis an die Ufer vor, feinsandige Str\u00e4nde wechseln mit schroffen Felsenk\u00fcsten, an denen sich die Brandung des Meeres bricht. Im milden Licht des Nachmittags erinnert Tioman tats\u00e4chlich an die sch\u00f6nsten Inselsilhouetten des S\u00fcdpazifiks, und dank dieser Vorz\u00fcge wurde sie als Bali Hai im Hollywood-Spektakel &#8222;South Pacific&#8220; f\u00fcr Millionen Menschen zum Inbegriff des S\u00fcdseeparadieses.<\/p>\n<p>&#8222;Zum erstenmal in meinem Leben sah ich den anmutigen Stamm und die gr\u00fcnen Wedel der Kokospalme, die mit Stroh gedeckten H\u00fctten der Eingeborenen inmitten schattiger Haine und die Menschen selbst, die in Scharen auf dem Strande umherwanderten.&#8220; Wer nach diesen viel versprechenden Ann\u00e4herungen seine Erwartungen an den Impressionen des Bounty-Kadetten Roger Byams orientiert, der nach langer Seereise zum erstenmal eine Trauminsel erblickt, den erwartet bei der Landung in Kampung Salang allerdings eine b\u00f6se \u00dcberraschung. Eigentlich sind nur die Kokospalmen in ausreichender Anzahl vorhanden, in den H\u00fctten dagegen wohnen keine Einheimischen, sondern Urlaubergruppen aus Singapur, Hongkong, Deutschland und Italien, au\u00dferdem sind sie nicht mit Stroh, sondern mit Wellblech gedeckt, und am Strand wandern keine Menschen in gro\u00dfen Scharen einher, sondern sie liegen in der klassischen Sonnenanbeter-Stellung in so gro\u00dfen Scharen vor den abgestorbenen Korallenriffen, dass der Getr\u00e4nkenachschub nicht mehr funktioniert und die Aufstellung jedes neuen Sonnenschirms interkulturelle Konflikte erzeugt.<\/p>\n<p>Wer wirklich Ruhe und Abgeschiedenheit sucht, ist gut beraten, sich in Kampung Salang erst gar nicht niederzulassen, sondern mit dem t\u00e4glichen Postboot weiterzureisen. Im Uhrzeigersinn l\u00e4uft das Postboot einmal t\u00e4glich alle Kampungs an, eine manchmal erstaunlich st\u00fcrmische Fahrt, bei der der Reisende nicht nur alle Str\u00e4nde und Buchten der Insel in Augenschein nehmen, sondern bei bewegtem Wellengang leicht phantasieren kann, man st\u00e4nde neben Captain Cook am Steuerbord der &#8222;Endeavour&#8220; und erblickte Hawaii zum erstenmal. Unterhalb des ebenfalls beinahe eintausend Meter hohen Bukit Seperok pausiert das regul\u00e4re Boot sogar f\u00fcr anderthalb Stunden, so dass naturinteressierte Besucher den Lehrpfad des Sri-Asah-Parks begehen k\u00f6nnen, der \u00fcber die typischen B\u00e4ume und Pflanzen des s\u00fcdostasiatischen Regenwaldes unterrichtet. Alles dampft zwischen \u00fcppigem Gr\u00fcn, und die Wanderer springen \u00fcber zahlreiche B\u00e4che, die sich kurz vor der K\u00fcste zu einem kleinen Wasserfall vereinen. Lauracaea, Burseracaea und Swintonia liest man auf kleinen Schildchen, und von den m\u00e4chtigen B\u00e4umen mit solch imposanten Namen h\u00e4ngen nicht weniger beeindruckende Lianen herab. Ein Urwaldriese hat mit seinem m\u00e4chtigen Wurzelwerk einen runden Felsblock v\u00f6llig umklammert, ein Sieg des Lebens \u00fcber den Stein, und hoch in den Kronen der B\u00e4ume turnen die Makaken-\u00c4ffchen.<\/p>\n<p><a href=\"http:\/\/ludwig-witzani.de\/wp-content\/uploads\/2013\/12\/image063.tif.jpg\"><img loading=\"lazy\" decoding=\"async\" class=\"aligncenter size-medium wp-image-1004\" alt=\"image063.tif\" src=\"http:\/\/ludwig-witzani.de\/wp-content\/uploads\/2013\/12\/image063.tif-900x457.jpg\" width=\"900\" height=\"457\" srcset=\"https:\/\/ludwig-witzani.de\/wp-content\/uploads\/2013\/12\/image063.tif-900x457.jpg 900w, https:\/\/ludwig-witzani.de\/wp-content\/uploads\/2013\/12\/image063.tif.jpg 1024w\" sizes=\"auto, (max-width: 900px) 100vw, 900px\" \/><\/a><\/p>\n<p>Leider ist das Leben vor den K\u00fcsten Tiomans nicht mehr so \u00fcppig wie in den dichten Tropenw\u00e4ldern. Die Korallenriffe haben durch die Abw\u00e4sser der gro\u00dfen Touristenressorts bereits Schaden genommen, und so gleicht eine Tauchexkursion in die Meerestiefen vor der K\u00fcste der Insel auch einer Lehrstunde in die schleichende Umweltzerst\u00f6rung, die immer dort zuerst beginnt, wo man es am wenigsten sieht. Um der weiteren Vernichtung der Korallenriffe entgegenzuwirken, wurde in den letzten Jahren die Entsorgung der sanit\u00e4ren Anlagen an den verschiedenen Str\u00e4nden verbessert. Au\u00dferdem wurde eine Zone von drei Kilometern als Tioman Marine Park der wirtschaftlichen Nutzung entzogen und mit einem Fischverbot belegt. F\u00fcr die einheimischen Fischer bedeutet dies allerdings nur, jetzt mit ihren Booten weiter hinausfahren zu m\u00fcssen, ohne f\u00fcr ihren Fang mehr Geld zu erhalten, denn die Konkurrenz ist gro\u00df auf den kleinen M\u00e4rkten der malaiischen D\u00f6rfer.<\/p>\n<p>Nur ein einziger holpriger Weg verbindet Kampung Juara im Osten mit Kampung Tekek, dem eigentlichen Hauptort der Insel im Westen &#8211; begehbar in einer gut zweist\u00fcndigen Wanderung durch Gestr\u00e4uch und Farn, \u00fcber Wurzelwerke, B\u00e4che und Felsbuckel, vor\u00fcber an imposanten Aussichtspunkten, begleitet von den vielf\u00e4ltigen Ger\u00e4uschen des Urwalds. Der Weg endet an der kleinen Moschee von Tekek und dem einzigen Gemischtwarenladen der Insel, in dem sich die Rucksacktouristen aus Juara mit Rasierzeug, Kaffee und K\u00e4se eindecken. Die Luxusreisenden brauchen den Umkreis des Kampung Tekek \u00fcberhaupt nicht zu verlassen, sie entsteigen bunten Propellermaschinen, die direkt aus den Metropolen Kuala Lumpur und Singapur die gutbetuchten malaiischen und chinesischen Besucher in weniger als zwei Stunden an die abgezirkelten Str\u00e4nde des Berjaya-Imperial-Hotels bringen. Hier wirken die G\u00e4steh\u00e4user wie kleine Sultanspal\u00e4ste, Tennis, Golf und Pool warten auf die zahlungskr\u00e4ftigen Besucher, und hoch \u00fcber der Bucht kann man auf der Terrasse der Pr\u00e4sidentensuite den wahrscheinlich sch\u00f6nsten Anblick ganz Malaysias beim Tee genie\u00dfen.<\/p>\n<p><a href=\"http:\/\/ludwig-witzani.de\/wp-content\/uploads\/2013\/12\/image053.jpg\"><img loading=\"lazy\" decoding=\"async\" class=\"aligncenter size-medium wp-image-1867\" alt=\"image053\" src=\"http:\/\/ludwig-witzani.de\/wp-content\/uploads\/2013\/12\/image053-900x603.jpg\" width=\"900\" height=\"603\" srcset=\"https:\/\/ludwig-witzani.de\/wp-content\/uploads\/2013\/12\/image053-900x603.jpg 900w, https:\/\/ludwig-witzani.de\/wp-content\/uploads\/2013\/12\/image053.jpg 1600w\" sizes=\"auto, (max-width: 900px) 100vw, 900px\" \/><\/a><\/p>\n<p>Erheblich bescheidener geht es in Kampung Juara auf der Ostseite der Insel zu. Die weltabgeschiedene Ruhe, f\u00fcr die fr\u00fcher Ko Samui und Lombok ber\u00fchmt wurden, ist in diesem abgelegenen Winkel der Insel noch immer nicht verschwunden. Kilometerlang und menschenleer ist der wei\u00dfe Strand, an dem die Reisenden auf ihren Routen zwischen Singapur und Bangkok, Jakarta oder Hongkong unter einem Spalier hochragender Palmen in ihren H\u00e4ngematten eine erholsame Pause einlegen. Nicht mehr als ein Dutzend einfacher H\u00fctten sind am ganzen Strand zu sehen, und der Speisezettel in den kleinen Restaurants beschr\u00e4nkt sich auf Tee, Fisch und Pfannkuchen. So h\u00e4lt denn Tioman tats\u00e4chlich f\u00fcr jedermann das Seine bereit, ein Bali Hai der westlichen Industriegesellschaft.<\/p>\n<p><a href=\"http:\/\/ludwig-witzani.de\/wp-content\/uploads\/2013\/12\/image054.tif.jpg\"><img loading=\"lazy\" decoding=\"async\" class=\"aligncenter size-medium wp-image-1866\" alt=\"image054.tif\" src=\"http:\/\/ludwig-witzani.de\/wp-content\/uploads\/2013\/12\/image054.tif-900x556.jpg\" width=\"900\" height=\"556\" srcset=\"https:\/\/ludwig-witzani.de\/wp-content\/uploads\/2013\/12\/image054.tif-900x556.jpg 900w, https:\/\/ludwig-witzani.de\/wp-content\/uploads\/2013\/12\/image054.tif.jpg 1600w\" sizes=\"auto, (max-width: 900px) 100vw, 900px\" \/><\/a><\/p>\n<p>&nbsp;<\/p>\n<p>&nbsp;<\/p>\n<p>&nbsp;<\/p>\n<p>&nbsp;<\/p>\n<p>&nbsp;<\/p>\n<p>&nbsp;<\/p>\n","protected":false},"excerpt":{"rendered":"<p>Tioman, eine Trauminsel\u00a0 vor der K\u00fcste Malaysias &#8222;Der Anblick der K\u00fcste, die sich wie ein Amphitheater erhebt, bot uns ein anmutiges Schauspiel ohnegleichen. Obwohl die Berge hoch emporragen, erscheinen die Felsen an keiner Stelle in eint\u00f6niger Kargkeit: alles ist bewaldet.&#8220; Ohne es recht eigentlich zu wissen, formulierte der eloquente franz\u00f6sische Weltumsegler Louis Antoine de Bougainville, &hellip; <a href=\"https:\/\/ludwig-witzani.de\/zu-den-grossen-traeumen\/backpackers-welt\/ein-hauch-von-suedsee-im-chinesischen-meer\/\" class=\"more-link\"><span class=\"screen-reader-text\">Ein Hauch von S\u00fcdsee im Chinesischen Meer<\/span> weiterlesen <span class=\"meta-nav\">&rarr;<\/span><\/a><\/p>\n","protected":false},"author":2,"featured_media":0,"parent":160,"menu_order":31,"comment_status":"open","ping_status":"open","template":"","meta":{"ngg_post_thumbnail":0,"jetpack_post_was_ever_published":false,"footnotes":""},"class_list":["post-999","page","type-page","status-publish","hentry"],"yoast_head":"<!-- This site is optimized with the Yoast SEO plugin v27.4 - https:\/\/yoast.com\/product\/yoast-seo-wordpress\/ -->\n<title>Ein Hauch von S\u00fcdsee im Chinesischen Meer - Ludwig Witzani<\/title>\n<meta name=\"robots\" content=\"index, follow, max-snippet:-1, max-image-preview:large, max-video-preview:-1\" \/>\n<link rel=\"canonical\" href=\"https:\/\/ludwig-witzani.de\/zu-den-grossen-traeumen\/backpackers-welt\/ein-hauch-von-suedsee-im-chinesischen-meer\/\" \/>\n<meta property=\"og:locale\" content=\"de_DE\" \/>\n<meta property=\"og:type\" content=\"article\" \/>\n<meta property=\"og:title\" content=\"Ein Hauch von S\u00fcdsee im Chinesischen Meer - Ludwig Witzani\" \/>\n<meta property=\"og:description\" content=\"Tioman, eine Trauminsel\u00a0 vor der K\u00fcste Malaysias &#8222;Der Anblick der K\u00fcste, die sich wie ein Amphitheater erhebt, bot uns ein anmutiges Schauspiel ohnegleichen. Obwohl die Berge hoch emporragen, erscheinen die Felsen an keiner Stelle in eint\u00f6niger Kargkeit: alles ist bewaldet.&#8220; Ohne es recht eigentlich zu wissen, formulierte der eloquente franz\u00f6sische Weltumsegler Louis Antoine de Bougainville, &hellip; Ein Hauch von S\u00fcdsee im Chinesischen Meer weiterlesen &rarr;\" \/>\n<meta property=\"og:url\" content=\"https:\/\/ludwig-witzani.de\/zu-den-grossen-traeumen\/backpackers-welt\/ein-hauch-von-suedsee-im-chinesischen-meer\/\" \/>\n<meta property=\"og:site_name\" content=\"Ludwig Witzani\" \/>\n<meta property=\"article:modified_time\" content=\"2025-06-03T10:32:55+00:00\" \/>\n<meta property=\"og:image\" content=\"https:\/\/ludwig-witzani.de\/wp-content\/uploads\/2013\/12\/image057.jpg\" \/>\n\t<meta property=\"og:image:width\" content=\"1024\" \/>\n\t<meta property=\"og:image:height\" content=\"685\" \/>\n\t<meta property=\"og:image:type\" content=\"image\/jpeg\" \/>\n<meta name=\"twitter:card\" content=\"summary_large_image\" \/>\n<meta name=\"twitter:label1\" content=\"Gesch\u00e4tzte Lesezeit\" \/>\n\t<meta name=\"twitter:data1\" content=\"7\u00a0Minuten\" \/>\n<script type=\"application\/ld+json\" class=\"yoast-schema-graph\">{\"@context\":\"https:\\\/\\\/schema.org\",\"@graph\":[{\"@type\":\"WebPage\",\"@id\":\"https:\\\/\\\/ludwig-witzani.de\\\/zu-den-grossen-traeumen\\\/backpackers-welt\\\/ein-hauch-von-suedsee-im-chinesischen-meer\\\/\",\"url\":\"https:\\\/\\\/ludwig-witzani.de\\\/zu-den-grossen-traeumen\\\/backpackers-welt\\\/ein-hauch-von-suedsee-im-chinesischen-meer\\\/\",\"name\":\"Ein Hauch von S\u00fcdsee im Chinesischen Meer - Ludwig Witzani\",\"isPartOf\":{\"@id\":\"https:\\\/\\\/ludwig-witzani.de\\\/zu-den-grossen-traeumen\\\/#website\"},\"primaryImageOfPage\":{\"@id\":\"https:\\\/\\\/ludwig-witzani.de\\\/zu-den-grossen-traeumen\\\/backpackers-welt\\\/ein-hauch-von-suedsee-im-chinesischen-meer\\\/#primaryimage\"},\"image\":{\"@id\":\"https:\\\/\\\/ludwig-witzani.de\\\/zu-den-grossen-traeumen\\\/backpackers-welt\\\/ein-hauch-von-suedsee-im-chinesischen-meer\\\/#primaryimage\"},\"thumbnailUrl\":\"http:\\\/\\\/ludwig-witzani.de\\\/wp-content\\\/uploads\\\/2013\\\/12\\\/image057-900x602.jpg\",\"datePublished\":\"2013-12-21T14:23:01+00:00\",\"dateModified\":\"2025-06-03T10:32:55+00:00\",\"breadcrumb\":{\"@id\":\"https:\\\/\\\/ludwig-witzani.de\\\/zu-den-grossen-traeumen\\\/backpackers-welt\\\/ein-hauch-von-suedsee-im-chinesischen-meer\\\/#breadcrumb\"},\"inLanguage\":\"de\",\"potentialAction\":[{\"@type\":\"ReadAction\",\"target\":[\"https:\\\/\\\/ludwig-witzani.de\\\/zu-den-grossen-traeumen\\\/backpackers-welt\\\/ein-hauch-von-suedsee-im-chinesischen-meer\\\/\"]}]},{\"@type\":\"ImageObject\",\"inLanguage\":\"de\",\"@id\":\"https:\\\/\\\/ludwig-witzani.de\\\/zu-den-grossen-traeumen\\\/backpackers-welt\\\/ein-hauch-von-suedsee-im-chinesischen-meer\\\/#primaryimage\",\"url\":\"http:\\\/\\\/ludwig-witzani.de\\\/wp-content\\\/uploads\\\/2013\\\/12\\\/image057-900x602.jpg\",\"contentUrl\":\"http:\\\/\\\/ludwig-witzani.de\\\/wp-content\\\/uploads\\\/2013\\\/12\\\/image057-900x602.jpg\"},{\"@type\":\"BreadcrumbList\",\"@id\":\"https:\\\/\\\/ludwig-witzani.de\\\/zu-den-grossen-traeumen\\\/backpackers-welt\\\/ein-hauch-von-suedsee-im-chinesischen-meer\\\/#breadcrumb\",\"itemListElement\":[{\"@type\":\"ListItem\",\"position\":1,\"name\":\"Startseite\",\"item\":\"https:\\\/\\\/ludwig-witzani.de\\\/zu-den-grossen-traeumen\\\/\"},{\"@type\":\"ListItem\",\"position\":2,\"name\":\"Einladung zur Weltreise\",\"item\":\"https:\\\/\\\/ludwig-witzani.de\\\/zu-den-grossen-traeumen\\\/backpackers-welt\\\/\"},{\"@type\":\"ListItem\",\"position\":3,\"name\":\"Ein Hauch von S\u00fcdsee im Chinesischen Meer\"}]},{\"@type\":\"WebSite\",\"@id\":\"https:\\\/\\\/ludwig-witzani.de\\\/zu-den-grossen-traeumen\\\/#website\",\"url\":\"https:\\\/\\\/ludwig-witzani.de\\\/zu-den-grossen-traeumen\\\/\",\"name\":\"Ludwig Witzani\",\"description\":\"World Wide Travel\",\"potentialAction\":[{\"@type\":\"SearchAction\",\"target\":{\"@type\":\"EntryPoint\",\"urlTemplate\":\"https:\\\/\\\/ludwig-witzani.de\\\/zu-den-grossen-traeumen\\\/?s={search_term_string}\"},\"query-input\":{\"@type\":\"PropertyValueSpecification\",\"valueRequired\":true,\"valueName\":\"search_term_string\"}}],\"inLanguage\":\"de\"}]}<\/script>\n<!-- \/ Yoast SEO plugin. -->","yoast_head_json":{"title":"Ein Hauch von S\u00fcdsee im Chinesischen Meer - Ludwig Witzani","robots":{"index":"index","follow":"follow","max-snippet":"max-snippet:-1","max-image-preview":"max-image-preview:large","max-video-preview":"max-video-preview:-1"},"canonical":"https:\/\/ludwig-witzani.de\/zu-den-grossen-traeumen\/backpackers-welt\/ein-hauch-von-suedsee-im-chinesischen-meer\/","og_locale":"de_DE","og_type":"article","og_title":"Ein Hauch von S\u00fcdsee im Chinesischen Meer - Ludwig Witzani","og_description":"Tioman, eine Trauminsel\u00a0 vor der K\u00fcste Malaysias &#8222;Der Anblick der K\u00fcste, die sich wie ein Amphitheater erhebt, bot uns ein anmutiges Schauspiel ohnegleichen. Obwohl die Berge hoch emporragen, erscheinen die Felsen an keiner Stelle in eint\u00f6niger Kargkeit: alles ist bewaldet.&#8220; Ohne es recht eigentlich zu wissen, formulierte der eloquente franz\u00f6sische Weltumsegler Louis Antoine de Bougainville, &hellip; Ein Hauch von S\u00fcdsee im Chinesischen Meer weiterlesen &rarr;","og_url":"https:\/\/ludwig-witzani.de\/zu-den-grossen-traeumen\/backpackers-welt\/ein-hauch-von-suedsee-im-chinesischen-meer\/","og_site_name":"Ludwig Witzani","article_modified_time":"2025-06-03T10:32:55+00:00","og_image":[{"width":1024,"height":685,"url":"https:\/\/ludwig-witzani.de\/wp-content\/uploads\/2013\/12\/image057.jpg","type":"image\/jpeg"}],"twitter_card":"summary_large_image","twitter_misc":{"Gesch\u00e4tzte Lesezeit":"7\u00a0Minuten"},"schema":{"@context":"https:\/\/schema.org","@graph":[{"@type":"WebPage","@id":"https:\/\/ludwig-witzani.de\/zu-den-grossen-traeumen\/backpackers-welt\/ein-hauch-von-suedsee-im-chinesischen-meer\/","url":"https:\/\/ludwig-witzani.de\/zu-den-grossen-traeumen\/backpackers-welt\/ein-hauch-von-suedsee-im-chinesischen-meer\/","name":"Ein Hauch von S\u00fcdsee im Chinesischen Meer - Ludwig Witzani","isPartOf":{"@id":"https:\/\/ludwig-witzani.de\/zu-den-grossen-traeumen\/#website"},"primaryImageOfPage":{"@id":"https:\/\/ludwig-witzani.de\/zu-den-grossen-traeumen\/backpackers-welt\/ein-hauch-von-suedsee-im-chinesischen-meer\/#primaryimage"},"image":{"@id":"https:\/\/ludwig-witzani.de\/zu-den-grossen-traeumen\/backpackers-welt\/ein-hauch-von-suedsee-im-chinesischen-meer\/#primaryimage"},"thumbnailUrl":"http:\/\/ludwig-witzani.de\/wp-content\/uploads\/2013\/12\/image057-900x602.jpg","datePublished":"2013-12-21T14:23:01+00:00","dateModified":"2025-06-03T10:32:55+00:00","breadcrumb":{"@id":"https:\/\/ludwig-witzani.de\/zu-den-grossen-traeumen\/backpackers-welt\/ein-hauch-von-suedsee-im-chinesischen-meer\/#breadcrumb"},"inLanguage":"de","potentialAction":[{"@type":"ReadAction","target":["https:\/\/ludwig-witzani.de\/zu-den-grossen-traeumen\/backpackers-welt\/ein-hauch-von-suedsee-im-chinesischen-meer\/"]}]},{"@type":"ImageObject","inLanguage":"de","@id":"https:\/\/ludwig-witzani.de\/zu-den-grossen-traeumen\/backpackers-welt\/ein-hauch-von-suedsee-im-chinesischen-meer\/#primaryimage","url":"http:\/\/ludwig-witzani.de\/wp-content\/uploads\/2013\/12\/image057-900x602.jpg","contentUrl":"http:\/\/ludwig-witzani.de\/wp-content\/uploads\/2013\/12\/image057-900x602.jpg"},{"@type":"BreadcrumbList","@id":"https:\/\/ludwig-witzani.de\/zu-den-grossen-traeumen\/backpackers-welt\/ein-hauch-von-suedsee-im-chinesischen-meer\/#breadcrumb","itemListElement":[{"@type":"ListItem","position":1,"name":"Startseite","item":"https:\/\/ludwig-witzani.de\/zu-den-grossen-traeumen\/"},{"@type":"ListItem","position":2,"name":"Einladung zur Weltreise","item":"https:\/\/ludwig-witzani.de\/zu-den-grossen-traeumen\/backpackers-welt\/"},{"@type":"ListItem","position":3,"name":"Ein Hauch von S\u00fcdsee im Chinesischen Meer"}]},{"@type":"WebSite","@id":"https:\/\/ludwig-witzani.de\/zu-den-grossen-traeumen\/#website","url":"https:\/\/ludwig-witzani.de\/zu-den-grossen-traeumen\/","name":"Ludwig Witzani","description":"World Wide Travel","potentialAction":[{"@type":"SearchAction","target":{"@type":"EntryPoint","urlTemplate":"https:\/\/ludwig-witzani.de\/zu-den-grossen-traeumen\/?s={search_term_string}"},"query-input":{"@type":"PropertyValueSpecification","valueRequired":true,"valueName":"search_term_string"}}],"inLanguage":"de"}]}},"jetpack_shortlink":"https:\/\/wp.me\/P4daYo-g7","jetpack_sharing_enabled":true,"_links":{"self":[{"href":"https:\/\/ludwig-witzani.de\/zu-den-grossen-traeumen\/wp-json\/wp\/v2\/pages\/999","targetHints":{"allow":["GET"]}}],"collection":[{"href":"https:\/\/ludwig-witzani.de\/zu-den-grossen-traeumen\/wp-json\/wp\/v2\/pages"}],"about":[{"href":"https:\/\/ludwig-witzani.de\/zu-den-grossen-traeumen\/wp-json\/wp\/v2\/types\/page"}],"author":[{"embeddable":true,"href":"https:\/\/ludwig-witzani.de\/zu-den-grossen-traeumen\/wp-json\/wp\/v2\/users\/2"}],"replies":[{"embeddable":true,"href":"https:\/\/ludwig-witzani.de\/zu-den-grossen-traeumen\/wp-json\/wp\/v2\/comments?post=999"}],"version-history":[{"count":7,"href":"https:\/\/ludwig-witzani.de\/zu-den-grossen-traeumen\/wp-json\/wp\/v2\/pages\/999\/revisions"}],"predecessor-version":[{"id":1868,"href":"https:\/\/ludwig-witzani.de\/zu-den-grossen-traeumen\/wp-json\/wp\/v2\/pages\/999\/revisions\/1868"}],"up":[{"embeddable":true,"href":"https:\/\/ludwig-witzani.de\/zu-den-grossen-traeumen\/wp-json\/wp\/v2\/pages\/160"}],"wp:attachment":[{"href":"https:\/\/ludwig-witzani.de\/zu-den-grossen-traeumen\/wp-json\/wp\/v2\/media?parent=999"}],"curies":[{"name":"wp","href":"https:\/\/api.w.org\/{rel}","templated":true}]}}