{"id":939,"date":"2013-12-20T20:05:35","date_gmt":"2013-12-20T20:05:35","guid":{"rendered":"http:\/\/ludwig-witzani.de\/?page_id=939"},"modified":"2025-06-03T10:32:55","modified_gmt":"2025-06-03T10:32:55","slug":"laos-ist-zuallererst-gemuetszustand","status":"publish","type":"page","link":"https:\/\/ludwig-witzani.de\/zu-den-grossen-traeumen\/backpackers-welt\/laos-ist-zuallererst-gemuetszustand\/","title":{"rendered":"Laos ist zuallererst Gem\u00fctszustand"},"content":{"rendered":"<h3 style=\"text-align: left;\" align=\"center\">In der laotischen K\u00f6nigsstadt Luang Prabang<\/h3>\n<p><a href=\"http:\/\/ludwig-witzani.de\/wp-content\/uploads\/2013\/12\/image026-2.jpg\"><img loading=\"lazy\" decoding=\"async\" class=\"aligncenter size-full wp-image-943\" src=\"http:\/\/ludwig-witzani.de\/wp-content\/uploads\/2013\/12\/image026-2.jpg\" alt=\"image026 (2)\" width=\"800\" height=\"536\" \/><\/a><\/p>\n<p>Im Jahre 1860, also in jenen alten Tagen, als das Reisen in die fremden Winkel der Erde nicht nur Zerstreuung, sondern auch Abenteuer und Gefahr beinhaltete, begann der junge Franzose Henri Mouhut seine Reise in die Tiefen der s\u00fcdostasiatischen Geschichte. Keine zwanzig Jahre waren seit der Ver\u00f6ffentlichung von Stephens und Catherwoods &#8222;Incidents of Travel in Central America, Chiapas und Yucatan&#8220; vergangen, und das Jahrhundert fieberte nach der Wiederentdeckung der versunkenen Maya-Welt auf neue Sensationen aus der Vergangenheit.<\/p>\n<p>Mouhut war den vagen Berichten eines buddhistischen M\u00f6nchs gefolgt und durchstreifte das Nordufer des Tonle-Sap-Sees im kambodschanischen Tiefland. Als er im Unterholz des Dschungels pl\u00f6tzlich den riesigen Augen einer \u00fcberlebensgro\u00dfen Buddha-Skulptur gegen\u00fcberstand, mag er schon gehofft haben, einem gro\u00dfen Fund auf der Spur zu sein. Aber erst nach der Entdeckung von Tempelruinen und immer weiterer Tempelruinen in den folgenden Wochen begriff er dessen ganze Bedeutung: \u00dcber Hunderte von Quadratkilometern erstreckte sich, von W\u00fcrgefeigen umschlungen, von Dschungelgew\u00e4chsen \u00fcberwuchert, <a title=\"Die hundert Augen des Lokeshvara\" href=\"http:\/\/ludwig-witzani.de\/backpackers-welt\/die-hundert-augen-des-lokeshvara\/\">Angkor <\/a>Wat, die gr\u00f6\u00dfte Tempelstadt der Erde.<\/p>\n<p>\u00dcber die Grenzgebirge von Kambodscha und Vietnam f\u00fchrte Mouhuts Reise weiter in das s\u00fcdliche Laos, immer weiter den Mekong entlang nach Norden, vor\u00fcber an den gro\u00dfen Wasserf\u00e4llen von Khong Pha Pheng, vorbei an der eine Generation zuvor von den Siamesen zerst\u00f6rten Stadt Vientiane, bis er im Herbst 1861 die alte Tempelstadt Luang Prabang erreichte. Die K\u00f6nigsstadt der Lao, wie ein Schiffsbug am Zusammenfluss von Mekong und Nam Khan gelegen, hatte nichts von der gigantischen, toten Imposanz der gro\u00dfen Stadt Angkor, doch sie war lebendig. Sie war das pulsierende Herz einer exotischen Kultur in einem bis dahin unbekannten Winkel der Welt unmittelbar vor den s\u00fcdlichen Grenzen des Chinesischen Reiches.<\/p>\n<p>Es war der 19. Oktober 1861, als Mouhut zum erstenmal in seinem Tagebuch eine kurze Bemerkung \u00fcber einen Fieberanfall notierte. Was f\u00fcr die meisten Forschungsreisenden in den tropischen Zonen des neunzehnten Jahrhunderts das fast sichere Todesurteil bedeutete, war nun auch Mouhut widerfahren: Er hatte sich mit der schwarzen Malaria infiziert. &#8222;Mein Gott, hab Erbarmen mit mir . . .&#8220; endet schon wenige Tage sp\u00e4ter das Tagebuch. Am 10. November 1861 starb der junge Forschungsreisende, gerade 36 Jahre alt. In einem kleinen Grab an der Uferb\u00f6schung des Nam Khan bestattet, war der Entdecker von Angkor Wat und Luang Prabang bald von der Nachwelt vergessen.<\/p>\n<p><em>Hat Ihnen dieser Anfang gefallen? Interessiert Sie der Ort, die Landschaft, die Geschichte? Weiter geht es in dem Buch \u201e<a href=\"http:\/\/ludwig-witzani.de\/buecher\/der-garten-der-welt-reisen-in-thailand-burma-laos-kambodscha-und-vietnam\/\">Der Garten der Welt<\/a>. Reisen in Thailand, Burma, Laos, Kambodscha und Vietnam\u201c,S.176ff.\u00a0<\/em><\/p>\n<p><a href=\"http:\/\/ludwig-witzani.de\/wp-content\/uploads\/2013\/12\/image012.jpg\"><img loading=\"lazy\" decoding=\"async\" class=\"aligncenter size-full wp-image-945\" src=\"http:\/\/ludwig-witzani.de\/wp-content\/uploads\/2013\/12\/image012.jpg\" alt=\"image012\" width=\"800\" height=\"535\" \/><\/a><\/p>\n<p>&nbsp;<\/p>\n","protected":false},"excerpt":{"rendered":"<p>In der laotischen K\u00f6nigsstadt Luang Prabang Im Jahre 1860, also in jenen alten Tagen, als das Reisen in die fremden Winkel der Erde nicht nur Zerstreuung, sondern auch Abenteuer und Gefahr beinhaltete, begann der junge Franzose Henri Mouhut seine Reise in die Tiefen der s\u00fcdostasiatischen Geschichte. Keine zwanzig Jahre waren seit der Ver\u00f6ffentlichung von Stephens &hellip; <a href=\"https:\/\/ludwig-witzani.de\/zu-den-grossen-traeumen\/backpackers-welt\/laos-ist-zuallererst-gemuetszustand\/\" class=\"more-link\"><span class=\"screen-reader-text\">Laos ist zuallererst Gem\u00fctszustand<\/span> weiterlesen <span class=\"meta-nav\">&rarr;<\/span><\/a><\/p>\n","protected":false},"author":2,"featured_media":0,"parent":160,"menu_order":24,"comment_status":"open","ping_status":"open","template":"","meta":{"ngg_post_thumbnail":0,"jetpack_post_was_ever_published":false,"footnotes":""},"class_list":["post-939","page","type-page","status-publish","hentry"],"yoast_head":"<!-- This site is optimized with the Yoast SEO plugin v27.4 - https:\/\/yoast.com\/product\/yoast-seo-wordpress\/ -->\n<title>Laos ist zuallererst Gem\u00fctszustand - Ludwig Witzani<\/title>\n<meta name=\"robots\" content=\"index, follow, max-snippet:-1, max-image-preview:large, max-video-preview:-1\" \/>\n<link rel=\"canonical\" href=\"https:\/\/ludwig-witzani.de\/zu-den-grossen-traeumen\/backpackers-welt\/laos-ist-zuallererst-gemuetszustand\/\" \/>\n<meta property=\"og:locale\" content=\"de_DE\" \/>\n<meta property=\"og:type\" content=\"article\" \/>\n<meta property=\"og:title\" content=\"Laos ist zuallererst Gem\u00fctszustand - Ludwig Witzani\" \/>\n<meta property=\"og:description\" content=\"In der laotischen K\u00f6nigsstadt Luang Prabang Im Jahre 1860, also in jenen alten Tagen, als das Reisen in die fremden Winkel der Erde nicht nur Zerstreuung, sondern auch Abenteuer und Gefahr beinhaltete, begann der junge Franzose Henri Mouhut seine Reise in die Tiefen der s\u00fcdostasiatischen Geschichte. Keine zwanzig Jahre waren seit der Ver\u00f6ffentlichung von Stephens &hellip; Laos ist zuallererst Gem\u00fctszustand weiterlesen &rarr;\" \/>\n<meta property=\"og:url\" content=\"https:\/\/ludwig-witzani.de\/zu-den-grossen-traeumen\/backpackers-welt\/laos-ist-zuallererst-gemuetszustand\/\" \/>\n<meta property=\"og:site_name\" content=\"Ludwig Witzani\" \/>\n<meta property=\"article:modified_time\" content=\"2025-06-03T10:32:55+00:00\" \/>\n<meta property=\"og:image\" content=\"https:\/\/ludwig-witzani.de\/wp-content\/uploads\/2013\/12\/image026-2.jpg\" \/>\n\t<meta property=\"og:image:width\" content=\"800\" \/>\n\t<meta property=\"og:image:height\" content=\"536\" \/>\n\t<meta property=\"og:image:type\" content=\"image\/jpeg\" \/>\n<meta name=\"twitter:card\" content=\"summary_large_image\" \/>\n<meta name=\"twitter:label1\" content=\"Gesch\u00e4tzte Lesezeit\" \/>\n\t<meta name=\"twitter:data1\" content=\"2\u00a0Minuten\" \/>\n<script type=\"application\/ld+json\" class=\"yoast-schema-graph\">{\"@context\":\"https:\\\/\\\/schema.org\",\"@graph\":[{\"@type\":\"WebPage\",\"@id\":\"https:\\\/\\\/ludwig-witzani.de\\\/zu-den-grossen-traeumen\\\/backpackers-welt\\\/laos-ist-zuallererst-gemuetszustand\\\/\",\"url\":\"https:\\\/\\\/ludwig-witzani.de\\\/zu-den-grossen-traeumen\\\/backpackers-welt\\\/laos-ist-zuallererst-gemuetszustand\\\/\",\"name\":\"Laos ist zuallererst Gem\u00fctszustand - Ludwig Witzani\",\"isPartOf\":{\"@id\":\"https:\\\/\\\/ludwig-witzani.de\\\/zu-den-grossen-traeumen\\\/#website\"},\"primaryImageOfPage\":{\"@id\":\"https:\\\/\\\/ludwig-witzani.de\\\/zu-den-grossen-traeumen\\\/backpackers-welt\\\/laos-ist-zuallererst-gemuetszustand\\\/#primaryimage\"},\"image\":{\"@id\":\"https:\\\/\\\/ludwig-witzani.de\\\/zu-den-grossen-traeumen\\\/backpackers-welt\\\/laos-ist-zuallererst-gemuetszustand\\\/#primaryimage\"},\"thumbnailUrl\":\"http:\\\/\\\/ludwig-witzani.de\\\/wp-content\\\/uploads\\\/2013\\\/12\\\/image026-2.jpg\",\"datePublished\":\"2013-12-20T20:05:35+00:00\",\"dateModified\":\"2025-06-03T10:32:55+00:00\",\"breadcrumb\":{\"@id\":\"https:\\\/\\\/ludwig-witzani.de\\\/zu-den-grossen-traeumen\\\/backpackers-welt\\\/laos-ist-zuallererst-gemuetszustand\\\/#breadcrumb\"},\"inLanguage\":\"de\",\"potentialAction\":[{\"@type\":\"ReadAction\",\"target\":[\"https:\\\/\\\/ludwig-witzani.de\\\/zu-den-grossen-traeumen\\\/backpackers-welt\\\/laos-ist-zuallererst-gemuetszustand\\\/\"]}]},{\"@type\":\"ImageObject\",\"inLanguage\":\"de\",\"@id\":\"https:\\\/\\\/ludwig-witzani.de\\\/zu-den-grossen-traeumen\\\/backpackers-welt\\\/laos-ist-zuallererst-gemuetszustand\\\/#primaryimage\",\"url\":\"http:\\\/\\\/ludwig-witzani.de\\\/wp-content\\\/uploads\\\/2013\\\/12\\\/image026-2.jpg\",\"contentUrl\":\"http:\\\/\\\/ludwig-witzani.de\\\/wp-content\\\/uploads\\\/2013\\\/12\\\/image026-2.jpg\"},{\"@type\":\"BreadcrumbList\",\"@id\":\"https:\\\/\\\/ludwig-witzani.de\\\/zu-den-grossen-traeumen\\\/backpackers-welt\\\/laos-ist-zuallererst-gemuetszustand\\\/#breadcrumb\",\"itemListElement\":[{\"@type\":\"ListItem\",\"position\":1,\"name\":\"Startseite\",\"item\":\"https:\\\/\\\/ludwig-witzani.de\\\/zu-den-grossen-traeumen\\\/\"},{\"@type\":\"ListItem\",\"position\":2,\"name\":\"Einladung zur Weltreise\",\"item\":\"https:\\\/\\\/ludwig-witzani.de\\\/zu-den-grossen-traeumen\\\/backpackers-welt\\\/\"},{\"@type\":\"ListItem\",\"position\":3,\"name\":\"Laos ist zuallererst Gem\u00fctszustand\"}]},{\"@type\":\"WebSite\",\"@id\":\"https:\\\/\\\/ludwig-witzani.de\\\/zu-den-grossen-traeumen\\\/#website\",\"url\":\"https:\\\/\\\/ludwig-witzani.de\\\/zu-den-grossen-traeumen\\\/\",\"name\":\"Ludwig Witzani\",\"description\":\"World Wide Travel\",\"potentialAction\":[{\"@type\":\"SearchAction\",\"target\":{\"@type\":\"EntryPoint\",\"urlTemplate\":\"https:\\\/\\\/ludwig-witzani.de\\\/zu-den-grossen-traeumen\\\/?s={search_term_string}\"},\"query-input\":{\"@type\":\"PropertyValueSpecification\",\"valueRequired\":true,\"valueName\":\"search_term_string\"}}],\"inLanguage\":\"de\"}]}<\/script>\n<!-- \/ Yoast SEO plugin. -->","yoast_head_json":{"title":"Laos ist zuallererst Gem\u00fctszustand - Ludwig Witzani","robots":{"index":"index","follow":"follow","max-snippet":"max-snippet:-1","max-image-preview":"max-image-preview:large","max-video-preview":"max-video-preview:-1"},"canonical":"https:\/\/ludwig-witzani.de\/zu-den-grossen-traeumen\/backpackers-welt\/laos-ist-zuallererst-gemuetszustand\/","og_locale":"de_DE","og_type":"article","og_title":"Laos ist zuallererst Gem\u00fctszustand - Ludwig Witzani","og_description":"In der laotischen K\u00f6nigsstadt Luang Prabang Im Jahre 1860, also in jenen alten Tagen, als das Reisen in die fremden Winkel der Erde nicht nur Zerstreuung, sondern auch Abenteuer und Gefahr beinhaltete, begann der junge Franzose Henri Mouhut seine Reise in die Tiefen der s\u00fcdostasiatischen Geschichte. Keine zwanzig Jahre waren seit der Ver\u00f6ffentlichung von Stephens &hellip; Laos ist zuallererst Gem\u00fctszustand weiterlesen &rarr;","og_url":"https:\/\/ludwig-witzani.de\/zu-den-grossen-traeumen\/backpackers-welt\/laos-ist-zuallererst-gemuetszustand\/","og_site_name":"Ludwig Witzani","article_modified_time":"2025-06-03T10:32:55+00:00","og_image":[{"width":800,"height":536,"url":"https:\/\/ludwig-witzani.de\/wp-content\/uploads\/2013\/12\/image026-2.jpg","type":"image\/jpeg"}],"twitter_card":"summary_large_image","twitter_misc":{"Gesch\u00e4tzte Lesezeit":"2\u00a0Minuten"},"schema":{"@context":"https:\/\/schema.org","@graph":[{"@type":"WebPage","@id":"https:\/\/ludwig-witzani.de\/zu-den-grossen-traeumen\/backpackers-welt\/laos-ist-zuallererst-gemuetszustand\/","url":"https:\/\/ludwig-witzani.de\/zu-den-grossen-traeumen\/backpackers-welt\/laos-ist-zuallererst-gemuetszustand\/","name":"Laos ist zuallererst Gem\u00fctszustand - Ludwig Witzani","isPartOf":{"@id":"https:\/\/ludwig-witzani.de\/zu-den-grossen-traeumen\/#website"},"primaryImageOfPage":{"@id":"https:\/\/ludwig-witzani.de\/zu-den-grossen-traeumen\/backpackers-welt\/laos-ist-zuallererst-gemuetszustand\/#primaryimage"},"image":{"@id":"https:\/\/ludwig-witzani.de\/zu-den-grossen-traeumen\/backpackers-welt\/laos-ist-zuallererst-gemuetszustand\/#primaryimage"},"thumbnailUrl":"http:\/\/ludwig-witzani.de\/wp-content\/uploads\/2013\/12\/image026-2.jpg","datePublished":"2013-12-20T20:05:35+00:00","dateModified":"2025-06-03T10:32:55+00:00","breadcrumb":{"@id":"https:\/\/ludwig-witzani.de\/zu-den-grossen-traeumen\/backpackers-welt\/laos-ist-zuallererst-gemuetszustand\/#breadcrumb"},"inLanguage":"de","potentialAction":[{"@type":"ReadAction","target":["https:\/\/ludwig-witzani.de\/zu-den-grossen-traeumen\/backpackers-welt\/laos-ist-zuallererst-gemuetszustand\/"]}]},{"@type":"ImageObject","inLanguage":"de","@id":"https:\/\/ludwig-witzani.de\/zu-den-grossen-traeumen\/backpackers-welt\/laos-ist-zuallererst-gemuetszustand\/#primaryimage","url":"http:\/\/ludwig-witzani.de\/wp-content\/uploads\/2013\/12\/image026-2.jpg","contentUrl":"http:\/\/ludwig-witzani.de\/wp-content\/uploads\/2013\/12\/image026-2.jpg"},{"@type":"BreadcrumbList","@id":"https:\/\/ludwig-witzani.de\/zu-den-grossen-traeumen\/backpackers-welt\/laos-ist-zuallererst-gemuetszustand\/#breadcrumb","itemListElement":[{"@type":"ListItem","position":1,"name":"Startseite","item":"https:\/\/ludwig-witzani.de\/zu-den-grossen-traeumen\/"},{"@type":"ListItem","position":2,"name":"Einladung zur Weltreise","item":"https:\/\/ludwig-witzani.de\/zu-den-grossen-traeumen\/backpackers-welt\/"},{"@type":"ListItem","position":3,"name":"Laos ist zuallererst Gem\u00fctszustand"}]},{"@type":"WebSite","@id":"https:\/\/ludwig-witzani.de\/zu-den-grossen-traeumen\/#website","url":"https:\/\/ludwig-witzani.de\/zu-den-grossen-traeumen\/","name":"Ludwig Witzani","description":"World Wide Travel","potentialAction":[{"@type":"SearchAction","target":{"@type":"EntryPoint","urlTemplate":"https:\/\/ludwig-witzani.de\/zu-den-grossen-traeumen\/?s={search_term_string}"},"query-input":{"@type":"PropertyValueSpecification","valueRequired":true,"valueName":"search_term_string"}}],"inLanguage":"de"}]}},"jetpack_shortlink":"https:\/\/wp.me\/P4daYo-f9","jetpack_sharing_enabled":true,"_links":{"self":[{"href":"https:\/\/ludwig-witzani.de\/zu-den-grossen-traeumen\/wp-json\/wp\/v2\/pages\/939","targetHints":{"allow":["GET"]}}],"collection":[{"href":"https:\/\/ludwig-witzani.de\/zu-den-grossen-traeumen\/wp-json\/wp\/v2\/pages"}],"about":[{"href":"https:\/\/ludwig-witzani.de\/zu-den-grossen-traeumen\/wp-json\/wp\/v2\/types\/page"}],"author":[{"embeddable":true,"href":"https:\/\/ludwig-witzani.de\/zu-den-grossen-traeumen\/wp-json\/wp\/v2\/users\/2"}],"replies":[{"embeddable":true,"href":"https:\/\/ludwig-witzani.de\/zu-den-grossen-traeumen\/wp-json\/wp\/v2\/comments?post=939"}],"version-history":[{"count":8,"href":"https:\/\/ludwig-witzani.de\/zu-den-grossen-traeumen\/wp-json\/wp\/v2\/pages\/939\/revisions"}],"predecessor-version":[{"id":5253,"href":"https:\/\/ludwig-witzani.de\/zu-den-grossen-traeumen\/wp-json\/wp\/v2\/pages\/939\/revisions\/5253"}],"up":[{"embeddable":true,"href":"https:\/\/ludwig-witzani.de\/zu-den-grossen-traeumen\/wp-json\/wp\/v2\/pages\/160"}],"wp:attachment":[{"href":"https:\/\/ludwig-witzani.de\/zu-den-grossen-traeumen\/wp-json\/wp\/v2\/media?parent=939"}],"curies":[{"name":"wp","href":"https:\/\/api.w.org\/{rel}","templated":true}]}}