{"id":8460,"date":"2022-04-03T05:17:29","date_gmt":"2022-04-03T05:17:29","guid":{"rendered":"http:\/\/ludwig-witzani.de\/?page_id=8460"},"modified":"2025-06-03T10:32:50","modified_gmt":"2025-06-03T10:32:50","slug":"der-untergang-der-osterinseln","status":"publish","type":"page","link":"https:\/\/ludwig-witzani.de\/zu-den-grossen-traeumen\/der-untergang-der-osterinseln\/","title":{"rendered":"Der Untergang der Osterinseln"},"content":{"rendered":"<p>&nbsp; D<img loading=\"lazy\" decoding=\"async\" class=\"wp-image-8461 alignright\" src=\"http:\/\/ludwig-witzani.de\/wp-content\/uploads\/2022\/04\/1-1107-001-549x800.jpg\" alt=\"\" width=\"337\" height=\"490\" srcset=\"https:\/\/ludwig-witzani.de\/wp-content\/uploads\/2022\/04\/1-1107-001-549x800.jpg 549w, https:\/\/ludwig-witzani.de\/wp-content\/uploads\/2022\/04\/1-1107-001-824x1200.jpg 824w, https:\/\/ludwig-witzani.de\/wp-content\/uploads\/2022\/04\/1-1107-001-768x1118.jpg 768w, https:\/\/ludwig-witzani.de\/wp-content\/uploads\/2022\/04\/1-1107-001-1055x1536.jpg 1055w, https:\/\/ludwig-witzani.de\/wp-content\/uploads\/2022\/04\/1-1107-001-1407x2048.jpg 1407w, https:\/\/ludwig-witzani.de\/wp-content\/uploads\/2022\/04\/1-1107-001-scaled.jpg 1758w\" sizes=\"auto, (max-width: 337px) 100vw, 337px\" \/>er Sch\u00f6pfergott Make Make unterschied sich wenig von seinen Kollegen aus anderen Weltteilen. Eines Tages war er da, sah sein Spiegelbild im Wasser und sehnte sich nach Gesellschaft. Aus einem Stein schuf er Mann und Frau und schenkte ihnen Rapa Nui. Make Makes zentraler Kult war die sogenannte \u201eVogelmenschenzeremonie\u201c, die einmal j\u00e4hrlich am Kraterrand des Rano Kau stattfand. Dabei wetteiferten die besten und st\u00e4rksten Schwimmer der einzelnen St\u00e4mme in einer Art Wettrennen bzw. Wettschwimmen darin, von den kleinen Nachbarinseln vor der K\u00fcste das erste Vogelei unbesch\u00e4digt an Land zu bringen. Dazu mussten sie vom Kraterrand des Rano Kau vierhundert Meter tief absteigen, einige Kilometer zu einer der drei vorgelagerten Inseln schwimmen, ein Vogelei finden und wohlbehalten&nbsp; an Land und wieder hoch zum Kraterrand bringen. Der Hollywoodregisseur Kevin Costner hatte diesen Vogelmannwettbewerb in seinem \u201eRapa Nui\u201c- Film als ein blutiges Actionspektakel inszeniert, bei dem sich die Konkurrenten von der Wand stie\u00dfen oder gegenseitig ertr\u00e4nkten. Wie immer es auch gewesen sein mochte, der H\u00e4uptling, der den Sieger dieses polynesischen Triathlons in den Wettbewerb geschickt hatte, wurde f\u00fcr ein Jahr zum \u201eVogelmenschen\u201c und Inseloberhaupt erkl\u00e4rt. Er musste sich Kasteiungen unterwerfen, in kalten H\u00f6hlen fasten und sich ganz auf die Kommunikation mit Make Make konzentrieren. Ich notierte: <em>Nicht immer ist religi\u00f6se Exzellenz ein Vergn\u00fcgen. Man denke nur an den Vogelmenschen, Jesus oder die Kundalini von Kathmandu.<\/em><\/p>\n<p>&nbsp; Im Orongo Center wurde die These vertreten, dass der Make Make Kult und der Ritus des Vogelmenschen die Folge einer religi\u00f6sen Revolution gewesen waren, die die alte Religion der Moais abgel\u00f6st hatte. Auch Heyerdahl hatte gemutma\u00dft, dass es zwischen den Anh\u00e4ngern Make Makes und den Erbauern der Moais einen Konflikt gegeben hatte, einen Antagonismus, den er mit der ihm eigenen Fantasie als Kampf der&nbsp; \u201eKurzohren\u201c und der \u201eLangohren\u201c beschrieb, wof\u00fcr es aber keine Belege gab.&nbsp;&nbsp;<\/p>\n<p><img loading=\"lazy\" decoding=\"async\" class=\"wp-image-8462 alignleft\" src=\"http:\/\/ludwig-witzani.de\/wp-content\/uploads\/2022\/04\/1-1281-718x800.jpg\" alt=\"\" width=\"384\" height=\"428\" srcset=\"https:\/\/ludwig-witzani.de\/wp-content\/uploads\/2022\/04\/1-1281-718x800.jpg 718w, https:\/\/ludwig-witzani.de\/wp-content\/uploads\/2022\/04\/1-1281-1077x1200.jpg 1077w, https:\/\/ludwig-witzani.de\/wp-content\/uploads\/2022\/04\/1-1281-768x856.jpg 768w, https:\/\/ludwig-witzani.de\/wp-content\/uploads\/2022\/04\/1-1281-1378x1536.jpg 1378w, https:\/\/ludwig-witzani.de\/wp-content\/uploads\/2022\/04\/1-1281-1838x2048.jpg 1838w\" sizes=\"auto, (max-width: 384px) 100vw, 384px\" \/>&nbsp; Was aber feststand, war, dass die Insel sp\u00e4testens im 16. Jahrhundert in eine tiefgreifende \u00f6kologische und soziale Krise geraten war. Die Inselbev\u00f6lkerung hatte die kritische Grenze von zehntausend Menschen (fast das Doppelte wie heute) \u00fcberschritten, was langfristig mehr war, als die Insel ern\u00e4hren konnte. Ein verh\u00e4ngnisvoller Raubbau an den nat\u00fcrlichen Ressourcen begann, der zum Untergang der Moai Kultur f\u00fchrte. Jarred Diamond hatte in seinem Buch \u201eKollaps. Warum Gesellschaften \u00fcberleben oder untergehen\u201c den Untergang der Osterinselkultur als Paradebeispiel einer&nbsp; \u00f6kologischen Katastrophe und Menetekel f\u00fcr die moderne Welt beschrieben. Urspr\u00fcnglich, so Diamond, war die Insel dicht mit Palmen bewaldet gewesen, doch die Bev\u00f6lkerungsexplosion und der damit verbundene \u00fcberm\u00e4\u00dfige Holzschlag hatte die Best\u00e4nde schrumpfen lassen. Der&nbsp; Boden begann zu erodieren, und die ohnehin bescheidenen landwirtschaftlichen Ertr\u00e4ge sanken. Auch Brennholz, Seile und Baumaterial&nbsp; wurden knapp. Bald waren die Vogelkolonien bis auf eine einzige Kolonie vor der Nordk\u00fcste vernichtet. Schlie\u00dflich kam mangels Holz der Kanubau und damit die K\u00fcstenfischerei zum Erliegen. Wissenschaftliche Untersuchungen an den Kotresten der Rapanuianer belegten f\u00fcr das 14. und 15. Jahrhundert einen kontinuierlichen R\u00fcckgang des Anteils von Fischnahrung zugunsten des Anteils der Ratten an der Proteinversorgung \u2013 bis&nbsp; auf den f\u00fcr Polynesien einmaligen Wert von&nbsp; 93%! Allerdings hatten die Ratten, ehe sie&nbsp; von den Menschen gefressen wurden,&nbsp; es noch geschafft, die&nbsp; Spr\u00f6sslinge&nbsp; der letzten B\u00e4ume anzunagen, so dass sie nicht mehr keimen konnten. Am Ende, so Diamond,&nbsp; basierte die gesamte Nahrungsversorgung auf einer absurd ausgeweiteten H\u00fchnerhaltung. bis auch diese Best\u00e4nde aufgrund mangelnder Ern\u00e4hrung und Krankheiten zugrunde gingen.&nbsp;<\/p>\n<p>&nbsp; Jahrzehnt f\u00fcr Jahrzehnt m\u00fcssen die Zust\u00e4nde schlimmer geworden sein, bis es zu Stammeskriegen, Massakern und Kannibalismus kam. Doch der Bau der Moais ging unverdrossen weiter,&nbsp; als k\u00f6nnten nur noch die Ahnen die Insulaner retten.&nbsp; Um 1680 muss es schlie\u00dflich zu einer Revolution auf der Insel gekommen sein, einem Kampf aller gegen alle, der mit der Ausrottung der Moai-Erbauer und dem Umst\u00fcrzen aller Moai-Statuen endete. Als der holl\u00e4ndische Weltreisende Jakub Roggeveen am Ostersonntag 1722 auf Rapa Nui landete (daher der Name \u201eOsterinsel\u201c), stie\u00df er nur noch auf die \u00dcberreste einer \u00f6kologischen Katastrophe: ausgemergelte Inselbewohner, verfallene H\u00fctten, umgest\u00fcrzte Monumente und Menschenknochen. Das war schlimm. Aber das, was die Inselbewohner nach der Ankunft der Europ\u00e4er erwartete, sollte noch viel schlimmer werden.<\/p>\n<p><img loading=\"lazy\" decoding=\"async\" class=\"aligncenter size-medium wp-image-8463\" src=\"http:\/\/ludwig-witzani.de\/wp-content\/uploads\/2022\/04\/1-1190-900x604.jpg\" alt=\"\" width=\"900\" height=\"604\" srcset=\"https:\/\/ludwig-witzani.de\/wp-content\/uploads\/2022\/04\/1-1190-900x604.jpg 900w, https:\/\/ludwig-witzani.de\/wp-content\/uploads\/2022\/04\/1-1190-1789x1200.jpg 1789w, https:\/\/ludwig-witzani.de\/wp-content\/uploads\/2022\/04\/1-1190-768x515.jpg 768w, https:\/\/ludwig-witzani.de\/wp-content\/uploads\/2022\/04\/1-1190-1536x1030.jpg 1536w, https:\/\/ludwig-witzani.de\/wp-content\/uploads\/2022\/04\/1-1190-2048x1373.jpg 2048w\" sizes=\"auto, (max-width: 900px) 100vw, 900px\" \/><\/p>\n","protected":false},"excerpt":{"rendered":"<p>&nbsp; Der Sch\u00f6pfergott Make Make unterschied sich wenig von seinen Kollegen aus anderen Weltteilen. Eines Tages war er da, sah sein Spiegelbild im Wasser und sehnte sich nach Gesellschaft. Aus einem Stein schuf er Mann und Frau und schenkte ihnen Rapa Nui. Make Makes zentraler Kult war die sogenannte \u201eVogelmenschenzeremonie\u201c, die einmal j\u00e4hrlich am Kraterrand &hellip; <a href=\"https:\/\/ludwig-witzani.de\/zu-den-grossen-traeumen\/der-untergang-der-osterinseln\/\" class=\"more-link\"><span class=\"screen-reader-text\">Der Untergang der Osterinseln<\/span> weiterlesen <span class=\"meta-nav\">&rarr;<\/span><\/a><\/p>\n","protected":false},"author":2,"featured_media":0,"parent":0,"menu_order":0,"comment_status":"closed","ping_status":"closed","template":"","meta":{"ngg_post_thumbnail":0,"jetpack_post_was_ever_published":false,"footnotes":""},"class_list":["post-8460","page","type-page","status-publish","hentry"],"yoast_head":"<!-- This site is optimized with the Yoast SEO plugin v27.4 - https:\/\/yoast.com\/product\/yoast-seo-wordpress\/ -->\n<title>Der Untergang der Osterinseln - Ludwig Witzani<\/title>\n<meta name=\"robots\" content=\"index, follow, max-snippet:-1, max-image-preview:large, max-video-preview:-1\" \/>\n<link rel=\"canonical\" href=\"https:\/\/ludwig-witzani.de\/zu-den-grossen-traeumen\/der-untergang-der-osterinseln\/\" \/>\n<meta property=\"og:locale\" content=\"de_DE\" \/>\n<meta property=\"og:type\" content=\"article\" \/>\n<meta property=\"og:title\" content=\"Der Untergang der Osterinseln - Ludwig Witzani\" \/>\n<meta property=\"og:description\" content=\"&nbsp; Der Sch\u00f6pfergott Make Make unterschied sich wenig von seinen Kollegen aus anderen Weltteilen. Eines Tages war er da, sah sein Spiegelbild im Wasser und sehnte sich nach Gesellschaft. Aus einem Stein schuf er Mann und Frau und schenkte ihnen Rapa Nui. Make Makes zentraler Kult war die sogenannte \u201eVogelmenschenzeremonie\u201c, die einmal j\u00e4hrlich am Kraterrand &hellip; Der Untergang der Osterinseln weiterlesen &rarr;\" \/>\n<meta property=\"og:url\" content=\"https:\/\/ludwig-witzani.de\/zu-den-grossen-traeumen\/der-untergang-der-osterinseln\/\" \/>\n<meta property=\"og:site_name\" content=\"Ludwig Witzani\" \/>\n<meta property=\"article:modified_time\" content=\"2025-06-03T10:32:50+00:00\" \/>\n<meta property=\"og:image\" content=\"https:\/\/ludwig-witzani.de\/wp-content\/uploads\/2022\/04\/1-1107-001-scaled.jpg\" \/>\n\t<meta property=\"og:image:width\" content=\"1758\" \/>\n\t<meta property=\"og:image:height\" content=\"2560\" \/>\n\t<meta property=\"og:image:type\" content=\"image\/jpeg\" \/>\n<meta name=\"twitter:card\" content=\"summary_large_image\" \/>\n<meta name=\"twitter:label1\" content=\"Gesch\u00e4tzte Lesezeit\" \/>\n\t<meta name=\"twitter:data1\" content=\"4\u00a0Minuten\" \/>\n<script type=\"application\/ld+json\" class=\"yoast-schema-graph\">{\"@context\":\"https:\\\/\\\/schema.org\",\"@graph\":[{\"@type\":\"WebPage\",\"@id\":\"https:\\\/\\\/ludwig-witzani.de\\\/zu-den-grossen-traeumen\\\/der-untergang-der-osterinseln\\\/\",\"url\":\"https:\\\/\\\/ludwig-witzani.de\\\/zu-den-grossen-traeumen\\\/der-untergang-der-osterinseln\\\/\",\"name\":\"Der Untergang der Osterinseln - Ludwig Witzani\",\"isPartOf\":{\"@id\":\"https:\\\/\\\/ludwig-witzani.de\\\/zu-den-grossen-traeumen\\\/#website\"},\"primaryImageOfPage\":{\"@id\":\"https:\\\/\\\/ludwig-witzani.de\\\/zu-den-grossen-traeumen\\\/der-untergang-der-osterinseln\\\/#primaryimage\"},\"image\":{\"@id\":\"https:\\\/\\\/ludwig-witzani.de\\\/zu-den-grossen-traeumen\\\/der-untergang-der-osterinseln\\\/#primaryimage\"},\"thumbnailUrl\":\"http:\\\/\\\/ludwig-witzani.de\\\/wp-content\\\/uploads\\\/2022\\\/04\\\/1-1107-001-549x800.jpg\",\"datePublished\":\"2022-04-03T05:17:29+00:00\",\"dateModified\":\"2025-06-03T10:32:50+00:00\",\"breadcrumb\":{\"@id\":\"https:\\\/\\\/ludwig-witzani.de\\\/zu-den-grossen-traeumen\\\/der-untergang-der-osterinseln\\\/#breadcrumb\"},\"inLanguage\":\"de\",\"potentialAction\":[{\"@type\":\"ReadAction\",\"target\":[\"https:\\\/\\\/ludwig-witzani.de\\\/zu-den-grossen-traeumen\\\/der-untergang-der-osterinseln\\\/\"]}]},{\"@type\":\"ImageObject\",\"inLanguage\":\"de\",\"@id\":\"https:\\\/\\\/ludwig-witzani.de\\\/zu-den-grossen-traeumen\\\/der-untergang-der-osterinseln\\\/#primaryimage\",\"url\":\"http:\\\/\\\/ludwig-witzani.de\\\/wp-content\\\/uploads\\\/2022\\\/04\\\/1-1107-001-549x800.jpg\",\"contentUrl\":\"http:\\\/\\\/ludwig-witzani.de\\\/wp-content\\\/uploads\\\/2022\\\/04\\\/1-1107-001-549x800.jpg\"},{\"@type\":\"BreadcrumbList\",\"@id\":\"https:\\\/\\\/ludwig-witzani.de\\\/zu-den-grossen-traeumen\\\/der-untergang-der-osterinseln\\\/#breadcrumb\",\"itemListElement\":[{\"@type\":\"ListItem\",\"position\":1,\"name\":\"Startseite\",\"item\":\"https:\\\/\\\/ludwig-witzani.de\\\/zu-den-grossen-traeumen\\\/\"},{\"@type\":\"ListItem\",\"position\":2,\"name\":\"Der Untergang der Osterinseln\"}]},{\"@type\":\"WebSite\",\"@id\":\"https:\\\/\\\/ludwig-witzani.de\\\/zu-den-grossen-traeumen\\\/#website\",\"url\":\"https:\\\/\\\/ludwig-witzani.de\\\/zu-den-grossen-traeumen\\\/\",\"name\":\"Ludwig Witzani\",\"description\":\"World Wide Travel\",\"potentialAction\":[{\"@type\":\"SearchAction\",\"target\":{\"@type\":\"EntryPoint\",\"urlTemplate\":\"https:\\\/\\\/ludwig-witzani.de\\\/zu-den-grossen-traeumen\\\/?s={search_term_string}\"},\"query-input\":{\"@type\":\"PropertyValueSpecification\",\"valueRequired\":true,\"valueName\":\"search_term_string\"}}],\"inLanguage\":\"de\"}]}<\/script>\n<!-- \/ Yoast SEO plugin. -->","yoast_head_json":{"title":"Der Untergang der Osterinseln - Ludwig Witzani","robots":{"index":"index","follow":"follow","max-snippet":"max-snippet:-1","max-image-preview":"max-image-preview:large","max-video-preview":"max-video-preview:-1"},"canonical":"https:\/\/ludwig-witzani.de\/zu-den-grossen-traeumen\/der-untergang-der-osterinseln\/","og_locale":"de_DE","og_type":"article","og_title":"Der Untergang der Osterinseln - Ludwig Witzani","og_description":"&nbsp; Der Sch\u00f6pfergott Make Make unterschied sich wenig von seinen Kollegen aus anderen Weltteilen. Eines Tages war er da, sah sein Spiegelbild im Wasser und sehnte sich nach Gesellschaft. Aus einem Stein schuf er Mann und Frau und schenkte ihnen Rapa Nui. Make Makes zentraler Kult war die sogenannte \u201eVogelmenschenzeremonie\u201c, die einmal j\u00e4hrlich am Kraterrand &hellip; Der Untergang der Osterinseln weiterlesen &rarr;","og_url":"https:\/\/ludwig-witzani.de\/zu-den-grossen-traeumen\/der-untergang-der-osterinseln\/","og_site_name":"Ludwig Witzani","article_modified_time":"2025-06-03T10:32:50+00:00","og_image":[{"width":1758,"height":2560,"url":"https:\/\/ludwig-witzani.de\/wp-content\/uploads\/2022\/04\/1-1107-001-scaled.jpg","type":"image\/jpeg"}],"twitter_card":"summary_large_image","twitter_misc":{"Gesch\u00e4tzte Lesezeit":"4\u00a0Minuten"},"schema":{"@context":"https:\/\/schema.org","@graph":[{"@type":"WebPage","@id":"https:\/\/ludwig-witzani.de\/zu-den-grossen-traeumen\/der-untergang-der-osterinseln\/","url":"https:\/\/ludwig-witzani.de\/zu-den-grossen-traeumen\/der-untergang-der-osterinseln\/","name":"Der Untergang der Osterinseln - Ludwig Witzani","isPartOf":{"@id":"https:\/\/ludwig-witzani.de\/zu-den-grossen-traeumen\/#website"},"primaryImageOfPage":{"@id":"https:\/\/ludwig-witzani.de\/zu-den-grossen-traeumen\/der-untergang-der-osterinseln\/#primaryimage"},"image":{"@id":"https:\/\/ludwig-witzani.de\/zu-den-grossen-traeumen\/der-untergang-der-osterinseln\/#primaryimage"},"thumbnailUrl":"http:\/\/ludwig-witzani.de\/wp-content\/uploads\/2022\/04\/1-1107-001-549x800.jpg","datePublished":"2022-04-03T05:17:29+00:00","dateModified":"2025-06-03T10:32:50+00:00","breadcrumb":{"@id":"https:\/\/ludwig-witzani.de\/zu-den-grossen-traeumen\/der-untergang-der-osterinseln\/#breadcrumb"},"inLanguage":"de","potentialAction":[{"@type":"ReadAction","target":["https:\/\/ludwig-witzani.de\/zu-den-grossen-traeumen\/der-untergang-der-osterinseln\/"]}]},{"@type":"ImageObject","inLanguage":"de","@id":"https:\/\/ludwig-witzani.de\/zu-den-grossen-traeumen\/der-untergang-der-osterinseln\/#primaryimage","url":"http:\/\/ludwig-witzani.de\/wp-content\/uploads\/2022\/04\/1-1107-001-549x800.jpg","contentUrl":"http:\/\/ludwig-witzani.de\/wp-content\/uploads\/2022\/04\/1-1107-001-549x800.jpg"},{"@type":"BreadcrumbList","@id":"https:\/\/ludwig-witzani.de\/zu-den-grossen-traeumen\/der-untergang-der-osterinseln\/#breadcrumb","itemListElement":[{"@type":"ListItem","position":1,"name":"Startseite","item":"https:\/\/ludwig-witzani.de\/zu-den-grossen-traeumen\/"},{"@type":"ListItem","position":2,"name":"Der Untergang der Osterinseln"}]},{"@type":"WebSite","@id":"https:\/\/ludwig-witzani.de\/zu-den-grossen-traeumen\/#website","url":"https:\/\/ludwig-witzani.de\/zu-den-grossen-traeumen\/","name":"Ludwig Witzani","description":"World Wide Travel","potentialAction":[{"@type":"SearchAction","target":{"@type":"EntryPoint","urlTemplate":"https:\/\/ludwig-witzani.de\/zu-den-grossen-traeumen\/?s={search_term_string}"},"query-input":{"@type":"PropertyValueSpecification","valueRequired":true,"valueName":"search_term_string"}}],"inLanguage":"de"}]}},"jetpack_shortlink":"https:\/\/wp.me\/P4daYo-2cs","jetpack_sharing_enabled":true,"_links":{"self":[{"href":"https:\/\/ludwig-witzani.de\/zu-den-grossen-traeumen\/wp-json\/wp\/v2\/pages\/8460","targetHints":{"allow":["GET"]}}],"collection":[{"href":"https:\/\/ludwig-witzani.de\/zu-den-grossen-traeumen\/wp-json\/wp\/v2\/pages"}],"about":[{"href":"https:\/\/ludwig-witzani.de\/zu-den-grossen-traeumen\/wp-json\/wp\/v2\/types\/page"}],"author":[{"embeddable":true,"href":"https:\/\/ludwig-witzani.de\/zu-den-grossen-traeumen\/wp-json\/wp\/v2\/users\/2"}],"replies":[{"embeddable":true,"href":"https:\/\/ludwig-witzani.de\/zu-den-grossen-traeumen\/wp-json\/wp\/v2\/comments?post=8460"}],"version-history":[{"count":3,"href":"https:\/\/ludwig-witzani.de\/zu-den-grossen-traeumen\/wp-json\/wp\/v2\/pages\/8460\/revisions"}],"predecessor-version":[{"id":8635,"href":"https:\/\/ludwig-witzani.de\/zu-den-grossen-traeumen\/wp-json\/wp\/v2\/pages\/8460\/revisions\/8635"}],"wp:attachment":[{"href":"https:\/\/ludwig-witzani.de\/zu-den-grossen-traeumen\/wp-json\/wp\/v2\/media?parent=8460"}],"curies":[{"name":"wp","href":"https:\/\/api.w.org\/{rel}","templated":true}]}}