{"id":7489,"date":"2021-01-14T07:08:33","date_gmt":"2021-01-14T07:08:33","guid":{"rendered":"http:\/\/ludwig-witzani.de\/?page_id=7489"},"modified":"2025-06-03T10:32:51","modified_gmt":"2025-06-03T10:32:51","slug":"transasia-weltreisen-band-xiii","status":"publish","type":"page","link":"https:\/\/ludwig-witzani.de\/zu-den-grossen-traeumen\/transasia-weltreisen-band-xiii\/","title":{"rendered":"Transasia (Weltreisen Band XIII)"},"content":{"rendered":"<p><img loading=\"lazy\" decoding=\"async\" class=\"wp-image-7394 alignleft\" src=\"http:\/\/ludwig-witzani.de\/wp-content\/uploads\/2020\/07\/8-72-001-Kopie.jpg\" alt=\"\" width=\"391\" height=\"560\"\/>Das vorliegende Buch beschreibt eine Reise quer durch Asien, vom Arabischen Meer bis in den Norden der chinesischen Tiefebene.&nbsp; &nbsp;Die achttausend Kilometer lange Reise beginnt in&nbsp; Karachi, der schrecklichsten der schrecklichen f\u00fcnf Riesenst\u00e4dte S\u00fcdasiens, f\u00fchrt dann den&nbsp; Indus nordw\u00e4rts, vor\u00fcber an den Ruinen von Mohenjo Daro &nbsp;und \u00fcber den Khyber Pass&nbsp; bis an die Grenzen Afghanistans. Auf dem Karakorum Highway passiert Witzani die Gletschermor\u00e4nen des Nanga Parbat und das verzauberte Land der Hunzukutz, ehe er am Khunjerab-Pass an der h\u00f6chstgelegene Grenze der Welt China erreicht.&nbsp; In der Stadt Kaschgar in der chinesischen Provinz Xinjiang erlebt er <img loading=\"lazy\" decoding=\"async\" class=\"wp-image-7412 alignright\" src=\"http:\/\/ludwig-witzani.de\/wp-content\/uploads\/2020\/07\/8-60.jpg\" alt=\"\" width=\"227\" height=\"150\" srcset=\"https:\/\/ludwig-witzani.de\/wp-content\/uploads\/2020\/07\/8-60.jpg 800w, https:\/\/ludwig-witzani.de\/wp-content\/uploads\/2020\/07\/8-60-768x508.jpg 768w\" sizes=\"auto, (max-width: 227px) 100vw, 227px\" \/> den gr\u00f6\u00dften Markt der Welt. Weiter geht die Reise ostw\u00e4rts \u00fcber die Seidenstra\u00dfe zu den Oasen von Kucha, Turfan und Dunhuang.&nbsp; Am Koko Nor See und in Qinghai streift er den tibetischen und mongolischen Kulturraum, ehe er&nbsp; das klassische China gleichsam durch die Hintert\u00fcre betritt und jenseits des Gelben Flusses die alte Kaiserstadt Xian kennenlernt. <img loading=\"lazy\" decoding=\"async\" class=\"wp-image-7517 alignleft\" src=\"http:\/\/ludwig-witzani.de\/wp-content\/uploads\/2021\/01\/9-12.jpg\" alt=\"\" width=\"169\" height=\"252\"\/>Die transkontinentale Reise endet in Beijing, m\u00f6glicherwweise der k\u00fcnftigen Hauptstadt der Welt, in der sich der Autor&nbsp; aufmacht, Chinas Geschichte und Gegenwart mit dem Fahrrad zu erkunden.<\/p>\n<p>&nbsp;Ein Reisebuch oberhalb der Tagesaktualit\u00e4t, das auf dem Hintergrund pers\u00f6nlichen Erlebens und der Kenntnis von Kultur und Geschichte die gro\u00dfen Strukturen sichtbar macht: die religi\u00f6se Revitalisierung eines k\u00e4mpferischen Islams, der das westlichen Lebensmodell herausfordert, und die &nbsp;Wiederkehr Chinas als dem m\u00f6glicherweise ma\u00dfgeblichen und m\u00e4chtigsten Land des 21. Jahrhunderts.&nbsp;&nbsp; &nbsp;&nbsp;<\/p>\n<p><em><span class=\"a-list-item\"><span class=\"a-text-bold\">PRINTAUSGABE. 452 Seiten mit zahlreichen Abbildungen, broschiert, 15,99&nbsp; Euro <\/span><\/span><span class=\"a-list-item\">lieferbar bei&nbsp;&nbsp;<\/span><a href=\"https:\/\/www.amazon.de\/TRANSASIA-Karachi-nach-Beijing-Weltreisen\/dp\/375314083X\/ref=sr_1_1?__mk_de_DE=%C3%85M%C3%85%C5%BD%C3%95%C3%91&amp;dchild=1&amp;keywords=Ludwig+Witzani+Transasia&amp;qid=1610608509&amp;sr=8-1\">amazon&nbsp; &nbsp;<\/a>und <a href=\"https:\/\/www.epubli.de\/suche?q=Ludwig+Witzani+Transasia\">epubli&nbsp; &nbsp;&#8211; <\/a><span class=\"a-text-bold\">&nbsp;<\/span>als EBOOk lieferbar bei <a href=\"https:\/\/www.epubli.de\/shop\/buch\/Transasia-Von-Karachi-nach-Beijing-Ludwig-Witzani-9783753156163\/109322\">epubli<\/a> und <a href=\"https:\/\/www.amazon.de\/dp\/B08VFL883T\/ref=sr_1_18?dchild=1&amp;qid=1612015678&amp;refinements=p_27%3ALudwig+Witzani&amp;s=books&amp;sr=1-18\">bei amazon&nbsp;<\/a> (5,99 Euro)&nbsp;<\/em><\/p>\n<p><em><strong>Leseproben<\/strong>, bitte anklicken:&nbsp;&nbsp;<\/em><\/p>\n<p><a href=\"http:\/\/ludwig-witzani.de\/wp-content\/uploads\/2021\/01\/01-Inhaltsverzeichnis-3.pdf\">01 Inhaltsverzeichnis<\/a><\/p>\n<p><a href=\"http:\/\/ludwig-witzani.de\/wp-content\/uploads\/2021\/01\/02-Einleitung-3.pdf\">02 Einleitung<\/a><\/p>\n<p><a href=\"http:\/\/ludwig-witzani.de\/wp-content\/uploads\/2021\/01\/03-Gestrandet-in-Karachi-4.pdf\">03 Gestrandet in Karachi<\/a><\/p>\n<p><a href=\"http:\/\/ludwig-witzani.de\/wp-content\/uploads\/2021\/01\/04-Karakorum-Highway-2.pdf\">04 Karakorum Highway<\/a><\/p>\n<p><a href=\"http:\/\/ludwig-witzani.de\/wp-content\/uploads\/2021\/01\/05-Die-Oase-Turfan-2.pdf\">05 Die Oase Turfan<\/a><\/p>\n<p><a href=\"http:\/\/ludwig-witzani.de\/wp-content\/uploads\/2021\/01\/06-Der-letzte-Tag-2.pdf\">06 Der letzte Tag<\/a><\/p>\n<p>&#8222;<a href=\"http:\/\/ludwig-witzani.de\/von-karachi-nach-beijing-bildergalerie-transasia\/\">Kurzer Kommentar zur Bildergalerie \u201eTransasia\u201c<\/a><\/p>\n<p><a href=\"http:\/\/ludwig-witzani.de\/bildergalerie-transasia\/\">BILDERGALERIE TRANSASIA &#8211; VON KARACHI NACH BEIJING<\/a><\/p>\n<p><a href=\"http:\/\/ludwig-witzani.de\/von-karachi-nach-beijing-bildergalerie-transasia\/\">&nbsp;<\/a><\/p>\n","protected":false},"excerpt":{"rendered":"<p>Das vorliegende Buch beschreibt eine Reise quer durch Asien, vom Arabischen Meer bis in den Norden der chinesischen Tiefebene.&nbsp; &nbsp;Die achttausend Kilometer lange Reise beginnt in&nbsp; Karachi, der schrecklichsten der schrecklichen f\u00fcnf Riesenst\u00e4dte S\u00fcdasiens, f\u00fchrt dann den&nbsp; Indus nordw\u00e4rts, vor\u00fcber an den Ruinen von Mohenjo Daro &nbsp;und \u00fcber den Khyber Pass&nbsp; bis an die Grenzen &hellip; <a href=\"https:\/\/ludwig-witzani.de\/zu-den-grossen-traeumen\/transasia-weltreisen-band-xiii\/\" class=\"more-link\"><span class=\"screen-reader-text\">Transasia (Weltreisen Band XIII)<\/span> weiterlesen <span class=\"meta-nav\">&rarr;<\/span><\/a><\/p>\n","protected":false},"author":2,"featured_media":0,"parent":0,"menu_order":0,"comment_status":"open","ping_status":"closed","template":"","meta":{"ngg_post_thumbnail":0,"jetpack_post_was_ever_published":false,"footnotes":""},"class_list":["post-7489","page","type-page","status-publish","hentry"],"yoast_head":"<!-- This site is optimized with the Yoast SEO plugin v27.4 - https:\/\/yoast.com\/product\/yoast-seo-wordpress\/ -->\n<title>Transasia (Weltreisen Band XIII) - Ludwig Witzani<\/title>\n<meta name=\"robots\" content=\"index, follow, max-snippet:-1, max-image-preview:large, max-video-preview:-1\" \/>\n<link rel=\"canonical\" href=\"https:\/\/ludwig-witzani.de\/zu-den-grossen-traeumen\/transasia-weltreisen-band-xiii\/\" \/>\n<meta property=\"og:locale\" content=\"de_DE\" \/>\n<meta property=\"og:type\" content=\"article\" \/>\n<meta property=\"og:title\" content=\"Transasia (Weltreisen Band XIII) - Ludwig Witzani\" \/>\n<meta property=\"og:description\" content=\"Das vorliegende Buch beschreibt eine Reise quer durch Asien, vom Arabischen Meer bis in den Norden der chinesischen Tiefebene.&nbsp; &nbsp;Die achttausend Kilometer lange Reise beginnt in&nbsp; Karachi, der schrecklichsten der schrecklichen f\u00fcnf Riesenst\u00e4dte S\u00fcdasiens, f\u00fchrt dann den&nbsp; Indus nordw\u00e4rts, vor\u00fcber an den Ruinen von Mohenjo Daro &nbsp;und \u00fcber den Khyber Pass&nbsp; bis an die Grenzen &hellip; Transasia (Weltreisen Band XIII) weiterlesen &rarr;\" \/>\n<meta property=\"og:url\" content=\"https:\/\/ludwig-witzani.de\/zu-den-grossen-traeumen\/transasia-weltreisen-band-xiii\/\" \/>\n<meta property=\"og:site_name\" content=\"Ludwig Witzani\" \/>\n<meta property=\"article:modified_time\" content=\"2025-06-03T10:32:51+00:00\" \/>\n<meta property=\"og:image\" content=\"https:\/\/ludwig-witzani.de\/wp-content\/uploads\/2020\/07\/8-72-001-Kopie.jpg\" \/>\n\t<meta property=\"og:image:width\" content=\"526\" \/>\n\t<meta property=\"og:image:height\" content=\"753\" \/>\n\t<meta property=\"og:image:type\" content=\"image\/jpeg\" \/>\n<meta name=\"twitter:card\" content=\"summary_large_image\" \/>\n<meta name=\"twitter:label1\" content=\"Gesch\u00e4tzte Lesezeit\" \/>\n\t<meta name=\"twitter:data1\" content=\"2\u00a0Minuten\" \/>\n<script type=\"application\/ld+json\" class=\"yoast-schema-graph\">{\"@context\":\"https:\\\/\\\/schema.org\",\"@graph\":[{\"@type\":\"WebPage\",\"@id\":\"https:\\\/\\\/ludwig-witzani.de\\\/zu-den-grossen-traeumen\\\/transasia-weltreisen-band-xiii\\\/\",\"url\":\"https:\\\/\\\/ludwig-witzani.de\\\/zu-den-grossen-traeumen\\\/transasia-weltreisen-band-xiii\\\/\",\"name\":\"Transasia (Weltreisen Band XIII) - Ludwig Witzani\",\"isPartOf\":{\"@id\":\"https:\\\/\\\/ludwig-witzani.de\\\/zu-den-grossen-traeumen\\\/#website\"},\"primaryImageOfPage\":{\"@id\":\"https:\\\/\\\/ludwig-witzani.de\\\/zu-den-grossen-traeumen\\\/transasia-weltreisen-band-xiii\\\/#primaryimage\"},\"image\":{\"@id\":\"https:\\\/\\\/ludwig-witzani.de\\\/zu-den-grossen-traeumen\\\/transasia-weltreisen-band-xiii\\\/#primaryimage\"},\"thumbnailUrl\":\"http:\\\/\\\/ludwig-witzani.de\\\/wp-content\\\/uploads\\\/2020\\\/07\\\/8-72-001-Kopie.jpg\",\"datePublished\":\"2021-01-14T07:08:33+00:00\",\"dateModified\":\"2025-06-03T10:32:51+00:00\",\"breadcrumb\":{\"@id\":\"https:\\\/\\\/ludwig-witzani.de\\\/zu-den-grossen-traeumen\\\/transasia-weltreisen-band-xiii\\\/#breadcrumb\"},\"inLanguage\":\"de\",\"potentialAction\":[{\"@type\":\"ReadAction\",\"target\":[\"https:\\\/\\\/ludwig-witzani.de\\\/zu-den-grossen-traeumen\\\/transasia-weltreisen-band-xiii\\\/\"]}]},{\"@type\":\"ImageObject\",\"inLanguage\":\"de\",\"@id\":\"https:\\\/\\\/ludwig-witzani.de\\\/zu-den-grossen-traeumen\\\/transasia-weltreisen-band-xiii\\\/#primaryimage\",\"url\":\"http:\\\/\\\/ludwig-witzani.de\\\/wp-content\\\/uploads\\\/2020\\\/07\\\/8-72-001-Kopie.jpg\",\"contentUrl\":\"http:\\\/\\\/ludwig-witzani.de\\\/wp-content\\\/uploads\\\/2020\\\/07\\\/8-72-001-Kopie.jpg\"},{\"@type\":\"BreadcrumbList\",\"@id\":\"https:\\\/\\\/ludwig-witzani.de\\\/zu-den-grossen-traeumen\\\/transasia-weltreisen-band-xiii\\\/#breadcrumb\",\"itemListElement\":[{\"@type\":\"ListItem\",\"position\":1,\"name\":\"Startseite\",\"item\":\"https:\\\/\\\/ludwig-witzani.de\\\/zu-den-grossen-traeumen\\\/\"},{\"@type\":\"ListItem\",\"position\":2,\"name\":\"Transasia (Weltreisen Band XIII)\"}]},{\"@type\":\"WebSite\",\"@id\":\"https:\\\/\\\/ludwig-witzani.de\\\/zu-den-grossen-traeumen\\\/#website\",\"url\":\"https:\\\/\\\/ludwig-witzani.de\\\/zu-den-grossen-traeumen\\\/\",\"name\":\"Ludwig Witzani\",\"description\":\"World Wide Travel\",\"potentialAction\":[{\"@type\":\"SearchAction\",\"target\":{\"@type\":\"EntryPoint\",\"urlTemplate\":\"https:\\\/\\\/ludwig-witzani.de\\\/zu-den-grossen-traeumen\\\/?s={search_term_string}\"},\"query-input\":{\"@type\":\"PropertyValueSpecification\",\"valueRequired\":true,\"valueName\":\"search_term_string\"}}],\"inLanguage\":\"de\"}]}<\/script>\n<!-- \/ Yoast SEO plugin. -->","yoast_head_json":{"title":"Transasia (Weltreisen Band XIII) - Ludwig Witzani","robots":{"index":"index","follow":"follow","max-snippet":"max-snippet:-1","max-image-preview":"max-image-preview:large","max-video-preview":"max-video-preview:-1"},"canonical":"https:\/\/ludwig-witzani.de\/zu-den-grossen-traeumen\/transasia-weltreisen-band-xiii\/","og_locale":"de_DE","og_type":"article","og_title":"Transasia (Weltreisen Band XIII) - Ludwig Witzani","og_description":"Das vorliegende Buch beschreibt eine Reise quer durch Asien, vom Arabischen Meer bis in den Norden der chinesischen Tiefebene.&nbsp; &nbsp;Die achttausend Kilometer lange Reise beginnt in&nbsp; Karachi, der schrecklichsten der schrecklichen f\u00fcnf Riesenst\u00e4dte S\u00fcdasiens, f\u00fchrt dann den&nbsp; Indus nordw\u00e4rts, vor\u00fcber an den Ruinen von Mohenjo Daro &nbsp;und \u00fcber den Khyber Pass&nbsp; bis an die Grenzen &hellip; Transasia (Weltreisen Band XIII) weiterlesen &rarr;","og_url":"https:\/\/ludwig-witzani.de\/zu-den-grossen-traeumen\/transasia-weltreisen-band-xiii\/","og_site_name":"Ludwig Witzani","article_modified_time":"2025-06-03T10:32:51+00:00","og_image":[{"width":526,"height":753,"url":"https:\/\/ludwig-witzani.de\/wp-content\/uploads\/2020\/07\/8-72-001-Kopie.jpg","type":"image\/jpeg"}],"twitter_card":"summary_large_image","twitter_misc":{"Gesch\u00e4tzte Lesezeit":"2\u00a0Minuten"},"schema":{"@context":"https:\/\/schema.org","@graph":[{"@type":"WebPage","@id":"https:\/\/ludwig-witzani.de\/zu-den-grossen-traeumen\/transasia-weltreisen-band-xiii\/","url":"https:\/\/ludwig-witzani.de\/zu-den-grossen-traeumen\/transasia-weltreisen-band-xiii\/","name":"Transasia (Weltreisen Band XIII) - Ludwig Witzani","isPartOf":{"@id":"https:\/\/ludwig-witzani.de\/zu-den-grossen-traeumen\/#website"},"primaryImageOfPage":{"@id":"https:\/\/ludwig-witzani.de\/zu-den-grossen-traeumen\/transasia-weltreisen-band-xiii\/#primaryimage"},"image":{"@id":"https:\/\/ludwig-witzani.de\/zu-den-grossen-traeumen\/transasia-weltreisen-band-xiii\/#primaryimage"},"thumbnailUrl":"http:\/\/ludwig-witzani.de\/wp-content\/uploads\/2020\/07\/8-72-001-Kopie.jpg","datePublished":"2021-01-14T07:08:33+00:00","dateModified":"2025-06-03T10:32:51+00:00","breadcrumb":{"@id":"https:\/\/ludwig-witzani.de\/zu-den-grossen-traeumen\/transasia-weltreisen-band-xiii\/#breadcrumb"},"inLanguage":"de","potentialAction":[{"@type":"ReadAction","target":["https:\/\/ludwig-witzani.de\/zu-den-grossen-traeumen\/transasia-weltreisen-band-xiii\/"]}]},{"@type":"ImageObject","inLanguage":"de","@id":"https:\/\/ludwig-witzani.de\/zu-den-grossen-traeumen\/transasia-weltreisen-band-xiii\/#primaryimage","url":"http:\/\/ludwig-witzani.de\/wp-content\/uploads\/2020\/07\/8-72-001-Kopie.jpg","contentUrl":"http:\/\/ludwig-witzani.de\/wp-content\/uploads\/2020\/07\/8-72-001-Kopie.jpg"},{"@type":"BreadcrumbList","@id":"https:\/\/ludwig-witzani.de\/zu-den-grossen-traeumen\/transasia-weltreisen-band-xiii\/#breadcrumb","itemListElement":[{"@type":"ListItem","position":1,"name":"Startseite","item":"https:\/\/ludwig-witzani.de\/zu-den-grossen-traeumen\/"},{"@type":"ListItem","position":2,"name":"Transasia (Weltreisen Band XIII)"}]},{"@type":"WebSite","@id":"https:\/\/ludwig-witzani.de\/zu-den-grossen-traeumen\/#website","url":"https:\/\/ludwig-witzani.de\/zu-den-grossen-traeumen\/","name":"Ludwig Witzani","description":"World Wide Travel","potentialAction":[{"@type":"SearchAction","target":{"@type":"EntryPoint","urlTemplate":"https:\/\/ludwig-witzani.de\/zu-den-grossen-traeumen\/?s={search_term_string}"},"query-input":{"@type":"PropertyValueSpecification","valueRequired":true,"valueName":"search_term_string"}}],"inLanguage":"de"}]}},"jetpack_shortlink":"https:\/\/wp.me\/P4daYo-1WN","jetpack_sharing_enabled":true,"_links":{"self":[{"href":"https:\/\/ludwig-witzani.de\/zu-den-grossen-traeumen\/wp-json\/wp\/v2\/pages\/7489","targetHints":{"allow":["GET"]}}],"collection":[{"href":"https:\/\/ludwig-witzani.de\/zu-den-grossen-traeumen\/wp-json\/wp\/v2\/pages"}],"about":[{"href":"https:\/\/ludwig-witzani.de\/zu-den-grossen-traeumen\/wp-json\/wp\/v2\/types\/page"}],"author":[{"embeddable":true,"href":"https:\/\/ludwig-witzani.de\/zu-den-grossen-traeumen\/wp-json\/wp\/v2\/users\/2"}],"replies":[{"embeddable":true,"href":"https:\/\/ludwig-witzani.de\/zu-den-grossen-traeumen\/wp-json\/wp\/v2\/comments?post=7489"}],"version-history":[{"count":38,"href":"https:\/\/ludwig-witzani.de\/zu-den-grossen-traeumen\/wp-json\/wp\/v2\/pages\/7489\/revisions"}],"predecessor-version":[{"id":8118,"href":"https:\/\/ludwig-witzani.de\/zu-den-grossen-traeumen\/wp-json\/wp\/v2\/pages\/7489\/revisions\/8118"}],"wp:attachment":[{"href":"https:\/\/ludwig-witzani.de\/zu-den-grossen-traeumen\/wp-json\/wp\/v2\/media?parent=7489"}],"curies":[{"name":"wp","href":"https:\/\/api.w.org\/{rel}","templated":true}]}}