{"id":7317,"date":"2020-04-07T12:45:33","date_gmt":"2020-04-07T12:45:33","guid":{"rendered":"http:\/\/ludwig-witzani.de\/?page_id=7317"},"modified":"2025-06-03T10:32:51","modified_gmt":"2025-06-03T10:32:51","slug":"kapitel-12-die-wunderlichen-kinder-2","status":"publish","type":"page","link":"https:\/\/ludwig-witzani.de\/zu-den-grossen-traeumen\/kapitel-12-die-wunderlichen-kinder-2\/","title":{"rendered":"Kapitel 12: Die wunderlichen Kinder (2)"},"content":{"rendered":"<p>Maria und Jozef wird Anja, ihre zweite Tochter geboren, ein kr\u00e4nkliches und schwieriges Kind, das sich schlecht mit ihrer \u00e4lteren Schwester versteht. Ein Jahr vor Anjas Einschulung verschlechtert sich Anjas befinden. Sie wird so schwer krank, dass sie nur durch eine Krankenhausbehandlung in Lublin gerettet werden kann, f\u00fcr die sich Jozef beim Geldverleiher Adamtschek stark verschulden muss. Halka, Wolek, Jozefs sch\u00f6ne j\u00fcngere Schwester ist noch immer ledig, weil sie sich f\u00fcr keinen der jungen M\u00e4nner aus dem Dorf, auch nicht f\u00fcr Marias j\u00fcngeren Bruder Janek Kaminski, entscheiden kann. Um ein brachliegendes Feld zu roden, stellt Jozef den Landarbeiter Benedykt Nomocz ein, in den sich seine Schwester Halka auf der Stelle verliebt. Zur gleichen Zeit macht der Handwerker Quintus Opolcyn der sch\u00f6nen Lehrerin Renata Wolgata den Hof, bis Quinuts\u00b4 Verlobte auftaucht. In der Schule wird Jola, die Tochter des Geldverleihers immer auff\u00e4lliger, ohne dass man den Grund kennt. Die Klassenlehrerin macht sich Sorgen um Jola, gleichzeitig lernt sie Benedykt Nomocz kennen, der in ihrem Haus Handwerkerarbeiten ausf\u00fchrt. Weil die Ernte schlecht ausf\u00e4llt, muss Jozef beim Geldverleiher um Zahlungsaufschub bitten.&nbsp; Unter ungekl\u00e4rten Umst\u00e4nden verbrennt kurz darauf der Geldverleiher in seinem Haus, seine Tochter Jola bleibt verschwunden. Auf der Suche nach ihr entdeckt man eine nicht mehr identifizierbare m\u00e4nnliche Leiche, die Inspektor Ratznik R\u00e4tsel aufgibt. Am Ende werden die Ermittlungen eingestellt, aber alle Schuldscheine sind verbrannt.&nbsp;<\/p>\n<p><a href=\"http:\/\/ludwig-witzani.de\/leseprobe-kaitel-11-die-wunderlichen-kinder-2\/\">Leseprobe<\/a><\/p>\n<p><a href=\"http:\/\/ludwig-witzani.de\/stammtafel-der-familien-kaminski-wolek-brosz-und-gontasch\/\">Stammtafel<\/a><\/p>\n<p><a href=\"http:\/\/ludwig-witzani.de\/das-dorf-zakepie\/\">Zur\u00fcck zur Startseite<\/a><\/p>\n","protected":false},"excerpt":{"rendered":"<p>Maria und Jozef wird Anja, ihre zweite Tochter geboren, ein kr\u00e4nkliches und schwieriges Kind, das sich schlecht mit ihrer \u00e4lteren Schwester versteht. Ein Jahr vor Anjas Einschulung verschlechtert sich Anjas befinden. Sie wird so schwer krank, dass sie nur durch eine Krankenhausbehandlung in Lublin gerettet werden kann, f\u00fcr die sich Jozef beim Geldverleiher Adamtschek stark &hellip; <a href=\"https:\/\/ludwig-witzani.de\/zu-den-grossen-traeumen\/kapitel-12-die-wunderlichen-kinder-2\/\" class=\"more-link\"><span class=\"screen-reader-text\">Kapitel 12: Die wunderlichen Kinder (2)<\/span> weiterlesen <span class=\"meta-nav\">&rarr;<\/span><\/a><\/p>\n","protected":false},"author":2,"featured_media":0,"parent":0,"menu_order":0,"comment_status":"closed","ping_status":"closed","template":"","meta":{"ngg_post_thumbnail":0,"jetpack_post_was_ever_published":false,"footnotes":""},"class_list":["post-7317","page","type-page","status-publish","hentry"],"yoast_head":"<!-- This site is optimized with the Yoast SEO plugin v27.5 - https:\/\/yoast.com\/product\/yoast-seo-wordpress\/ -->\n<title>Kapitel 12: Die wunderlichen Kinder (2) - Ludwig Witzani<\/title>\n<meta name=\"robots\" content=\"index, follow, max-snippet:-1, max-image-preview:large, max-video-preview:-1\" \/>\n<link rel=\"canonical\" href=\"https:\/\/ludwig-witzani.de\/zu-den-grossen-traeumen\/kapitel-12-die-wunderlichen-kinder-2\/\" \/>\n<meta property=\"og:locale\" content=\"de_DE\" \/>\n<meta property=\"og:type\" content=\"article\" \/>\n<meta property=\"og:title\" content=\"Kapitel 12: Die wunderlichen Kinder (2) - Ludwig Witzani\" \/>\n<meta property=\"og:description\" content=\"Maria und Jozef wird Anja, ihre zweite Tochter geboren, ein kr\u00e4nkliches und schwieriges Kind, das sich schlecht mit ihrer \u00e4lteren Schwester versteht. Ein Jahr vor Anjas Einschulung verschlechtert sich Anjas befinden. Sie wird so schwer krank, dass sie nur durch eine Krankenhausbehandlung in Lublin gerettet werden kann, f\u00fcr die sich Jozef beim Geldverleiher Adamtschek stark &hellip; Kapitel 12: Die wunderlichen Kinder (2) weiterlesen &rarr;\" \/>\n<meta property=\"og:url\" content=\"https:\/\/ludwig-witzani.de\/zu-den-grossen-traeumen\/kapitel-12-die-wunderlichen-kinder-2\/\" \/>\n<meta property=\"og:site_name\" content=\"Ludwig Witzani\" \/>\n<meta property=\"article:modified_time\" content=\"2025-06-03T10:32:51+00:00\" \/>\n<meta name=\"twitter:card\" content=\"summary_large_image\" \/>\n<meta name=\"twitter:label1\" content=\"Gesch\u00e4tzte Lesezeit\" \/>\n\t<meta name=\"twitter:data1\" content=\"1\u00a0Minute\" \/>\n<script type=\"application\/ld+json\" class=\"yoast-schema-graph\">{\"@context\":\"https:\\\/\\\/schema.org\",\"@graph\":[{\"@type\":\"WebPage\",\"@id\":\"https:\\\/\\\/ludwig-witzani.de\\\/zu-den-grossen-traeumen\\\/kapitel-12-die-wunderlichen-kinder-2\\\/\",\"url\":\"https:\\\/\\\/ludwig-witzani.de\\\/zu-den-grossen-traeumen\\\/kapitel-12-die-wunderlichen-kinder-2\\\/\",\"name\":\"Kapitel 12: Die wunderlichen Kinder (2) - Ludwig Witzani\",\"isPartOf\":{\"@id\":\"https:\\\/\\\/ludwig-witzani.de\\\/zu-den-grossen-traeumen\\\/#website\"},\"datePublished\":\"2020-04-07T12:45:33+00:00\",\"dateModified\":\"2025-06-03T10:32:51+00:00\",\"breadcrumb\":{\"@id\":\"https:\\\/\\\/ludwig-witzani.de\\\/zu-den-grossen-traeumen\\\/kapitel-12-die-wunderlichen-kinder-2\\\/#breadcrumb\"},\"inLanguage\":\"de\",\"potentialAction\":[{\"@type\":\"ReadAction\",\"target\":[\"https:\\\/\\\/ludwig-witzani.de\\\/zu-den-grossen-traeumen\\\/kapitel-12-die-wunderlichen-kinder-2\\\/\"]}]},{\"@type\":\"BreadcrumbList\",\"@id\":\"https:\\\/\\\/ludwig-witzani.de\\\/zu-den-grossen-traeumen\\\/kapitel-12-die-wunderlichen-kinder-2\\\/#breadcrumb\",\"itemListElement\":[{\"@type\":\"ListItem\",\"position\":1,\"name\":\"Startseite\",\"item\":\"https:\\\/\\\/ludwig-witzani.de\\\/zu-den-grossen-traeumen\\\/\"},{\"@type\":\"ListItem\",\"position\":2,\"name\":\"Kapitel 12: Die wunderlichen Kinder (2)\"}]},{\"@type\":\"WebSite\",\"@id\":\"https:\\\/\\\/ludwig-witzani.de\\\/zu-den-grossen-traeumen\\\/#website\",\"url\":\"https:\\\/\\\/ludwig-witzani.de\\\/zu-den-grossen-traeumen\\\/\",\"name\":\"Ludwig Witzani\",\"description\":\"World Wide Travel\",\"potentialAction\":[{\"@type\":\"SearchAction\",\"target\":{\"@type\":\"EntryPoint\",\"urlTemplate\":\"https:\\\/\\\/ludwig-witzani.de\\\/zu-den-grossen-traeumen\\\/?s={search_term_string}\"},\"query-input\":{\"@type\":\"PropertyValueSpecification\",\"valueRequired\":true,\"valueName\":\"search_term_string\"}}],\"inLanguage\":\"de\"}]}<\/script>\n<!-- \/ Yoast SEO plugin. -->","yoast_head_json":{"title":"Kapitel 12: Die wunderlichen Kinder (2) - Ludwig Witzani","robots":{"index":"index","follow":"follow","max-snippet":"max-snippet:-1","max-image-preview":"max-image-preview:large","max-video-preview":"max-video-preview:-1"},"canonical":"https:\/\/ludwig-witzani.de\/zu-den-grossen-traeumen\/kapitel-12-die-wunderlichen-kinder-2\/","og_locale":"de_DE","og_type":"article","og_title":"Kapitel 12: Die wunderlichen Kinder (2) - Ludwig Witzani","og_description":"Maria und Jozef wird Anja, ihre zweite Tochter geboren, ein kr\u00e4nkliches und schwieriges Kind, das sich schlecht mit ihrer \u00e4lteren Schwester versteht. Ein Jahr vor Anjas Einschulung verschlechtert sich Anjas befinden. Sie wird so schwer krank, dass sie nur durch eine Krankenhausbehandlung in Lublin gerettet werden kann, f\u00fcr die sich Jozef beim Geldverleiher Adamtschek stark &hellip; Kapitel 12: Die wunderlichen Kinder (2) weiterlesen &rarr;","og_url":"https:\/\/ludwig-witzani.de\/zu-den-grossen-traeumen\/kapitel-12-die-wunderlichen-kinder-2\/","og_site_name":"Ludwig Witzani","article_modified_time":"2025-06-03T10:32:51+00:00","twitter_card":"summary_large_image","twitter_misc":{"Gesch\u00e4tzte Lesezeit":"1\u00a0Minute"},"schema":{"@context":"https:\/\/schema.org","@graph":[{"@type":"WebPage","@id":"https:\/\/ludwig-witzani.de\/zu-den-grossen-traeumen\/kapitel-12-die-wunderlichen-kinder-2\/","url":"https:\/\/ludwig-witzani.de\/zu-den-grossen-traeumen\/kapitel-12-die-wunderlichen-kinder-2\/","name":"Kapitel 12: Die wunderlichen Kinder (2) - Ludwig Witzani","isPartOf":{"@id":"https:\/\/ludwig-witzani.de\/zu-den-grossen-traeumen\/#website"},"datePublished":"2020-04-07T12:45:33+00:00","dateModified":"2025-06-03T10:32:51+00:00","breadcrumb":{"@id":"https:\/\/ludwig-witzani.de\/zu-den-grossen-traeumen\/kapitel-12-die-wunderlichen-kinder-2\/#breadcrumb"},"inLanguage":"de","potentialAction":[{"@type":"ReadAction","target":["https:\/\/ludwig-witzani.de\/zu-den-grossen-traeumen\/kapitel-12-die-wunderlichen-kinder-2\/"]}]},{"@type":"BreadcrumbList","@id":"https:\/\/ludwig-witzani.de\/zu-den-grossen-traeumen\/kapitel-12-die-wunderlichen-kinder-2\/#breadcrumb","itemListElement":[{"@type":"ListItem","position":1,"name":"Startseite","item":"https:\/\/ludwig-witzani.de\/zu-den-grossen-traeumen\/"},{"@type":"ListItem","position":2,"name":"Kapitel 12: Die wunderlichen Kinder (2)"}]},{"@type":"WebSite","@id":"https:\/\/ludwig-witzani.de\/zu-den-grossen-traeumen\/#website","url":"https:\/\/ludwig-witzani.de\/zu-den-grossen-traeumen\/","name":"Ludwig Witzani","description":"World Wide Travel","potentialAction":[{"@type":"SearchAction","target":{"@type":"EntryPoint","urlTemplate":"https:\/\/ludwig-witzani.de\/zu-den-grossen-traeumen\/?s={search_term_string}"},"query-input":{"@type":"PropertyValueSpecification","valueRequired":true,"valueName":"search_term_string"}}],"inLanguage":"de"}]}},"jetpack_shortlink":"https:\/\/wp.me\/P4daYo-1U1","jetpack_sharing_enabled":true,"_links":{"self":[{"href":"https:\/\/ludwig-witzani.de\/zu-den-grossen-traeumen\/wp-json\/wp\/v2\/pages\/7317","targetHints":{"allow":["GET"]}}],"collection":[{"href":"https:\/\/ludwig-witzani.de\/zu-den-grossen-traeumen\/wp-json\/wp\/v2\/pages"}],"about":[{"href":"https:\/\/ludwig-witzani.de\/zu-den-grossen-traeumen\/wp-json\/wp\/v2\/types\/page"}],"author":[{"embeddable":true,"href":"https:\/\/ludwig-witzani.de\/zu-den-grossen-traeumen\/wp-json\/wp\/v2\/users\/2"}],"replies":[{"embeddable":true,"href":"https:\/\/ludwig-witzani.de\/zu-den-grossen-traeumen\/wp-json\/wp\/v2\/comments?post=7317"}],"version-history":[{"count":2,"href":"https:\/\/ludwig-witzani.de\/zu-den-grossen-traeumen\/wp-json\/wp\/v2\/pages\/7317\/revisions"}],"predecessor-version":[{"id":7325,"href":"https:\/\/ludwig-witzani.de\/zu-den-grossen-traeumen\/wp-json\/wp\/v2\/pages\/7317\/revisions\/7325"}],"wp:attachment":[{"href":"https:\/\/ludwig-witzani.de\/zu-den-grossen-traeumen\/wp-json\/wp\/v2\/media?parent=7317"}],"curies":[{"name":"wp","href":"https:\/\/api.w.org\/{rel}","templated":true}]}}

<p>Maria und Jozef wird Anja, ihre zweite Tochter geboren, ein kränkliches und schwieriges Kind, das sich schlecht mit ihrer älteren Schwester versteht. Ein Jahr vor Anjas Einschulung verschlechtert sich Anjas befinden. Sie wird so schwer krank, dass sie nur durch eine Krankenhausbehandlung in Lublin gerettet werden kann, für die sich Jozef beim Geldverleiher Adamtschek stark verschulden muss. Halka, Wolek, Jozefs schöne jüngere Schwester ist noch immer ledig, weil sie sich für keinen der jungen Männer aus dem Dorf, auch nicht für Marias jüngeren Bruder Janek Kaminski, entscheiden kann. Um ein brachliegendes Feld zu roden, stellt Jozef den Landarbeiter Benedykt Nomocz ein, in den sich seine Schwester Halka auf der Stelle verliebt. Zur gleichen Zeit macht der Handwerker Quintus Opolcyn der schönen Lehrerin Renata Wolgata den Hof, bis Quinuts´ Verlobte auftaucht. In der Schule wird Jola, die Tochter des Geldverleihers immer auffälliger, ohne dass man den Grund kennt. Die Klassenlehrerin macht sich Sorgen um Jola, gleichzeitig lernt sie Benedykt Nomocz kennen, der in ihrem Haus Handwerkerarbeiten ausführt. Weil die Ernte schlecht ausfällt, muss Jozef beim Geldverleiher um Zahlungsaufschub bitten.&nbsp; Unter ungeklärten Umständen verbrennt kurz darauf der Geldverleiher in seinem Haus, seine Tochter Jola bleibt verschwunden. Auf der Suche nach ihr entdeckt man eine nicht mehr identifizierbare männliche Leiche, die Inspektor Ratznik Rätsel aufgibt. Am Ende werden die Ermittlungen eingestellt, aber alle Schuldscheine sind verbrannt.&nbsp;</p>
<p><a href="http://ludwig-witzani.de/leseprobe-kaitel-11-die-wunderlichen-kinder-2/">Leseprobe</a></p>
<p><a href="http://ludwig-witzani.de/stammtafel-der-familien-kaminski-wolek-brosz-und-gontasch/">Stammtafel</a></p>
<p><a href="http://ludwig-witzani.de/das-dorf-zakepie/">Zurück zur Startseite</a></p>

<p>Maria und Jozef wird Anja, ihre zweite Tochter geboren, ein kränkliches und schwieriges Kind, das sich schlecht mit ihrer älteren Schwester versteht. Ein Jahr vor Anjas Einschulung verschlechtert sich Anjas befinden. Sie wird so schwer krank, dass sie nur durch eine Krankenhausbehandlung in Lublin gerettet werden kann, für die sich Jozef beim Geldverleiher Adamtschek stark &hellip; <a href="https://ludwig-witzani.de/zu-den-grossen-traeumen/kapitel-12-die-wunderlichen-kinder-2/" class="more-link"><span class="screen-reader-text">Kapitel 12: Die wunderlichen Kinder (2)</span> weiterlesen <span class="meta-nav">&rarr;</span></a></p>

<!-- This site is optimized with the Yoast SEO plugin v27.5 - https://yoast.com/product/yoast-seo-wordpress/ -->
<title>Kapitel 12: Die wunderlichen Kinder (2) - Ludwig Witzani</title>
<meta name="robots" content="index, follow, max-snippet:-1, max-image-preview:large, max-video-preview:-1" />
<link rel="canonical" href="https://ludwig-witzani.de/zu-den-grossen-traeumen/kapitel-12-die-wunderlichen-kinder-2/" />
<meta property="og:locale" content="de_DE" />
<meta property="og:type" content="article" />
<meta property="og:title" content="Kapitel 12: Die wunderlichen Kinder (2) - Ludwig Witzani" />
<meta property="og:description" content="Maria und Jozef wird Anja, ihre zweite Tochter geboren, ein kränkliches und schwieriges Kind, das sich schlecht mit ihrer älteren Schwester versteht. Ein Jahr vor Anjas Einschulung verschlechtert sich Anjas befinden. Sie wird so schwer krank, dass sie nur durch eine Krankenhausbehandlung in Lublin gerettet werden kann, für die sich Jozef beim Geldverleiher Adamtschek stark &hellip; Kapitel 12: Die wunderlichen Kinder (2) weiterlesen &rarr;" />
<meta property="og:url" content="https://ludwig-witzani.de/zu-den-grossen-traeumen/kapitel-12-die-wunderlichen-kinder-2/" />
<meta property="og:site_name" content="Ludwig Witzani" />
<meta property="article:modified_time" content="2025-06-03T10:32:51+00:00" />
<meta name="twitter:card" content="summary_large_image" />
<meta name="twitter:label1" content="Geschätzte Lesezeit" />
	<meta name="twitter:data1" content="1 Minute" />
<script type="application/ld+json" class="yoast-schema-graph">{"@context":"https:\/\/schema.org","@graph":[{"@type":"WebPage","@id":"https:\/\/ludwig-witzani.de\/zu-den-grossen-traeumen\/kapitel-12-die-wunderlichen-kinder-2\/","url":"https:\/\/ludwig-witzani.de\/zu-den-grossen-traeumen\/kapitel-12-die-wunderlichen-kinder-2\/","name":"Kapitel 12: Die wunderlichen Kinder (2) - Ludwig Witzani","isPartOf":{"@id":"https:\/\/ludwig-witzani.de\/zu-den-grossen-traeumen\/#website"},"datePublished":"2020-04-07T12:45:33+00:00","dateModified":"2025-06-03T10:32:51+00:00","breadcrumb":{"@id":"https:\/\/ludwig-witzani.de\/zu-den-grossen-traeumen\/kapitel-12-die-wunderlichen-kinder-2\/#breadcrumb"},"inLanguage":"de","potentialAction":[{"@type":"ReadAction","target":["https:\/\/ludwig-witzani.de\/zu-den-grossen-traeumen\/kapitel-12-die-wunderlichen-kinder-2\/"]}]},{"@type":"BreadcrumbList","@id":"https:\/\/ludwig-witzani.de\/zu-den-grossen-traeumen\/kapitel-12-die-wunderlichen-kinder-2\/#breadcrumb","itemListElement":[{"@type":"ListItem","position":1,"name":"Startseite","item":"https:\/\/ludwig-witzani.de\/zu-den-grossen-traeumen\/"},{"@type":"ListItem","position":2,"name":"Kapitel 12: Die wunderlichen Kinder (2)"}]},{"@type":"WebSite","@id":"https:\/\/ludwig-witzani.de\/zu-den-grossen-traeumen\/#website","url":"https:\/\/ludwig-witzani.de\/zu-den-grossen-traeumen\/","name":"Ludwig Witzani","description":"World Wide Travel","potentialAction":[{"@type":"SearchAction","target":{"@type":"EntryPoint","urlTemplate":"https:\/\/ludwig-witzani.de\/zu-den-grossen-traeumen\/?s={search_term_string}"},"query-input":{"@type":"PropertyValueSpecification","valueRequired":true,"valueName":"search_term_string"}}],"inLanguage":"de"}]}</script>
<!-- / Yoast SEO plugin. -->

Maria und Jozef wird Anja, ihre zweite Tochter geboren, ein kränkliches und schwieriges Kind, das sich schlecht mit ihrer älteren Schwester versteht. Ein Jahr vor Anjas Einschulung verschlechtert sich Anjas befinden. Sie wird so schwer krank, dass sie nur durch eine Krankenhausbehandlung in Lublin gerettet werden kann, für die sich Jozef beim Geldverleiher Adamtschek stark &hellip; Kapitel 12: Die wunderlichen Kinder (2) weiterlesen &rarr;
