{"id":7291,"date":"2020-04-07T11:56:08","date_gmt":"2020-04-07T11:56:08","guid":{"rendered":"http:\/\/ludwig-witzani.de\/?page_id=7291"},"modified":"2025-06-03T10:32:51","modified_gmt":"2025-06-03T10:32:51","slug":"zweites-buch-die-verhaftete-madonna-das-kommunistische-polen","status":"publish","type":"page","link":"https:\/\/ludwig-witzani.de\/zu-den-grossen-traeumen\/zweites-buch-die-verhaftete-madonna-das-kommunistische-polen\/","title":{"rendered":"Zweites Buch: Die verhaftete Madonna. Das kommunistische Polen"},"content":{"rendered":"<p>Der zweite Teil des Romanprojektes &#8222;Die verhaftete Madonna&#8220; beschreibt das Dorf Zakepie in der kommunsitischen \u00c4ra. Lilia Kaminska und Joseph Wolek heiraten. Eine neue Generation w\u00e4chst heran. Krankheiten, Todesf\u00e4lle, Liebesh\u00e4ndel, Ehekrisen, Morde und unterschwellige Konflikte zwischen Kirche und Staat pr\u00e4gen das Leben. Eugenius Wolek steigt in der Parteihierarchie auf. In der Gierek-\u00c4ra werden die Lebensumst\u00e4nde kurzfristig besser, bis die Herrschaft der kommunistischen Partei ab den sp\u00e4ten Siebziger Jahren in eine Krise ger\u00e4t- Die Gewerkschaftsbewegung Soldarnocz, der Mord an dem Priester Popieluscoi und das Reaktorungl\u00fcck von Tschernobyl f\u00fchren zum Zusammenbruch des Sysrems. Das Roulette der Freiheit beginnt.&nbsp; &nbsp;<\/p>\n<p><a href=\"http:\/\/ludwig-witzani.de\/kapitel-9-der-gute-ortsvorsteher\/\">Kapitel 9: Der gute Ortsvorsteher<\/a><\/p>\n<p><a href=\"http:\/\/ludwig-witzani.de\/kapitel-10-eugenius\/\">Kapitel 10: Eugenius<\/a><\/p>\n<p><a href=\"http:\/\/ludwig-witzani.de\/kapitel-11-die-wunderlichen-kinder-1\/\">Kapitel 11: Die wunderlichen Kinder 1<\/a><\/p>\n<p><a href=\"http:\/\/ludwig-witzani.de\/kapitel-12-die-wunderlichen-kinder-2\/\">Kapitel 12: Die wunderlichen Kinder 2<\/a><\/p>\n<p><a href=\"http:\/\/ludwig-witzani.de\/kapitel-13-die-verhaftete-madonna\/\">Kapitel 13: Die verhaftete Madonna<\/a><\/p>\n<p>Kapitel 14: Das Lyzem<\/p>\n<p>Kapitel 15: Der Danziger Blutdonnerstag&nbsp;<\/p>\n<p>Kapitel 16: Die Goldenen Jahre&nbsp;<\/p>\n<p>Kapitel 17: Krakau oder die Schule des Lebens<\/p>\n<p>Kapitel 18: Caf\u00e9 Matopolska<\/p>\n<p>Kapitel 19: Solidarnosz<\/p>\n<p>Kapitel 20: Tschernobyl<\/p>\n<p>Kapitel 21: Das Roulette der freiheit&nbsp;<\/p>\n<p>&nbsp;<\/p>\n<p><a href=\"http:\/\/ludwig-witzani.de\/stammtafel-der-familien-kaminski-wolek-brosz-und-gontasch\/\">Stammtafel<\/a><\/p>\n<p><a href=\"http:\/\/ludwig-witzani.de\/das-dorf-zakepie\/\">Zur\u00fcck zur Startseite<\/a><\/p>\n<p>&nbsp;<\/p>\n","protected":false},"excerpt":{"rendered":"<p>Der zweite Teil des Romanprojektes &#8222;Die verhaftete Madonna&#8220; beschreibt das Dorf Zakepie in der kommunsitischen \u00c4ra. Lilia Kaminska und Joseph Wolek heiraten. Eine neue Generation w\u00e4chst heran. Krankheiten, Todesf\u00e4lle, Liebesh\u00e4ndel, Ehekrisen, Morde und unterschwellige Konflikte zwischen Kirche und Staat pr\u00e4gen das Leben. Eugenius Wolek steigt in der Parteihierarchie auf. In der Gierek-\u00c4ra werden die Lebensumst\u00e4nde &hellip; <a href=\"https:\/\/ludwig-witzani.de\/zu-den-grossen-traeumen\/zweites-buch-die-verhaftete-madonna-das-kommunistische-polen\/\" class=\"more-link\"><span class=\"screen-reader-text\">Zweites Buch: Die verhaftete Madonna. Das kommunistische Polen<\/span> weiterlesen <span class=\"meta-nav\">&rarr;<\/span><\/a><\/p>\n","protected":false},"author":2,"featured_media":0,"parent":0,"menu_order":0,"comment_status":"closed","ping_status":"closed","template":"","meta":{"ngg_post_thumbnail":0,"jetpack_post_was_ever_published":false,"footnotes":""},"class_list":["post-7291","page","type-page","status-publish","hentry"],"yoast_head":"<!-- This site is optimized with the Yoast SEO plugin v27.5 - https:\/\/yoast.com\/product\/yoast-seo-wordpress\/ -->\n<title>Zweites Buch: Die verhaftete Madonna. Das kommunistische Polen - Ludwig Witzani<\/title>\n<meta name=\"robots\" content=\"index, follow, max-snippet:-1, max-image-preview:large, max-video-preview:-1\" \/>\n<link rel=\"canonical\" href=\"https:\/\/ludwig-witzani.de\/zu-den-grossen-traeumen\/zweites-buch-die-verhaftete-madonna-das-kommunistische-polen\/\" \/>\n<meta property=\"og:locale\" content=\"de_DE\" \/>\n<meta property=\"og:type\" content=\"article\" \/>\n<meta property=\"og:title\" content=\"Zweites Buch: Die verhaftete Madonna. Das kommunistische Polen - Ludwig Witzani\" \/>\n<meta property=\"og:description\" content=\"Der zweite Teil des Romanprojektes &#8222;Die verhaftete Madonna&#8220; beschreibt das Dorf Zakepie in der kommunsitischen \u00c4ra. Lilia Kaminska und Joseph Wolek heiraten. Eine neue Generation w\u00e4chst heran. Krankheiten, Todesf\u00e4lle, Liebesh\u00e4ndel, Ehekrisen, Morde und unterschwellige Konflikte zwischen Kirche und Staat pr\u00e4gen das Leben. Eugenius Wolek steigt in der Parteihierarchie auf. In der Gierek-\u00c4ra werden die Lebensumst\u00e4nde &hellip; Zweites Buch: Die verhaftete Madonna. Das kommunistische Polen weiterlesen &rarr;\" \/>\n<meta property=\"og:url\" content=\"https:\/\/ludwig-witzani.de\/zu-den-grossen-traeumen\/zweites-buch-die-verhaftete-madonna-das-kommunistische-polen\/\" \/>\n<meta property=\"og:site_name\" content=\"Ludwig Witzani\" \/>\n<meta property=\"article:modified_time\" content=\"2025-06-03T10:32:51+00:00\" \/>\n<meta name=\"twitter:card\" content=\"summary_large_image\" \/>\n<meta name=\"twitter:label1\" content=\"Gesch\u00e4tzte Lesezeit\" \/>\n\t<meta name=\"twitter:data1\" content=\"1\u00a0Minute\" \/>\n<script type=\"application\/ld+json\" class=\"yoast-schema-graph\">{\"@context\":\"https:\\\/\\\/schema.org\",\"@graph\":[{\"@type\":\"WebPage\",\"@id\":\"https:\\\/\\\/ludwig-witzani.de\\\/zu-den-grossen-traeumen\\\/zweites-buch-die-verhaftete-madonna-das-kommunistische-polen\\\/\",\"url\":\"https:\\\/\\\/ludwig-witzani.de\\\/zu-den-grossen-traeumen\\\/zweites-buch-die-verhaftete-madonna-das-kommunistische-polen\\\/\",\"name\":\"Zweites Buch: Die verhaftete Madonna. Das kommunistische Polen - Ludwig Witzani\",\"isPartOf\":{\"@id\":\"https:\\\/\\\/ludwig-witzani.de\\\/zu-den-grossen-traeumen\\\/#website\"},\"datePublished\":\"2020-04-07T11:56:08+00:00\",\"dateModified\":\"2025-06-03T10:32:51+00:00\",\"breadcrumb\":{\"@id\":\"https:\\\/\\\/ludwig-witzani.de\\\/zu-den-grossen-traeumen\\\/zweites-buch-die-verhaftete-madonna-das-kommunistische-polen\\\/#breadcrumb\"},\"inLanguage\":\"de\",\"potentialAction\":[{\"@type\":\"ReadAction\",\"target\":[\"https:\\\/\\\/ludwig-witzani.de\\\/zu-den-grossen-traeumen\\\/zweites-buch-die-verhaftete-madonna-das-kommunistische-polen\\\/\"]}]},{\"@type\":\"BreadcrumbList\",\"@id\":\"https:\\\/\\\/ludwig-witzani.de\\\/zu-den-grossen-traeumen\\\/zweites-buch-die-verhaftete-madonna-das-kommunistische-polen\\\/#breadcrumb\",\"itemListElement\":[{\"@type\":\"ListItem\",\"position\":1,\"name\":\"Startseite\",\"item\":\"https:\\\/\\\/ludwig-witzani.de\\\/zu-den-grossen-traeumen\\\/\"},{\"@type\":\"ListItem\",\"position\":2,\"name\":\"Zweites Buch: Die verhaftete Madonna. Das kommunistische Polen\"}]},{\"@type\":\"WebSite\",\"@id\":\"https:\\\/\\\/ludwig-witzani.de\\\/zu-den-grossen-traeumen\\\/#website\",\"url\":\"https:\\\/\\\/ludwig-witzani.de\\\/zu-den-grossen-traeumen\\\/\",\"name\":\"Ludwig Witzani\",\"description\":\"World Wide Travel\",\"potentialAction\":[{\"@type\":\"SearchAction\",\"target\":{\"@type\":\"EntryPoint\",\"urlTemplate\":\"https:\\\/\\\/ludwig-witzani.de\\\/zu-den-grossen-traeumen\\\/?s={search_term_string}\"},\"query-input\":{\"@type\":\"PropertyValueSpecification\",\"valueRequired\":true,\"valueName\":\"search_term_string\"}}],\"inLanguage\":\"de\"}]}<\/script>\n<!-- \/ Yoast SEO plugin. -->","yoast_head_json":{"title":"Zweites Buch: Die verhaftete Madonna. Das kommunistische Polen - Ludwig Witzani","robots":{"index":"index","follow":"follow","max-snippet":"max-snippet:-1","max-image-preview":"max-image-preview:large","max-video-preview":"max-video-preview:-1"},"canonical":"https:\/\/ludwig-witzani.de\/zu-den-grossen-traeumen\/zweites-buch-die-verhaftete-madonna-das-kommunistische-polen\/","og_locale":"de_DE","og_type":"article","og_title":"Zweites Buch: Die verhaftete Madonna. Das kommunistische Polen - Ludwig Witzani","og_description":"Der zweite Teil des Romanprojektes &#8222;Die verhaftete Madonna&#8220; beschreibt das Dorf Zakepie in der kommunsitischen \u00c4ra. Lilia Kaminska und Joseph Wolek heiraten. Eine neue Generation w\u00e4chst heran. Krankheiten, Todesf\u00e4lle, Liebesh\u00e4ndel, Ehekrisen, Morde und unterschwellige Konflikte zwischen Kirche und Staat pr\u00e4gen das Leben. Eugenius Wolek steigt in der Parteihierarchie auf. In der Gierek-\u00c4ra werden die Lebensumst\u00e4nde &hellip; Zweites Buch: Die verhaftete Madonna. Das kommunistische Polen weiterlesen &rarr;","og_url":"https:\/\/ludwig-witzani.de\/zu-den-grossen-traeumen\/zweites-buch-die-verhaftete-madonna-das-kommunistische-polen\/","og_site_name":"Ludwig Witzani","article_modified_time":"2025-06-03T10:32:51+00:00","twitter_card":"summary_large_image","twitter_misc":{"Gesch\u00e4tzte Lesezeit":"1\u00a0Minute"},"schema":{"@context":"https:\/\/schema.org","@graph":[{"@type":"WebPage","@id":"https:\/\/ludwig-witzani.de\/zu-den-grossen-traeumen\/zweites-buch-die-verhaftete-madonna-das-kommunistische-polen\/","url":"https:\/\/ludwig-witzani.de\/zu-den-grossen-traeumen\/zweites-buch-die-verhaftete-madonna-das-kommunistische-polen\/","name":"Zweites Buch: Die verhaftete Madonna. Das kommunistische Polen - Ludwig Witzani","isPartOf":{"@id":"https:\/\/ludwig-witzani.de\/zu-den-grossen-traeumen\/#website"},"datePublished":"2020-04-07T11:56:08+00:00","dateModified":"2025-06-03T10:32:51+00:00","breadcrumb":{"@id":"https:\/\/ludwig-witzani.de\/zu-den-grossen-traeumen\/zweites-buch-die-verhaftete-madonna-das-kommunistische-polen\/#breadcrumb"},"inLanguage":"de","potentialAction":[{"@type":"ReadAction","target":["https:\/\/ludwig-witzani.de\/zu-den-grossen-traeumen\/zweites-buch-die-verhaftete-madonna-das-kommunistische-polen\/"]}]},{"@type":"BreadcrumbList","@id":"https:\/\/ludwig-witzani.de\/zu-den-grossen-traeumen\/zweites-buch-die-verhaftete-madonna-das-kommunistische-polen\/#breadcrumb","itemListElement":[{"@type":"ListItem","position":1,"name":"Startseite","item":"https:\/\/ludwig-witzani.de\/zu-den-grossen-traeumen\/"},{"@type":"ListItem","position":2,"name":"Zweites Buch: Die verhaftete Madonna. Das kommunistische Polen"}]},{"@type":"WebSite","@id":"https:\/\/ludwig-witzani.de\/zu-den-grossen-traeumen\/#website","url":"https:\/\/ludwig-witzani.de\/zu-den-grossen-traeumen\/","name":"Ludwig Witzani","description":"World Wide Travel","potentialAction":[{"@type":"SearchAction","target":{"@type":"EntryPoint","urlTemplate":"https:\/\/ludwig-witzani.de\/zu-den-grossen-traeumen\/?s={search_term_string}"},"query-input":{"@type":"PropertyValueSpecification","valueRequired":true,"valueName":"search_term_string"}}],"inLanguage":"de"}]}},"jetpack_shortlink":"https:\/\/wp.me\/P4daYo-1TB","jetpack_sharing_enabled":true,"_links":{"self":[{"href":"https:\/\/ludwig-witzani.de\/zu-den-grossen-traeumen\/wp-json\/wp\/v2\/pages\/7291","targetHints":{"allow":["GET"]}}],"collection":[{"href":"https:\/\/ludwig-witzani.de\/zu-den-grossen-traeumen\/wp-json\/wp\/v2\/pages"}],"about":[{"href":"https:\/\/ludwig-witzani.de\/zu-den-grossen-traeumen\/wp-json\/wp\/v2\/types\/page"}],"author":[{"embeddable":true,"href":"https:\/\/ludwig-witzani.de\/zu-den-grossen-traeumen\/wp-json\/wp\/v2\/users\/2"}],"replies":[{"embeddable":true,"href":"https:\/\/ludwig-witzani.de\/zu-den-grossen-traeumen\/wp-json\/wp\/v2\/comments?post=7291"}],"version-history":[{"count":11,"href":"https:\/\/ludwig-witzani.de\/zu-den-grossen-traeumen\/wp-json\/wp\/v2\/pages\/7291\/revisions"}],"predecessor-version":[{"id":7482,"href":"https:\/\/ludwig-witzani.de\/zu-den-grossen-traeumen\/wp-json\/wp\/v2\/pages\/7291\/revisions\/7482"}],"wp:attachment":[{"href":"https:\/\/ludwig-witzani.de\/zu-den-grossen-traeumen\/wp-json\/wp\/v2\/media?parent=7291"}],"curies":[{"name":"wp","href":"https:\/\/api.w.org\/{rel}","templated":true}]}}