{"id":7282,"date":"2020-04-07T08:46:12","date_gmt":"2020-04-07T08:46:12","guid":{"rendered":"http:\/\/ludwig-witzani.de\/?page_id=7282"},"modified":"2025-06-03T10:32:51","modified_gmt":"2025-06-03T10:32:51","slug":"kapitel-8-die-reise-in-den-gulag","status":"publish","type":"page","link":"https:\/\/ludwig-witzani.de\/zu-den-grossen-traeumen\/kapitel-8-die-reise-in-den-gulag\/","title":{"rendered":"Kapitel 8: Die Reise in den Gulag"},"content":{"rendered":"<p><strong>Inhalt des Kapitels 8:&nbsp;<\/strong> Marek Plewka wird mit anderen Gefangenen in einem H\u00e4ftlingswaggon \u00fcber Wei\u00dfrussland nach Moskau transportiert. W\u00e4hrend der Fahrt lernt er seine Mith\u00e4ftlinge und deren Schicksale kennen. Verschiedene Figuren, Priester, Schieber, Kriminelle, Journalisten und ehemalige Kommunisten verdeutlichen die soziale Durchmischung der Deportierten. Nach seiner Ankunft in Moskau sitzt Marek eine Weile in der Butryka, dem ehemaligen Gef\u00e4ngnis des Zaren in einer engen Zelle mit Dutzenden anderer Gefangener. Marek &nbsp;erh\u00e4lt Einzelhaft und wird zu 20 Jahren Arbeitslager verurteilt. In einem verplombten Waggon mit Angeh\u00f6rigen aller sowjetischen V\u00f6lkerschaften beginnt die lange Reise der Verurteilten &nbsp;nach Osten. Unterwegs steigt ein ehemaliger Soldat der Armia Krawjowa in den Zug ein, der schon eine Odyssee durch die sowjetischen Lager hinter sich hat. In einem Gespr\u00e4ch wird das r\u00e4tselhafte Verschwinden aller polnischen Offiziere angedeutet. Der Zug f\u00e4hrt immer weiter nach Osten, \u00fcber den Ural hinaus bis nach Jekaterinburg.<\/p>\n<p><a href=\"http:\/\/ludwig-witzani.de\/leseprobe-kapitel-8-die-reise-in-den-gulag\/\">Leseprobe<\/a><\/p>\n<p><a href=\"http:\/\/ludwig-witzani.de\/das-dorf-zakepie\/\">Zur\u00fcck zur Startseite<\/a><\/p>\n","protected":false},"excerpt":{"rendered":"<p>Inhalt des Kapitels 8:&nbsp; Marek Plewka wird mit anderen Gefangenen in einem H\u00e4ftlingswaggon \u00fcber Wei\u00dfrussland nach Moskau transportiert. W\u00e4hrend der Fahrt lernt er seine Mith\u00e4ftlinge und deren Schicksale kennen. Verschiedene Figuren, Priester, Schieber, Kriminelle, Journalisten und ehemalige Kommunisten verdeutlichen die soziale Durchmischung der Deportierten. Nach seiner Ankunft in Moskau sitzt Marek eine Weile in der &hellip; <a href=\"https:\/\/ludwig-witzani.de\/zu-den-grossen-traeumen\/kapitel-8-die-reise-in-den-gulag\/\" class=\"more-link\"><span class=\"screen-reader-text\">Kapitel 8: Die Reise in den Gulag<\/span> weiterlesen <span class=\"meta-nav\">&rarr;<\/span><\/a><\/p>\n","protected":false},"author":2,"featured_media":0,"parent":0,"menu_order":0,"comment_status":"closed","ping_status":"closed","template":"","meta":{"ngg_post_thumbnail":0,"jetpack_post_was_ever_published":false,"footnotes":""},"class_list":["post-7282","page","type-page","status-publish","hentry"],"yoast_head":"<!-- This site is optimized with the Yoast SEO plugin v27.5 - https:\/\/yoast.com\/product\/yoast-seo-wordpress\/ -->\n<title>Kapitel 8: Die Reise in den Gulag - Ludwig Witzani<\/title>\n<meta name=\"robots\" content=\"index, follow, max-snippet:-1, max-image-preview:large, max-video-preview:-1\" \/>\n<link rel=\"canonical\" href=\"https:\/\/ludwig-witzani.de\/zu-den-grossen-traeumen\/kapitel-8-die-reise-in-den-gulag\/\" \/>\n<meta property=\"og:locale\" content=\"de_DE\" \/>\n<meta property=\"og:type\" content=\"article\" \/>\n<meta property=\"og:title\" content=\"Kapitel 8: Die Reise in den Gulag - Ludwig Witzani\" \/>\n<meta property=\"og:description\" content=\"Inhalt des Kapitels 8:&nbsp; Marek Plewka wird mit anderen Gefangenen in einem H\u00e4ftlingswaggon \u00fcber Wei\u00dfrussland nach Moskau transportiert. W\u00e4hrend der Fahrt lernt er seine Mith\u00e4ftlinge und deren Schicksale kennen. Verschiedene Figuren, Priester, Schieber, Kriminelle, Journalisten und ehemalige Kommunisten verdeutlichen die soziale Durchmischung der Deportierten. Nach seiner Ankunft in Moskau sitzt Marek eine Weile in der &hellip; Kapitel 8: Die Reise in den Gulag weiterlesen &rarr;\" \/>\n<meta property=\"og:url\" content=\"https:\/\/ludwig-witzani.de\/zu-den-grossen-traeumen\/kapitel-8-die-reise-in-den-gulag\/\" \/>\n<meta property=\"og:site_name\" content=\"Ludwig Witzani\" \/>\n<meta property=\"article:modified_time\" content=\"2025-06-03T10:32:51+00:00\" \/>\n<meta name=\"twitter:card\" content=\"summary_large_image\" \/>\n<meta name=\"twitter:label1\" content=\"Gesch\u00e4tzte Lesezeit\" \/>\n\t<meta name=\"twitter:data1\" content=\"1\u00a0Minute\" \/>\n<script type=\"application\/ld+json\" class=\"yoast-schema-graph\">{\"@context\":\"https:\\\/\\\/schema.org\",\"@graph\":[{\"@type\":\"WebPage\",\"@id\":\"https:\\\/\\\/ludwig-witzani.de\\\/zu-den-grossen-traeumen\\\/kapitel-8-die-reise-in-den-gulag\\\/\",\"url\":\"https:\\\/\\\/ludwig-witzani.de\\\/zu-den-grossen-traeumen\\\/kapitel-8-die-reise-in-den-gulag\\\/\",\"name\":\"Kapitel 8: Die Reise in den Gulag - Ludwig Witzani\",\"isPartOf\":{\"@id\":\"https:\\\/\\\/ludwig-witzani.de\\\/zu-den-grossen-traeumen\\\/#website\"},\"datePublished\":\"2020-04-07T08:46:12+00:00\",\"dateModified\":\"2025-06-03T10:32:51+00:00\",\"breadcrumb\":{\"@id\":\"https:\\\/\\\/ludwig-witzani.de\\\/zu-den-grossen-traeumen\\\/kapitel-8-die-reise-in-den-gulag\\\/#breadcrumb\"},\"inLanguage\":\"de\",\"potentialAction\":[{\"@type\":\"ReadAction\",\"target\":[\"https:\\\/\\\/ludwig-witzani.de\\\/zu-den-grossen-traeumen\\\/kapitel-8-die-reise-in-den-gulag\\\/\"]}]},{\"@type\":\"BreadcrumbList\",\"@id\":\"https:\\\/\\\/ludwig-witzani.de\\\/zu-den-grossen-traeumen\\\/kapitel-8-die-reise-in-den-gulag\\\/#breadcrumb\",\"itemListElement\":[{\"@type\":\"ListItem\",\"position\":1,\"name\":\"Startseite\",\"item\":\"https:\\\/\\\/ludwig-witzani.de\\\/zu-den-grossen-traeumen\\\/\"},{\"@type\":\"ListItem\",\"position\":2,\"name\":\"Kapitel 8: Die Reise in den Gulag\"}]},{\"@type\":\"WebSite\",\"@id\":\"https:\\\/\\\/ludwig-witzani.de\\\/zu-den-grossen-traeumen\\\/#website\",\"url\":\"https:\\\/\\\/ludwig-witzani.de\\\/zu-den-grossen-traeumen\\\/\",\"name\":\"Ludwig Witzani\",\"description\":\"World Wide Travel\",\"potentialAction\":[{\"@type\":\"SearchAction\",\"target\":{\"@type\":\"EntryPoint\",\"urlTemplate\":\"https:\\\/\\\/ludwig-witzani.de\\\/zu-den-grossen-traeumen\\\/?s={search_term_string}\"},\"query-input\":{\"@type\":\"PropertyValueSpecification\",\"valueRequired\":true,\"valueName\":\"search_term_string\"}}],\"inLanguage\":\"de\"}]}<\/script>\n<!-- \/ Yoast SEO plugin. -->","yoast_head_json":{"title":"Kapitel 8: Die Reise in den Gulag - Ludwig Witzani","robots":{"index":"index","follow":"follow","max-snippet":"max-snippet:-1","max-image-preview":"max-image-preview:large","max-video-preview":"max-video-preview:-1"},"canonical":"https:\/\/ludwig-witzani.de\/zu-den-grossen-traeumen\/kapitel-8-die-reise-in-den-gulag\/","og_locale":"de_DE","og_type":"article","og_title":"Kapitel 8: Die Reise in den Gulag - Ludwig Witzani","og_description":"Inhalt des Kapitels 8:&nbsp; Marek Plewka wird mit anderen Gefangenen in einem H\u00e4ftlingswaggon \u00fcber Wei\u00dfrussland nach Moskau transportiert. W\u00e4hrend der Fahrt lernt er seine Mith\u00e4ftlinge und deren Schicksale kennen. Verschiedene Figuren, Priester, Schieber, Kriminelle, Journalisten und ehemalige Kommunisten verdeutlichen die soziale Durchmischung der Deportierten. Nach seiner Ankunft in Moskau sitzt Marek eine Weile in der &hellip; Kapitel 8: Die Reise in den Gulag weiterlesen &rarr;","og_url":"https:\/\/ludwig-witzani.de\/zu-den-grossen-traeumen\/kapitel-8-die-reise-in-den-gulag\/","og_site_name":"Ludwig Witzani","article_modified_time":"2025-06-03T10:32:51+00:00","twitter_card":"summary_large_image","twitter_misc":{"Gesch\u00e4tzte Lesezeit":"1\u00a0Minute"},"schema":{"@context":"https:\/\/schema.org","@graph":[{"@type":"WebPage","@id":"https:\/\/ludwig-witzani.de\/zu-den-grossen-traeumen\/kapitel-8-die-reise-in-den-gulag\/","url":"https:\/\/ludwig-witzani.de\/zu-den-grossen-traeumen\/kapitel-8-die-reise-in-den-gulag\/","name":"Kapitel 8: Die Reise in den Gulag - Ludwig Witzani","isPartOf":{"@id":"https:\/\/ludwig-witzani.de\/zu-den-grossen-traeumen\/#website"},"datePublished":"2020-04-07T08:46:12+00:00","dateModified":"2025-06-03T10:32:51+00:00","breadcrumb":{"@id":"https:\/\/ludwig-witzani.de\/zu-den-grossen-traeumen\/kapitel-8-die-reise-in-den-gulag\/#breadcrumb"},"inLanguage":"de","potentialAction":[{"@type":"ReadAction","target":["https:\/\/ludwig-witzani.de\/zu-den-grossen-traeumen\/kapitel-8-die-reise-in-den-gulag\/"]}]},{"@type":"BreadcrumbList","@id":"https:\/\/ludwig-witzani.de\/zu-den-grossen-traeumen\/kapitel-8-die-reise-in-den-gulag\/#breadcrumb","itemListElement":[{"@type":"ListItem","position":1,"name":"Startseite","item":"https:\/\/ludwig-witzani.de\/zu-den-grossen-traeumen\/"},{"@type":"ListItem","position":2,"name":"Kapitel 8: Die Reise in den Gulag"}]},{"@type":"WebSite","@id":"https:\/\/ludwig-witzani.de\/zu-den-grossen-traeumen\/#website","url":"https:\/\/ludwig-witzani.de\/zu-den-grossen-traeumen\/","name":"Ludwig Witzani","description":"World Wide Travel","potentialAction":[{"@type":"SearchAction","target":{"@type":"EntryPoint","urlTemplate":"https:\/\/ludwig-witzani.de\/zu-den-grossen-traeumen\/?s={search_term_string}"},"query-input":{"@type":"PropertyValueSpecification","valueRequired":true,"valueName":"search_term_string"}}],"inLanguage":"de"}]}},"jetpack_shortlink":"https:\/\/wp.me\/P4daYo-1Ts","jetpack_sharing_enabled":true,"_links":{"self":[{"href":"https:\/\/ludwig-witzani.de\/zu-den-grossen-traeumen\/wp-json\/wp\/v2\/pages\/7282","targetHints":{"allow":["GET"]}}],"collection":[{"href":"https:\/\/ludwig-witzani.de\/zu-den-grossen-traeumen\/wp-json\/wp\/v2\/pages"}],"about":[{"href":"https:\/\/ludwig-witzani.de\/zu-den-grossen-traeumen\/wp-json\/wp\/v2\/types\/page"}],"author":[{"embeddable":true,"href":"https:\/\/ludwig-witzani.de\/zu-den-grossen-traeumen\/wp-json\/wp\/v2\/users\/2"}],"replies":[{"embeddable":true,"href":"https:\/\/ludwig-witzani.de\/zu-den-grossen-traeumen\/wp-json\/wp\/v2\/comments?post=7282"}],"version-history":[{"count":2,"href":"https:\/\/ludwig-witzani.de\/zu-den-grossen-traeumen\/wp-json\/wp\/v2\/pages\/7282\/revisions"}],"predecessor-version":[{"id":7287,"href":"https:\/\/ludwig-witzani.de\/zu-den-grossen-traeumen\/wp-json\/wp\/v2\/pages\/7282\/revisions\/7287"}],"wp:attachment":[{"href":"https:\/\/ludwig-witzani.de\/zu-den-grossen-traeumen\/wp-json\/wp\/v2\/media?parent=7282"}],"curies":[{"name":"wp","href":"https:\/\/api.w.org\/{rel}","templated":true}]}}

<p><strong>Inhalt des Kapitels 8:&nbsp;</strong> Marek Plewka wird mit anderen Gefangenen in einem Häftlingswaggon über Weißrussland nach Moskau transportiert. Während der Fahrt lernt er seine Mithäftlinge und deren Schicksale kennen. Verschiedene Figuren, Priester, Schieber, Kriminelle, Journalisten und ehemalige Kommunisten verdeutlichen die soziale Durchmischung der Deportierten. Nach seiner Ankunft in Moskau sitzt Marek eine Weile in der Butryka, dem ehemaligen Gefängnis des Zaren in einer engen Zelle mit Dutzenden anderer Gefangener. Marek &nbsp;erhält Einzelhaft und wird zu 20 Jahren Arbeitslager verurteilt. In einem verplombten Waggon mit Angehörigen aller sowjetischen Völkerschaften beginnt die lange Reise der Verurteilten &nbsp;nach Osten. Unterwegs steigt ein ehemaliger Soldat der Armia Krawjowa in den Zug ein, der schon eine Odyssee durch die sowjetischen Lager hinter sich hat. In einem Gespräch wird das rätselhafte Verschwinden aller polnischen Offiziere angedeutet. Der Zug fährt immer weiter nach Osten, über den Ural hinaus bis nach Jekaterinburg.</p>
<p><a href="http://ludwig-witzani.de/leseprobe-kapitel-8-die-reise-in-den-gulag/">Leseprobe</a></p>
<p><a href="http://ludwig-witzani.de/das-dorf-zakepie/">Zurück zur Startseite</a></p>

<p>Inhalt des Kapitels 8:&nbsp; Marek Plewka wird mit anderen Gefangenen in einem Häftlingswaggon über Weißrussland nach Moskau transportiert. Während der Fahrt lernt er seine Mithäftlinge und deren Schicksale kennen. Verschiedene Figuren, Priester, Schieber, Kriminelle, Journalisten und ehemalige Kommunisten verdeutlichen die soziale Durchmischung der Deportierten. Nach seiner Ankunft in Moskau sitzt Marek eine Weile in der &hellip; <a href="https://ludwig-witzani.de/zu-den-grossen-traeumen/kapitel-8-die-reise-in-den-gulag/" class="more-link"><span class="screen-reader-text">Kapitel 8: Die Reise in den Gulag</span> weiterlesen <span class="meta-nav">&rarr;</span></a></p>

<!-- This site is optimized with the Yoast SEO plugin v27.5 - https://yoast.com/product/yoast-seo-wordpress/ -->
<title>Kapitel 8: Die Reise in den Gulag - Ludwig Witzani</title>
<meta name="robots" content="index, follow, max-snippet:-1, max-image-preview:large, max-video-preview:-1" />
<link rel="canonical" href="https://ludwig-witzani.de/zu-den-grossen-traeumen/kapitel-8-die-reise-in-den-gulag/" />
<meta property="og:locale" content="de_DE" />
<meta property="og:type" content="article" />
<meta property="og:title" content="Kapitel 8: Die Reise in den Gulag - Ludwig Witzani" />
<meta property="og:description" content="Inhalt des Kapitels 8:&nbsp; Marek Plewka wird mit anderen Gefangenen in einem Häftlingswaggon über Weißrussland nach Moskau transportiert. Während der Fahrt lernt er seine Mithäftlinge und deren Schicksale kennen. Verschiedene Figuren, Priester, Schieber, Kriminelle, Journalisten und ehemalige Kommunisten verdeutlichen die soziale Durchmischung der Deportierten. Nach seiner Ankunft in Moskau sitzt Marek eine Weile in der &hellip; Kapitel 8: Die Reise in den Gulag weiterlesen &rarr;" />
<meta property="og:url" content="https://ludwig-witzani.de/zu-den-grossen-traeumen/kapitel-8-die-reise-in-den-gulag/" />
<meta property="og:site_name" content="Ludwig Witzani" />
<meta property="article:modified_time" content="2025-06-03T10:32:51+00:00" />
<meta name="twitter:card" content="summary_large_image" />
<meta name="twitter:label1" content="Geschätzte Lesezeit" />
	<meta name="twitter:data1" content="1 Minute" />
<script type="application/ld+json" class="yoast-schema-graph">{"@context":"https:\/\/schema.org","@graph":[{"@type":"WebPage","@id":"https:\/\/ludwig-witzani.de\/zu-den-grossen-traeumen\/kapitel-8-die-reise-in-den-gulag\/","url":"https:\/\/ludwig-witzani.de\/zu-den-grossen-traeumen\/kapitel-8-die-reise-in-den-gulag\/","name":"Kapitel 8: Die Reise in den Gulag - Ludwig Witzani","isPartOf":{"@id":"https:\/\/ludwig-witzani.de\/zu-den-grossen-traeumen\/#website"},"datePublished":"2020-04-07T08:46:12+00:00","dateModified":"2025-06-03T10:32:51+00:00","breadcrumb":{"@id":"https:\/\/ludwig-witzani.de\/zu-den-grossen-traeumen\/kapitel-8-die-reise-in-den-gulag\/#breadcrumb"},"inLanguage":"de","potentialAction":[{"@type":"ReadAction","target":["https:\/\/ludwig-witzani.de\/zu-den-grossen-traeumen\/kapitel-8-die-reise-in-den-gulag\/"]}]},{"@type":"BreadcrumbList","@id":"https:\/\/ludwig-witzani.de\/zu-den-grossen-traeumen\/kapitel-8-die-reise-in-den-gulag\/#breadcrumb","itemListElement":[{"@type":"ListItem","position":1,"name":"Startseite","item":"https:\/\/ludwig-witzani.de\/zu-den-grossen-traeumen\/"},{"@type":"ListItem","position":2,"name":"Kapitel 8: Die Reise in den Gulag"}]},{"@type":"WebSite","@id":"https:\/\/ludwig-witzani.de\/zu-den-grossen-traeumen\/#website","url":"https:\/\/ludwig-witzani.de\/zu-den-grossen-traeumen\/","name":"Ludwig Witzani","description":"World Wide Travel","potentialAction":[{"@type":"SearchAction","target":{"@type":"EntryPoint","urlTemplate":"https:\/\/ludwig-witzani.de\/zu-den-grossen-traeumen\/?s={search_term_string}"},"query-input":{"@type":"PropertyValueSpecification","valueRequired":true,"valueName":"search_term_string"}}],"inLanguage":"de"}]}</script>
<!-- / Yoast SEO plugin. -->

Inhalt des Kapitels 8:&nbsp; Marek Plewka wird mit anderen Gefangenen in einem Häftlingswaggon über Weißrussland nach Moskau transportiert. Während der Fahrt lernt er seine Mithäftlinge und deren Schicksale kennen. Verschiedene Figuren, Priester, Schieber, Kriminelle, Journalisten und ehemalige Kommunisten verdeutlichen die soziale Durchmischung der Deportierten. Nach seiner Ankunft in Moskau sitzt Marek eine Weile in der &hellip; Kapitel 8: Die Reise in den Gulag weiterlesen &rarr;
