{"id":7271,"date":"2020-04-07T08:35:58","date_gmt":"2020-04-07T08:35:58","guid":{"rendered":"http:\/\/ludwig-witzani.de\/?page_id=7271"},"modified":"2025-06-03T10:32:51","modified_gmt":"2025-06-03T10:32:51","slug":"kapitel-7-der-kommunismus-schreitet-voran","status":"publish","type":"page","link":"https:\/\/ludwig-witzani.de\/zu-den-grossen-traeumen\/kapitel-7-der-kommunismus-schreitet-voran\/","title":{"rendered":"Kapitel 7: Der Kommunismus schreitet voran"},"content":{"rendered":"<p><strong>Inhalt von Kapitel 7<\/strong>: Im Mittelpunkt dieses Kapitels&nbsp; steht die Machtergreifung der Kommunisten im russisch besetzten Polen. Der russische Kommandant von Lukow, Major Medrewzow, l\u00e4sst alle &#8222;Kapitalisten&#8220;, unter ihnen auch Marek Plewka verhaften. Auf der anderen Seite versuchen die Russen, Arbeiter und Bauern f\u00fcr sich zu gewinnen, was aber aufgrund ihrer Abgaben- und Wirtschaftspolitik fehlschl\u00e4gt. Ma\u00dfgeblicher Handlungstr\u00e4ger dieses Kapitels ist der Jude Szmul Goldstyn, der im Keller von Lukow \u00fcberlebt hatte &nbsp;und als \u00dcbersetzer und &nbsp;Offizier im Dienst der Russen nach Zakepie zur\u00fcckkehrt. Er sorgt daf\u00fcr, dass Marek Plewka, der als Kapitalist verhaftet wurde, wieder freikommt und versucht ihn als Spitzel anzuwerben. Marek kehrt nach Zakepie zur\u00fcck und schlie\u00dft sich Widerstandzelle des Priesters Antek Konklowski an, zu der auch Jozef und der Bauer Zypschek Brosz aus Czarna geh\u00f6ren. Zpyschek Brosz war dem Massaker von Jozefuw entkommen, hatte dabei aber seinen \u00e4ltesten Sohn Gustav verloren. Sein zweit\u00e4ltester Sohn Pjotr war mit Edmund Wolek zur Armina Krajowa nach S\u00fcdpolen gegangen. Sein j\u00fcngster Sohn hie\u00df Pawel.<\/p>\n<p>&nbsp; Die Widerstandszelle von Zakepie&nbsp; unterst\u00fctzt die Bauernpartei im gesamtpolnischen Wahlkampf. Die Bauernpartei ist zu diesem Zeitpunkt&nbsp; zusammen mit den Kommunisten Teil einer gesamtpolnischen Regierung und hofft, nach einem Wahlsieg die Regierung in Warszawa zu \u00fcbernehmen. Der durch den Auftritt eines charismatischen jungen S\u00e4ngers zun\u00e4chst sehr erfolgreiche Wahlkampf der Bauernpartei wird durch einen brutalen Mord beendet.&nbsp; Als der Priester Antek Konklowski die Kommunisten \u00f6ffentlich des Mordes an den Wahlk\u00e4mpfern der Bauernpartei anklagt, wird er verhaftet. Inzwischen war es der Roten Armee und polnischen Kommunisten gelungen, die Reste der Armia Krajowa in S\u00fcdpolen zu zerschlagen. Dabei findet Jozefs Bruder Edmund den Tod, sein Freund Pjotr Brosz wird bei seiner R\u00fcckkehr von den&nbsp; Kommunisten gefangengenommen. Ums seinen Sohn zu retten, verr\u00e4t Zpyschek Brosz den Priester. Der Priester Antek Konklowski wird verhaftet, verh\u00f6rt und erschossen. Sein Helfer Marek Plewka wird zur Deportation nach Sibirien verurteilt, Szmul Goldstyn verl\u00e4sst das Land. Die gesamtpolnischen Wahlen werden gef\u00e4lscht, die kommunistische Herrschaft ist etabliert.<\/p>\n<p><a href=\"http:\/\/ludwig-witzani.de\/leseprobe-kapitel-7-der-kommunismus-schreitet-voran\/\">Leseprobe Kapitel 7<\/a><\/p>\n<p><a href=\"http:\/\/ludwig-witzani.de\/stammtafel-der-familien-kaminski-wolek-brosz-und-gontasch\/\">Stammtafel<\/a><\/p>\n<p><a href=\"http:\/\/ludwig-witzani.de\/das-dorf-zakepie\/\">Zur\u00fcck zur Startseite<\/a><\/p>\n","protected":false},"excerpt":{"rendered":"<p>Inhalt von Kapitel 7: Im Mittelpunkt dieses Kapitels&nbsp; steht die Machtergreifung der Kommunisten im russisch besetzten Polen. Der russische Kommandant von Lukow, Major Medrewzow, l\u00e4sst alle &#8222;Kapitalisten&#8220;, unter ihnen auch Marek Plewka verhaften. Auf der anderen Seite versuchen die Russen, Arbeiter und Bauern f\u00fcr sich zu gewinnen, was aber aufgrund ihrer Abgaben- und Wirtschaftspolitik fehlschl\u00e4gt. &hellip; <a href=\"https:\/\/ludwig-witzani.de\/zu-den-grossen-traeumen\/kapitel-7-der-kommunismus-schreitet-voran\/\" class=\"more-link\"><span class=\"screen-reader-text\">Kapitel 7: Der Kommunismus schreitet voran<\/span> weiterlesen <span class=\"meta-nav\">&rarr;<\/span><\/a><\/p>\n","protected":false},"author":2,"featured_media":0,"parent":0,"menu_order":0,"comment_status":"closed","ping_status":"closed","template":"","meta":{"ngg_post_thumbnail":0,"jetpack_post_was_ever_published":false,"footnotes":""},"class_list":["post-7271","page","type-page","status-publish","hentry"],"yoast_head":"<!-- This site is optimized with the Yoast SEO plugin v27.5 - https:\/\/yoast.com\/product\/yoast-seo-wordpress\/ -->\n<title>Kapitel 7: Der Kommunismus schreitet voran - Ludwig Witzani<\/title>\n<meta name=\"robots\" content=\"index, follow, max-snippet:-1, max-image-preview:large, max-video-preview:-1\" \/>\n<link rel=\"canonical\" href=\"https:\/\/ludwig-witzani.de\/zu-den-grossen-traeumen\/kapitel-7-der-kommunismus-schreitet-voran\/\" \/>\n<meta property=\"og:locale\" content=\"de_DE\" \/>\n<meta property=\"og:type\" content=\"article\" \/>\n<meta property=\"og:title\" content=\"Kapitel 7: Der Kommunismus schreitet voran - Ludwig Witzani\" \/>\n<meta property=\"og:description\" content=\"Inhalt von Kapitel 7: Im Mittelpunkt dieses Kapitels&nbsp; steht die Machtergreifung der Kommunisten im russisch besetzten Polen. Der russische Kommandant von Lukow, Major Medrewzow, l\u00e4sst alle &#8222;Kapitalisten&#8220;, unter ihnen auch Marek Plewka verhaften. Auf der anderen Seite versuchen die Russen, Arbeiter und Bauern f\u00fcr sich zu gewinnen, was aber aufgrund ihrer Abgaben- und Wirtschaftspolitik fehlschl\u00e4gt. &hellip; Kapitel 7: Der Kommunismus schreitet voran weiterlesen &rarr;\" \/>\n<meta property=\"og:url\" content=\"https:\/\/ludwig-witzani.de\/zu-den-grossen-traeumen\/kapitel-7-der-kommunismus-schreitet-voran\/\" \/>\n<meta property=\"og:site_name\" content=\"Ludwig Witzani\" \/>\n<meta property=\"article:modified_time\" content=\"2025-06-03T10:32:51+00:00\" \/>\n<meta name=\"twitter:card\" content=\"summary_large_image\" \/>\n<meta name=\"twitter:label1\" content=\"Gesch\u00e4tzte Lesezeit\" \/>\n\t<meta name=\"twitter:data1\" content=\"2\u00a0Minuten\" \/>\n<script type=\"application\/ld+json\" class=\"yoast-schema-graph\">{\"@context\":\"https:\\\/\\\/schema.org\",\"@graph\":[{\"@type\":\"WebPage\",\"@id\":\"https:\\\/\\\/ludwig-witzani.de\\\/zu-den-grossen-traeumen\\\/kapitel-7-der-kommunismus-schreitet-voran\\\/\",\"url\":\"https:\\\/\\\/ludwig-witzani.de\\\/zu-den-grossen-traeumen\\\/kapitel-7-der-kommunismus-schreitet-voran\\\/\",\"name\":\"Kapitel 7: Der Kommunismus schreitet voran - Ludwig Witzani\",\"isPartOf\":{\"@id\":\"https:\\\/\\\/ludwig-witzani.de\\\/zu-den-grossen-traeumen\\\/#website\"},\"datePublished\":\"2020-04-07T08:35:58+00:00\",\"dateModified\":\"2025-06-03T10:32:51+00:00\",\"breadcrumb\":{\"@id\":\"https:\\\/\\\/ludwig-witzani.de\\\/zu-den-grossen-traeumen\\\/kapitel-7-der-kommunismus-schreitet-voran\\\/#breadcrumb\"},\"inLanguage\":\"de\",\"potentialAction\":[{\"@type\":\"ReadAction\",\"target\":[\"https:\\\/\\\/ludwig-witzani.de\\\/zu-den-grossen-traeumen\\\/kapitel-7-der-kommunismus-schreitet-voran\\\/\"]}]},{\"@type\":\"BreadcrumbList\",\"@id\":\"https:\\\/\\\/ludwig-witzani.de\\\/zu-den-grossen-traeumen\\\/kapitel-7-der-kommunismus-schreitet-voran\\\/#breadcrumb\",\"itemListElement\":[{\"@type\":\"ListItem\",\"position\":1,\"name\":\"Startseite\",\"item\":\"https:\\\/\\\/ludwig-witzani.de\\\/zu-den-grossen-traeumen\\\/\"},{\"@type\":\"ListItem\",\"position\":2,\"name\":\"Kapitel 7: Der Kommunismus schreitet voran\"}]},{\"@type\":\"WebSite\",\"@id\":\"https:\\\/\\\/ludwig-witzani.de\\\/zu-den-grossen-traeumen\\\/#website\",\"url\":\"https:\\\/\\\/ludwig-witzani.de\\\/zu-den-grossen-traeumen\\\/\",\"name\":\"Ludwig Witzani\",\"description\":\"World Wide Travel\",\"potentialAction\":[{\"@type\":\"SearchAction\",\"target\":{\"@type\":\"EntryPoint\",\"urlTemplate\":\"https:\\\/\\\/ludwig-witzani.de\\\/zu-den-grossen-traeumen\\\/?s={search_term_string}\"},\"query-input\":{\"@type\":\"PropertyValueSpecification\",\"valueRequired\":true,\"valueName\":\"search_term_string\"}}],\"inLanguage\":\"de\"}]}<\/script>\n<!-- \/ Yoast SEO plugin. -->","yoast_head_json":{"title":"Kapitel 7: Der Kommunismus schreitet voran - Ludwig Witzani","robots":{"index":"index","follow":"follow","max-snippet":"max-snippet:-1","max-image-preview":"max-image-preview:large","max-video-preview":"max-video-preview:-1"},"canonical":"https:\/\/ludwig-witzani.de\/zu-den-grossen-traeumen\/kapitel-7-der-kommunismus-schreitet-voran\/","og_locale":"de_DE","og_type":"article","og_title":"Kapitel 7: Der Kommunismus schreitet voran - Ludwig Witzani","og_description":"Inhalt von Kapitel 7: Im Mittelpunkt dieses Kapitels&nbsp; steht die Machtergreifung der Kommunisten im russisch besetzten Polen. Der russische Kommandant von Lukow, Major Medrewzow, l\u00e4sst alle &#8222;Kapitalisten&#8220;, unter ihnen auch Marek Plewka verhaften. Auf der anderen Seite versuchen die Russen, Arbeiter und Bauern f\u00fcr sich zu gewinnen, was aber aufgrund ihrer Abgaben- und Wirtschaftspolitik fehlschl\u00e4gt. &hellip; Kapitel 7: Der Kommunismus schreitet voran weiterlesen &rarr;","og_url":"https:\/\/ludwig-witzani.de\/zu-den-grossen-traeumen\/kapitel-7-der-kommunismus-schreitet-voran\/","og_site_name":"Ludwig Witzani","article_modified_time":"2025-06-03T10:32:51+00:00","twitter_card":"summary_large_image","twitter_misc":{"Gesch\u00e4tzte Lesezeit":"2\u00a0Minuten"},"schema":{"@context":"https:\/\/schema.org","@graph":[{"@type":"WebPage","@id":"https:\/\/ludwig-witzani.de\/zu-den-grossen-traeumen\/kapitel-7-der-kommunismus-schreitet-voran\/","url":"https:\/\/ludwig-witzani.de\/zu-den-grossen-traeumen\/kapitel-7-der-kommunismus-schreitet-voran\/","name":"Kapitel 7: Der Kommunismus schreitet voran - Ludwig Witzani","isPartOf":{"@id":"https:\/\/ludwig-witzani.de\/zu-den-grossen-traeumen\/#website"},"datePublished":"2020-04-07T08:35:58+00:00","dateModified":"2025-06-03T10:32:51+00:00","breadcrumb":{"@id":"https:\/\/ludwig-witzani.de\/zu-den-grossen-traeumen\/kapitel-7-der-kommunismus-schreitet-voran\/#breadcrumb"},"inLanguage":"de","potentialAction":[{"@type":"ReadAction","target":["https:\/\/ludwig-witzani.de\/zu-den-grossen-traeumen\/kapitel-7-der-kommunismus-schreitet-voran\/"]}]},{"@type":"BreadcrumbList","@id":"https:\/\/ludwig-witzani.de\/zu-den-grossen-traeumen\/kapitel-7-der-kommunismus-schreitet-voran\/#breadcrumb","itemListElement":[{"@type":"ListItem","position":1,"name":"Startseite","item":"https:\/\/ludwig-witzani.de\/zu-den-grossen-traeumen\/"},{"@type":"ListItem","position":2,"name":"Kapitel 7: Der Kommunismus schreitet voran"}]},{"@type":"WebSite","@id":"https:\/\/ludwig-witzani.de\/zu-den-grossen-traeumen\/#website","url":"https:\/\/ludwig-witzani.de\/zu-den-grossen-traeumen\/","name":"Ludwig Witzani","description":"World Wide Travel","potentialAction":[{"@type":"SearchAction","target":{"@type":"EntryPoint","urlTemplate":"https:\/\/ludwig-witzani.de\/zu-den-grossen-traeumen\/?s={search_term_string}"},"query-input":{"@type":"PropertyValueSpecification","valueRequired":true,"valueName":"search_term_string"}}],"inLanguage":"de"}]}},"jetpack_shortlink":"https:\/\/wp.me\/P4daYo-1Th","jetpack_sharing_enabled":true,"_links":{"self":[{"href":"https:\/\/ludwig-witzani.de\/zu-den-grossen-traeumen\/wp-json\/wp\/v2\/pages\/7271","targetHints":{"allow":["GET"]}}],"collection":[{"href":"https:\/\/ludwig-witzani.de\/zu-den-grossen-traeumen\/wp-json\/wp\/v2\/pages"}],"about":[{"href":"https:\/\/ludwig-witzani.de\/zu-den-grossen-traeumen\/wp-json\/wp\/v2\/types\/page"}],"author":[{"embeddable":true,"href":"https:\/\/ludwig-witzani.de\/zu-den-grossen-traeumen\/wp-json\/wp\/v2\/users\/2"}],"replies":[{"embeddable":true,"href":"https:\/\/ludwig-witzani.de\/zu-den-grossen-traeumen\/wp-json\/wp\/v2\/comments?post=7271"}],"version-history":[{"count":5,"href":"https:\/\/ludwig-witzani.de\/zu-den-grossen-traeumen\/wp-json\/wp\/v2\/pages\/7271\/revisions"}],"predecessor-version":[{"id":7338,"href":"https:\/\/ludwig-witzani.de\/zu-den-grossen-traeumen\/wp-json\/wp\/v2\/pages\/7271\/revisions\/7338"}],"wp:attachment":[{"href":"https:\/\/ludwig-witzani.de\/zu-den-grossen-traeumen\/wp-json\/wp\/v2\/media?parent=7271"}],"curies":[{"name":"wp","href":"https:\/\/api.w.org\/{rel}","templated":true}]}}