{"id":7242,"date":"2020-04-07T08:04:02","date_gmt":"2020-04-07T08:04:02","guid":{"rendered":"http:\/\/ludwig-witzani.de\/?page_id=7242"},"modified":"2025-06-03T10:32:51","modified_gmt":"2025-06-03T10:32:51","slug":"kapitel-3-der-krieg","status":"publish","type":"page","link":"https:\/\/ludwig-witzani.de\/zu-den-grossen-traeumen\/kapitel-3-der-krieg\/","title":{"rendered":"Kapitel 3: Der Krieg"},"content":{"rendered":"<p>Nach dem Ausbruch des Zweiten Weltkrieges bricht der polnische Staat schnell zusammen. Die Einwohner von Zakpie beobachten die deutschen Bomberstaffeln am Himmel. Fl\u00fcchtlingsstr\u00f6me aus West- und Ostpolen, wo inzwischen die Sowjets eimarschiert sind, fluten vor\u00fcber. Die&nbsp; Deutschen besetzen unter der Leitung von Hauptmann Baller den Bezirk von Lukow und beginnen sofort mit der Liquidierung der polnischen Intelligenz. Hauptmann Baller veranlasst die Gr\u00fcndung bewaffneter volksdeutscher Selbstschutzverb\u00e4nde, um die Kontrolle&nbsp; \u00fcber das flache Land zu sichern. Bei einem Treffen aller volksdeutschen Bauern mit Hauptmann Baller wird \u00fcber die Zukunft Polens diskutiert. Dabei werden schwerwiegende Differenzen zwischen den Volksdeutschen sichtbar, vor allem zwischen Adolf Kasner, dem angesehensten Bauern des Bezirks und Friedrich Bek, dem Leiter des Selbstschutzverbandes, der ein Auge auf die Felder seines polnischen Nachbarn geworfen hat.&nbsp; Kollaborierende Polen werden in den deutschen Herrschaftsapparat mit einbezogen, die Entrechtung und Ermordung der Juden beginnt. Auf dem Land grassiert das R\u00e4uberunwesen. H\u00f6fe werden \u00fcberfallen, und ihre Bewohner abgeschlachtet.<\/p>\n<p><a href=\"http:\/\/ludwig-witzani.de\/leseprobe-kapitel-3-der-krieg\/\">Leseprobe Kapitel 3<\/a><\/p>\n<p><a href=\"http:\/\/ludwig-witzani.de\/stammtafel-der-familien-kaminski-wolek-brosz-und-gontasch\/\">Stammtafel<\/a><\/p>\n<p><a href=\"http:\/\/ludwig-witzani.de\/das-dorf-zakepie\/\">Zur\u00fcck zur Startseite<\/a><\/p>\n","protected":false},"excerpt":{"rendered":"<p>Nach dem Ausbruch des Zweiten Weltkrieges bricht der polnische Staat schnell zusammen. Die Einwohner von Zakpie beobachten die deutschen Bomberstaffeln am Himmel. Fl\u00fcchtlingsstr\u00f6me aus West- und Ostpolen, wo inzwischen die Sowjets eimarschiert sind, fluten vor\u00fcber. Die&nbsp; Deutschen besetzen unter der Leitung von Hauptmann Baller den Bezirk von Lukow und beginnen sofort mit der Liquidierung der &hellip; <a href=\"https:\/\/ludwig-witzani.de\/zu-den-grossen-traeumen\/kapitel-3-der-krieg\/\" class=\"more-link\"><span class=\"screen-reader-text\">Kapitel 3: Der Krieg<\/span> weiterlesen <span class=\"meta-nav\">&rarr;<\/span><\/a><\/p>\n","protected":false},"author":2,"featured_media":0,"parent":0,"menu_order":0,"comment_status":"closed","ping_status":"closed","template":"","meta":{"ngg_post_thumbnail":0,"jetpack_post_was_ever_published":false,"footnotes":""},"class_list":["post-7242","page","type-page","status-publish","hentry"],"yoast_head":"<!-- This site is optimized with the Yoast SEO plugin v27.5 - https:\/\/yoast.com\/product\/yoast-seo-wordpress\/ -->\n<title>Kapitel 3: Der Krieg - Ludwig Witzani<\/title>\n<meta name=\"robots\" content=\"index, follow, max-snippet:-1, max-image-preview:large, max-video-preview:-1\" \/>\n<link rel=\"canonical\" href=\"https:\/\/ludwig-witzani.de\/zu-den-grossen-traeumen\/kapitel-3-der-krieg\/\" \/>\n<meta property=\"og:locale\" content=\"de_DE\" \/>\n<meta property=\"og:type\" content=\"article\" \/>\n<meta property=\"og:title\" content=\"Kapitel 3: Der Krieg - Ludwig Witzani\" \/>\n<meta property=\"og:description\" content=\"Nach dem Ausbruch des Zweiten Weltkrieges bricht der polnische Staat schnell zusammen. Die Einwohner von Zakpie beobachten die deutschen Bomberstaffeln am Himmel. Fl\u00fcchtlingsstr\u00f6me aus West- und Ostpolen, wo inzwischen die Sowjets eimarschiert sind, fluten vor\u00fcber. Die&nbsp; Deutschen besetzen unter der Leitung von Hauptmann Baller den Bezirk von Lukow und beginnen sofort mit der Liquidierung der &hellip; Kapitel 3: Der Krieg weiterlesen &rarr;\" \/>\n<meta property=\"og:url\" content=\"https:\/\/ludwig-witzani.de\/zu-den-grossen-traeumen\/kapitel-3-der-krieg\/\" \/>\n<meta property=\"og:site_name\" content=\"Ludwig Witzani\" \/>\n<meta property=\"article:modified_time\" content=\"2025-06-03T10:32:51+00:00\" \/>\n<meta name=\"twitter:card\" content=\"summary_large_image\" \/>\n<meta name=\"twitter:label1\" content=\"Gesch\u00e4tzte Lesezeit\" \/>\n\t<meta name=\"twitter:data1\" content=\"1\u00a0Minute\" \/>\n<script type=\"application\/ld+json\" class=\"yoast-schema-graph\">{\"@context\":\"https:\\\/\\\/schema.org\",\"@graph\":[{\"@type\":\"WebPage\",\"@id\":\"https:\\\/\\\/ludwig-witzani.de\\\/zu-den-grossen-traeumen\\\/kapitel-3-der-krieg\\\/\",\"url\":\"https:\\\/\\\/ludwig-witzani.de\\\/zu-den-grossen-traeumen\\\/kapitel-3-der-krieg\\\/\",\"name\":\"Kapitel 3: Der Krieg - Ludwig Witzani\",\"isPartOf\":{\"@id\":\"https:\\\/\\\/ludwig-witzani.de\\\/zu-den-grossen-traeumen\\\/#website\"},\"datePublished\":\"2020-04-07T08:04:02+00:00\",\"dateModified\":\"2025-06-03T10:32:51+00:00\",\"breadcrumb\":{\"@id\":\"https:\\\/\\\/ludwig-witzani.de\\\/zu-den-grossen-traeumen\\\/kapitel-3-der-krieg\\\/#breadcrumb\"},\"inLanguage\":\"de\",\"potentialAction\":[{\"@type\":\"ReadAction\",\"target\":[\"https:\\\/\\\/ludwig-witzani.de\\\/zu-den-grossen-traeumen\\\/kapitel-3-der-krieg\\\/\"]}]},{\"@type\":\"BreadcrumbList\",\"@id\":\"https:\\\/\\\/ludwig-witzani.de\\\/zu-den-grossen-traeumen\\\/kapitel-3-der-krieg\\\/#breadcrumb\",\"itemListElement\":[{\"@type\":\"ListItem\",\"position\":1,\"name\":\"Startseite\",\"item\":\"https:\\\/\\\/ludwig-witzani.de\\\/zu-den-grossen-traeumen\\\/\"},{\"@type\":\"ListItem\",\"position\":2,\"name\":\"Kapitel 3: Der Krieg\"}]},{\"@type\":\"WebSite\",\"@id\":\"https:\\\/\\\/ludwig-witzani.de\\\/zu-den-grossen-traeumen\\\/#website\",\"url\":\"https:\\\/\\\/ludwig-witzani.de\\\/zu-den-grossen-traeumen\\\/\",\"name\":\"Ludwig Witzani\",\"description\":\"World Wide Travel\",\"potentialAction\":[{\"@type\":\"SearchAction\",\"target\":{\"@type\":\"EntryPoint\",\"urlTemplate\":\"https:\\\/\\\/ludwig-witzani.de\\\/zu-den-grossen-traeumen\\\/?s={search_term_string}\"},\"query-input\":{\"@type\":\"PropertyValueSpecification\",\"valueRequired\":true,\"valueName\":\"search_term_string\"}}],\"inLanguage\":\"de\"}]}<\/script>\n<!-- \/ Yoast SEO plugin. -->","yoast_head_json":{"title":"Kapitel 3: Der Krieg - Ludwig Witzani","robots":{"index":"index","follow":"follow","max-snippet":"max-snippet:-1","max-image-preview":"max-image-preview:large","max-video-preview":"max-video-preview:-1"},"canonical":"https:\/\/ludwig-witzani.de\/zu-den-grossen-traeumen\/kapitel-3-der-krieg\/","og_locale":"de_DE","og_type":"article","og_title":"Kapitel 3: Der Krieg - Ludwig Witzani","og_description":"Nach dem Ausbruch des Zweiten Weltkrieges bricht der polnische Staat schnell zusammen. Die Einwohner von Zakpie beobachten die deutschen Bomberstaffeln am Himmel. Fl\u00fcchtlingsstr\u00f6me aus West- und Ostpolen, wo inzwischen die Sowjets eimarschiert sind, fluten vor\u00fcber. Die&nbsp; Deutschen besetzen unter der Leitung von Hauptmann Baller den Bezirk von Lukow und beginnen sofort mit der Liquidierung der &hellip; Kapitel 3: Der Krieg weiterlesen &rarr;","og_url":"https:\/\/ludwig-witzani.de\/zu-den-grossen-traeumen\/kapitel-3-der-krieg\/","og_site_name":"Ludwig Witzani","article_modified_time":"2025-06-03T10:32:51+00:00","twitter_card":"summary_large_image","twitter_misc":{"Gesch\u00e4tzte Lesezeit":"1\u00a0Minute"},"schema":{"@context":"https:\/\/schema.org","@graph":[{"@type":"WebPage","@id":"https:\/\/ludwig-witzani.de\/zu-den-grossen-traeumen\/kapitel-3-der-krieg\/","url":"https:\/\/ludwig-witzani.de\/zu-den-grossen-traeumen\/kapitel-3-der-krieg\/","name":"Kapitel 3: Der Krieg - Ludwig Witzani","isPartOf":{"@id":"https:\/\/ludwig-witzani.de\/zu-den-grossen-traeumen\/#website"},"datePublished":"2020-04-07T08:04:02+00:00","dateModified":"2025-06-03T10:32:51+00:00","breadcrumb":{"@id":"https:\/\/ludwig-witzani.de\/zu-den-grossen-traeumen\/kapitel-3-der-krieg\/#breadcrumb"},"inLanguage":"de","potentialAction":[{"@type":"ReadAction","target":["https:\/\/ludwig-witzani.de\/zu-den-grossen-traeumen\/kapitel-3-der-krieg\/"]}]},{"@type":"BreadcrumbList","@id":"https:\/\/ludwig-witzani.de\/zu-den-grossen-traeumen\/kapitel-3-der-krieg\/#breadcrumb","itemListElement":[{"@type":"ListItem","position":1,"name":"Startseite","item":"https:\/\/ludwig-witzani.de\/zu-den-grossen-traeumen\/"},{"@type":"ListItem","position":2,"name":"Kapitel 3: Der Krieg"}]},{"@type":"WebSite","@id":"https:\/\/ludwig-witzani.de\/zu-den-grossen-traeumen\/#website","url":"https:\/\/ludwig-witzani.de\/zu-den-grossen-traeumen\/","name":"Ludwig Witzani","description":"World Wide Travel","potentialAction":[{"@type":"SearchAction","target":{"@type":"EntryPoint","urlTemplate":"https:\/\/ludwig-witzani.de\/zu-den-grossen-traeumen\/?s={search_term_string}"},"query-input":{"@type":"PropertyValueSpecification","valueRequired":true,"valueName":"search_term_string"}}],"inLanguage":"de"}]}},"jetpack_shortlink":"https:\/\/wp.me\/P4daYo-1SO","jetpack_sharing_enabled":true,"_links":{"self":[{"href":"https:\/\/ludwig-witzani.de\/zu-den-grossen-traeumen\/wp-json\/wp\/v2\/pages\/7242","targetHints":{"allow":["GET"]}}],"collection":[{"href":"https:\/\/ludwig-witzani.de\/zu-den-grossen-traeumen\/wp-json\/wp\/v2\/pages"}],"about":[{"href":"https:\/\/ludwig-witzani.de\/zu-den-grossen-traeumen\/wp-json\/wp\/v2\/types\/page"}],"author":[{"embeddable":true,"href":"https:\/\/ludwig-witzani.de\/zu-den-grossen-traeumen\/wp-json\/wp\/v2\/users\/2"}],"replies":[{"embeddable":true,"href":"https:\/\/ludwig-witzani.de\/zu-den-grossen-traeumen\/wp-json\/wp\/v2\/comments?post=7242"}],"version-history":[{"count":4,"href":"https:\/\/ludwig-witzani.de\/zu-den-grossen-traeumen\/wp-json\/wp\/v2\/pages\/7242\/revisions"}],"predecessor-version":[{"id":7339,"href":"https:\/\/ludwig-witzani.de\/zu-den-grossen-traeumen\/wp-json\/wp\/v2\/pages\/7242\/revisions\/7339"}],"wp:attachment":[{"href":"https:\/\/ludwig-witzani.de\/zu-den-grossen-traeumen\/wp-json\/wp\/v2\/media?parent=7242"}],"curies":[{"name":"wp","href":"https:\/\/api.w.org\/{rel}","templated":true}]}}

<p>Nach dem Ausbruch des Zweiten Weltkrieges bricht der polnische Staat schnell zusammen. Die Einwohner von Zakpie beobachten die deutschen Bomberstaffeln am Himmel. Flüchtlingsströme aus West- und Ostpolen, wo inzwischen die Sowjets eimarschiert sind, fluten vorüber. Die&nbsp; Deutschen besetzen unter der Leitung von Hauptmann Baller den Bezirk von Lukow und beginnen sofort mit der Liquidierung der polnischen Intelligenz. Hauptmann Baller veranlasst die Gründung bewaffneter volksdeutscher Selbstschutzverbände, um die Kontrolle&nbsp; über das flache Land zu sichern. Bei einem Treffen aller volksdeutschen Bauern mit Hauptmann Baller wird über die Zukunft Polens diskutiert. Dabei werden schwerwiegende Differenzen zwischen den Volksdeutschen sichtbar, vor allem zwischen Adolf Kasner, dem angesehensten Bauern des Bezirks und Friedrich Bek, dem Leiter des Selbstschutzverbandes, der ein Auge auf die Felder seines polnischen Nachbarn geworfen hat.&nbsp; Kollaborierende Polen werden in den deutschen Herrschaftsapparat mit einbezogen, die Entrechtung und Ermordung der Juden beginnt. Auf dem Land grassiert das Räuberunwesen. Höfe werden überfallen, und ihre Bewohner abgeschlachtet.</p>
<p><a href="http://ludwig-witzani.de/leseprobe-kapitel-3-der-krieg/">Leseprobe Kapitel 3</a></p>
<p><a href="http://ludwig-witzani.de/stammtafel-der-familien-kaminski-wolek-brosz-und-gontasch/">Stammtafel</a></p>
<p><a href="http://ludwig-witzani.de/das-dorf-zakepie/">Zurück zur Startseite</a></p>

<p>Nach dem Ausbruch des Zweiten Weltkrieges bricht der polnische Staat schnell zusammen. Die Einwohner von Zakpie beobachten die deutschen Bomberstaffeln am Himmel. Flüchtlingsströme aus West- und Ostpolen, wo inzwischen die Sowjets eimarschiert sind, fluten vorüber. Die&nbsp; Deutschen besetzen unter der Leitung von Hauptmann Baller den Bezirk von Lukow und beginnen sofort mit der Liquidierung der &hellip; <a href="https://ludwig-witzani.de/zu-den-grossen-traeumen/kapitel-3-der-krieg/" class="more-link"><span class="screen-reader-text">Kapitel 3: Der Krieg</span> weiterlesen <span class="meta-nav">&rarr;</span></a></p>

<!-- This site is optimized with the Yoast SEO plugin v27.5 - https://yoast.com/product/yoast-seo-wordpress/ -->
<title>Kapitel 3: Der Krieg - Ludwig Witzani</title>
<meta name="robots" content="index, follow, max-snippet:-1, max-image-preview:large, max-video-preview:-1" />
<link rel="canonical" href="https://ludwig-witzani.de/zu-den-grossen-traeumen/kapitel-3-der-krieg/" />
<meta property="og:locale" content="de_DE" />
<meta property="og:type" content="article" />
<meta property="og:title" content="Kapitel 3: Der Krieg - Ludwig Witzani" />
<meta property="og:description" content="Nach dem Ausbruch des Zweiten Weltkrieges bricht der polnische Staat schnell zusammen. Die Einwohner von Zakpie beobachten die deutschen Bomberstaffeln am Himmel. Flüchtlingsströme aus West- und Ostpolen, wo inzwischen die Sowjets eimarschiert sind, fluten vorüber. Die&nbsp; Deutschen besetzen unter der Leitung von Hauptmann Baller den Bezirk von Lukow und beginnen sofort mit der Liquidierung der &hellip; Kapitel 3: Der Krieg weiterlesen &rarr;" />
<meta property="og:url" content="https://ludwig-witzani.de/zu-den-grossen-traeumen/kapitel-3-der-krieg/" />
<meta property="og:site_name" content="Ludwig Witzani" />
<meta property="article:modified_time" content="2025-06-03T10:32:51+00:00" />
<meta name="twitter:card" content="summary_large_image" />
<meta name="twitter:label1" content="Geschätzte Lesezeit" />
	<meta name="twitter:data1" content="1 Minute" />
<script type="application/ld+json" class="yoast-schema-graph">{"@context":"https:\/\/schema.org","@graph":[{"@type":"WebPage","@id":"https:\/\/ludwig-witzani.de\/zu-den-grossen-traeumen\/kapitel-3-der-krieg\/","url":"https:\/\/ludwig-witzani.de\/zu-den-grossen-traeumen\/kapitel-3-der-krieg\/","name":"Kapitel 3: Der Krieg - Ludwig Witzani","isPartOf":{"@id":"https:\/\/ludwig-witzani.de\/zu-den-grossen-traeumen\/#website"},"datePublished":"2020-04-07T08:04:02+00:00","dateModified":"2025-06-03T10:32:51+00:00","breadcrumb":{"@id":"https:\/\/ludwig-witzani.de\/zu-den-grossen-traeumen\/kapitel-3-der-krieg\/#breadcrumb"},"inLanguage":"de","potentialAction":[{"@type":"ReadAction","target":["https:\/\/ludwig-witzani.de\/zu-den-grossen-traeumen\/kapitel-3-der-krieg\/"]}]},{"@type":"BreadcrumbList","@id":"https:\/\/ludwig-witzani.de\/zu-den-grossen-traeumen\/kapitel-3-der-krieg\/#breadcrumb","itemListElement":[{"@type":"ListItem","position":1,"name":"Startseite","item":"https:\/\/ludwig-witzani.de\/zu-den-grossen-traeumen\/"},{"@type":"ListItem","position":2,"name":"Kapitel 3: Der Krieg"}]},{"@type":"WebSite","@id":"https:\/\/ludwig-witzani.de\/zu-den-grossen-traeumen\/#website","url":"https:\/\/ludwig-witzani.de\/zu-den-grossen-traeumen\/","name":"Ludwig Witzani","description":"World Wide Travel","potentialAction":[{"@type":"SearchAction","target":{"@type":"EntryPoint","urlTemplate":"https:\/\/ludwig-witzani.de\/zu-den-grossen-traeumen\/?s={search_term_string}"},"query-input":{"@type":"PropertyValueSpecification","valueRequired":true,"valueName":"search_term_string"}}],"inLanguage":"de"}]}</script>
<!-- / Yoast SEO plugin. -->

Nach dem Ausbruch des Zweiten Weltkrieges bricht der polnische Staat schnell zusammen. Die Einwohner von Zakpie beobachten die deutschen Bomberstaffeln am Himmel. Flüchtlingsströme aus West- und Ostpolen, wo inzwischen die Sowjets eimarschiert sind, fluten vorüber. Die&nbsp; Deutschen besetzen unter der Leitung von Hauptmann Baller den Bezirk von Lukow und beginnen sofort mit der Liquidierung der &hellip; Kapitel 3: Der Krieg weiterlesen &rarr;
