{"id":7234,"date":"2020-04-07T07:57:28","date_gmt":"2020-04-07T07:57:28","guid":{"rendered":"http:\/\/ludwig-witzani.de\/?page_id=7234"},"modified":"2025-06-03T10:32:51","modified_gmt":"2025-06-03T10:32:51","slug":"kapitel-2-die-duerre","status":"publish","type":"page","link":"https:\/\/ludwig-witzani.de\/zu-den-grossen-traeumen\/kapitel-2-die-duerre\/","title":{"rendered":"Kapitel 2: Die D\u00fcrre"},"content":{"rendered":"<p><strong>Inhalt des zweiten Kapitels<\/strong>: In den drei\u00dfiger Jahren verschlechtert sich die wirtschaftliche Lage in ganz Polen, wovon auch das Dorf Zakepie betroffen ist. Eine lang anhaltende D\u00fcrre versch\u00e4rft die Not. Die Weltwirtschaftskrise f\u00fchrt auch in Polen zu Bankenzusammenbr\u00fcchen, bei denen Thomasz Kaminski den Gro\u00dfteil seines Verm\u00f6gens einb\u00fc\u00dft. &nbsp;W\u00e4hrend die Familie Kaminski ihren Wohlstand verliert, k\u00f6nnen sich die Woleks,&nbsp; nicht zuletzt durch Kooperation mit den volksdeutschen Bauern Kasner und Reinertz, gerade noch &nbsp;behaupten. \u00dcber das neu angeschaffte Radio kommen die Weltereignisse ins Haus: der Tod Pr\u00e4sident Pilsudskis, die olympischen Spiele und der Aufstieg des Nationalsozialismus in Deutschland. Inzwischen sind die Familien der Kaminskis und Woleks weiter gewachsen. Eugenius und Janek Kaminski werden als Marias j\u00fcngere Br\u00fcder geboren. Jozef Wolek besitzt neben seinem fast gleichaltrigen Bruder Edmund noch die j\u00fcngeren Schwestern Janka und Halka.<\/p>\n<p>An verschiedenen Beispielen wird die Sonderstellung der volksdeutschen Bauern einerseits und der Juden andererseits dargestellt. Im Zuge der Verschlechterung der Lebensverh\u00e4ltnisse kommt es zu polnischen Pogromen an den Juden, aber auch zu Konflikten zwischen Volksdeutschen und Polen. Im Hintergrund wird die Bedrohung Polens durch Deutschland immer pr\u00e4senter. Am Ende steht der Krieg zwischen Deutschland und Polen vor der T\u00fcr.<\/p>\n<p><a href=\"http:\/\/ludwig-witzani.de\/leseprobe-kapitel-2\/\">Leseprobe Kapitel 2<\/a><\/p>\n<p><a href=\"http:\/\/ludwig-witzani.de\/stammtafel-der-familien-kaminski-wolek-brosz-und-gontasch\/\">Stammtafel<\/a><\/p>\n<p><a href=\"http:\/\/ludwig-witzani.de\/das-dorf-zakepie\/\">Zur\u00fcck zur Startseite<\/a><\/p>\n","protected":false},"excerpt":{"rendered":"<p>Inhalt des zweiten Kapitels: In den drei\u00dfiger Jahren verschlechtert sich die wirtschaftliche Lage in ganz Polen, wovon auch das Dorf Zakepie betroffen ist. Eine lang anhaltende D\u00fcrre versch\u00e4rft die Not. Die Weltwirtschaftskrise f\u00fchrt auch in Polen zu Bankenzusammenbr\u00fcchen, bei denen Thomasz Kaminski den Gro\u00dfteil seines Verm\u00f6gens einb\u00fc\u00dft. &nbsp;W\u00e4hrend die Familie Kaminski ihren Wohlstand verliert, k\u00f6nnen &hellip; <a href=\"https:\/\/ludwig-witzani.de\/zu-den-grossen-traeumen\/kapitel-2-die-duerre\/\" class=\"more-link\"><span class=\"screen-reader-text\">Kapitel 2: Die D\u00fcrre<\/span> weiterlesen <span class=\"meta-nav\">&rarr;<\/span><\/a><\/p>\n","protected":false},"author":2,"featured_media":0,"parent":0,"menu_order":0,"comment_status":"closed","ping_status":"closed","template":"","meta":{"ngg_post_thumbnail":0,"jetpack_post_was_ever_published":false,"footnotes":""},"class_list":["post-7234","page","type-page","status-publish","hentry"],"yoast_head":"<!-- This site is optimized with the Yoast SEO plugin v27.5 - https:\/\/yoast.com\/product\/yoast-seo-wordpress\/ -->\n<title>Kapitel 2: Die D\u00fcrre - Ludwig Witzani<\/title>\n<meta name=\"robots\" content=\"index, follow, max-snippet:-1, max-image-preview:large, max-video-preview:-1\" \/>\n<link rel=\"canonical\" href=\"https:\/\/ludwig-witzani.de\/zu-den-grossen-traeumen\/kapitel-2-die-duerre\/\" \/>\n<meta property=\"og:locale\" content=\"de_DE\" \/>\n<meta property=\"og:type\" content=\"article\" \/>\n<meta property=\"og:title\" content=\"Kapitel 2: Die D\u00fcrre - Ludwig Witzani\" \/>\n<meta property=\"og:description\" content=\"Inhalt des zweiten Kapitels: In den drei\u00dfiger Jahren verschlechtert sich die wirtschaftliche Lage in ganz Polen, wovon auch das Dorf Zakepie betroffen ist. Eine lang anhaltende D\u00fcrre versch\u00e4rft die Not. Die Weltwirtschaftskrise f\u00fchrt auch in Polen zu Bankenzusammenbr\u00fcchen, bei denen Thomasz Kaminski den Gro\u00dfteil seines Verm\u00f6gens einb\u00fc\u00dft. &nbsp;W\u00e4hrend die Familie Kaminski ihren Wohlstand verliert, k\u00f6nnen &hellip; Kapitel 2: Die D\u00fcrre weiterlesen &rarr;\" \/>\n<meta property=\"og:url\" content=\"https:\/\/ludwig-witzani.de\/zu-den-grossen-traeumen\/kapitel-2-die-duerre\/\" \/>\n<meta property=\"og:site_name\" content=\"Ludwig Witzani\" \/>\n<meta property=\"article:modified_time\" content=\"2025-06-03T10:32:51+00:00\" \/>\n<meta name=\"twitter:card\" content=\"summary_large_image\" \/>\n<meta name=\"twitter:label1\" content=\"Gesch\u00e4tzte Lesezeit\" \/>\n\t<meta name=\"twitter:data1\" content=\"1\u00a0Minute\" \/>\n<script type=\"application\/ld+json\" class=\"yoast-schema-graph\">{\"@context\":\"https:\\\/\\\/schema.org\",\"@graph\":[{\"@type\":\"WebPage\",\"@id\":\"https:\\\/\\\/ludwig-witzani.de\\\/zu-den-grossen-traeumen\\\/kapitel-2-die-duerre\\\/\",\"url\":\"https:\\\/\\\/ludwig-witzani.de\\\/zu-den-grossen-traeumen\\\/kapitel-2-die-duerre\\\/\",\"name\":\"Kapitel 2: Die D\u00fcrre - Ludwig Witzani\",\"isPartOf\":{\"@id\":\"https:\\\/\\\/ludwig-witzani.de\\\/zu-den-grossen-traeumen\\\/#website\"},\"datePublished\":\"2020-04-07T07:57:28+00:00\",\"dateModified\":\"2025-06-03T10:32:51+00:00\",\"breadcrumb\":{\"@id\":\"https:\\\/\\\/ludwig-witzani.de\\\/zu-den-grossen-traeumen\\\/kapitel-2-die-duerre\\\/#breadcrumb\"},\"inLanguage\":\"de\",\"potentialAction\":[{\"@type\":\"ReadAction\",\"target\":[\"https:\\\/\\\/ludwig-witzani.de\\\/zu-den-grossen-traeumen\\\/kapitel-2-die-duerre\\\/\"]}]},{\"@type\":\"BreadcrumbList\",\"@id\":\"https:\\\/\\\/ludwig-witzani.de\\\/zu-den-grossen-traeumen\\\/kapitel-2-die-duerre\\\/#breadcrumb\",\"itemListElement\":[{\"@type\":\"ListItem\",\"position\":1,\"name\":\"Startseite\",\"item\":\"https:\\\/\\\/ludwig-witzani.de\\\/zu-den-grossen-traeumen\\\/\"},{\"@type\":\"ListItem\",\"position\":2,\"name\":\"Kapitel 2: Die D\u00fcrre\"}]},{\"@type\":\"WebSite\",\"@id\":\"https:\\\/\\\/ludwig-witzani.de\\\/zu-den-grossen-traeumen\\\/#website\",\"url\":\"https:\\\/\\\/ludwig-witzani.de\\\/zu-den-grossen-traeumen\\\/\",\"name\":\"Ludwig Witzani\",\"description\":\"World Wide Travel\",\"potentialAction\":[{\"@type\":\"SearchAction\",\"target\":{\"@type\":\"EntryPoint\",\"urlTemplate\":\"https:\\\/\\\/ludwig-witzani.de\\\/zu-den-grossen-traeumen\\\/?s={search_term_string}\"},\"query-input\":{\"@type\":\"PropertyValueSpecification\",\"valueRequired\":true,\"valueName\":\"search_term_string\"}}],\"inLanguage\":\"de\"}]}<\/script>\n<!-- \/ Yoast SEO plugin. -->","yoast_head_json":{"title":"Kapitel 2: Die D\u00fcrre - Ludwig Witzani","robots":{"index":"index","follow":"follow","max-snippet":"max-snippet:-1","max-image-preview":"max-image-preview:large","max-video-preview":"max-video-preview:-1"},"canonical":"https:\/\/ludwig-witzani.de\/zu-den-grossen-traeumen\/kapitel-2-die-duerre\/","og_locale":"de_DE","og_type":"article","og_title":"Kapitel 2: Die D\u00fcrre - Ludwig Witzani","og_description":"Inhalt des zweiten Kapitels: In den drei\u00dfiger Jahren verschlechtert sich die wirtschaftliche Lage in ganz Polen, wovon auch das Dorf Zakepie betroffen ist. Eine lang anhaltende D\u00fcrre versch\u00e4rft die Not. Die Weltwirtschaftskrise f\u00fchrt auch in Polen zu Bankenzusammenbr\u00fcchen, bei denen Thomasz Kaminski den Gro\u00dfteil seines Verm\u00f6gens einb\u00fc\u00dft. &nbsp;W\u00e4hrend die Familie Kaminski ihren Wohlstand verliert, k\u00f6nnen &hellip; Kapitel 2: Die D\u00fcrre weiterlesen &rarr;","og_url":"https:\/\/ludwig-witzani.de\/zu-den-grossen-traeumen\/kapitel-2-die-duerre\/","og_site_name":"Ludwig Witzani","article_modified_time":"2025-06-03T10:32:51+00:00","twitter_card":"summary_large_image","twitter_misc":{"Gesch\u00e4tzte Lesezeit":"1\u00a0Minute"},"schema":{"@context":"https:\/\/schema.org","@graph":[{"@type":"WebPage","@id":"https:\/\/ludwig-witzani.de\/zu-den-grossen-traeumen\/kapitel-2-die-duerre\/","url":"https:\/\/ludwig-witzani.de\/zu-den-grossen-traeumen\/kapitel-2-die-duerre\/","name":"Kapitel 2: Die D\u00fcrre - Ludwig Witzani","isPartOf":{"@id":"https:\/\/ludwig-witzani.de\/zu-den-grossen-traeumen\/#website"},"datePublished":"2020-04-07T07:57:28+00:00","dateModified":"2025-06-03T10:32:51+00:00","breadcrumb":{"@id":"https:\/\/ludwig-witzani.de\/zu-den-grossen-traeumen\/kapitel-2-die-duerre\/#breadcrumb"},"inLanguage":"de","potentialAction":[{"@type":"ReadAction","target":["https:\/\/ludwig-witzani.de\/zu-den-grossen-traeumen\/kapitel-2-die-duerre\/"]}]},{"@type":"BreadcrumbList","@id":"https:\/\/ludwig-witzani.de\/zu-den-grossen-traeumen\/kapitel-2-die-duerre\/#breadcrumb","itemListElement":[{"@type":"ListItem","position":1,"name":"Startseite","item":"https:\/\/ludwig-witzani.de\/zu-den-grossen-traeumen\/"},{"@type":"ListItem","position":2,"name":"Kapitel 2: Die D\u00fcrre"}]},{"@type":"WebSite","@id":"https:\/\/ludwig-witzani.de\/zu-den-grossen-traeumen\/#website","url":"https:\/\/ludwig-witzani.de\/zu-den-grossen-traeumen\/","name":"Ludwig Witzani","description":"World Wide Travel","potentialAction":[{"@type":"SearchAction","target":{"@type":"EntryPoint","urlTemplate":"https:\/\/ludwig-witzani.de\/zu-den-grossen-traeumen\/?s={search_term_string}"},"query-input":{"@type":"PropertyValueSpecification","valueRequired":true,"valueName":"search_term_string"}}],"inLanguage":"de"}]}},"jetpack_shortlink":"https:\/\/wp.me\/P4daYo-1SG","jetpack_sharing_enabled":true,"_links":{"self":[{"href":"https:\/\/ludwig-witzani.de\/zu-den-grossen-traeumen\/wp-json\/wp\/v2\/pages\/7234","targetHints":{"allow":["GET"]}}],"collection":[{"href":"https:\/\/ludwig-witzani.de\/zu-den-grossen-traeumen\/wp-json\/wp\/v2\/pages"}],"about":[{"href":"https:\/\/ludwig-witzani.de\/zu-den-grossen-traeumen\/wp-json\/wp\/v2\/types\/page"}],"author":[{"embeddable":true,"href":"https:\/\/ludwig-witzani.de\/zu-den-grossen-traeumen\/wp-json\/wp\/v2\/users\/2"}],"replies":[{"embeddable":true,"href":"https:\/\/ludwig-witzani.de\/zu-den-grossen-traeumen\/wp-json\/wp\/v2\/comments?post=7234"}],"version-history":[{"count":2,"href":"https:\/\/ludwig-witzani.de\/zu-den-grossen-traeumen\/wp-json\/wp\/v2\/pages\/7234\/revisions"}],"predecessor-version":[{"id":7241,"href":"https:\/\/ludwig-witzani.de\/zu-den-grossen-traeumen\/wp-json\/wp\/v2\/pages\/7234\/revisions\/7241"}],"wp:attachment":[{"href":"https:\/\/ludwig-witzani.de\/zu-den-grossen-traeumen\/wp-json\/wp\/v2\/media?parent=7234"}],"curies":[{"name":"wp","href":"https:\/\/api.w.org\/{rel}","templated":true}]}}

Kapitel 2: Die Dürre

<p><strong>Inhalt des zweiten Kapitels</strong>: In den dreißiger Jahren verschlechtert sich die wirtschaftliche Lage in ganz Polen, wovon auch das Dorf Zakepie betroffen ist. Eine lang anhaltende Dürre verschärft die Not. Die Weltwirtschaftskrise führt auch in Polen zu Bankenzusammenbrüchen, bei denen Thomasz Kaminski den Großteil seines Vermögens einbüßt. &nbsp;Während die Familie Kaminski ihren Wohlstand verliert, können sich die Woleks,&nbsp; nicht zuletzt durch Kooperation mit den volksdeutschen Bauern Kasner und Reinertz, gerade noch &nbsp;behaupten. Über das neu angeschaffte Radio kommen die Weltereignisse ins Haus: der Tod Präsident Pilsudskis, die olympischen Spiele und der Aufstieg des Nationalsozialismus in Deutschland. Inzwischen sind die Familien der Kaminskis und Woleks weiter gewachsen. Eugenius und Janek Kaminski werden als Marias jüngere Brüder geboren. Jozef Wolek besitzt neben seinem fast gleichaltrigen Bruder Edmund noch die jüngeren Schwestern Janka und Halka.</p>
<p>An verschiedenen Beispielen wird die Sonderstellung der volksdeutschen Bauern einerseits und der Juden andererseits dargestellt. Im Zuge der Verschlechterung der Lebensverhältnisse kommt es zu polnischen Pogromen an den Juden, aber auch zu Konflikten zwischen Volksdeutschen und Polen. Im Hintergrund wird die Bedrohung Polens durch Deutschland immer präsenter. Am Ende steht der Krieg zwischen Deutschland und Polen vor der Tür.</p>
<p><a href="http://ludwig-witzani.de/leseprobe-kapitel-2/">Leseprobe Kapitel 2</a></p>
<p><a href="http://ludwig-witzani.de/stammtafel-der-familien-kaminski-wolek-brosz-und-gontasch/">Stammtafel</a></p>
<p><a href="http://ludwig-witzani.de/das-dorf-zakepie/">Zurück zur Startseite</a></p>

<p>Inhalt des zweiten Kapitels: In den dreißiger Jahren verschlechtert sich die wirtschaftliche Lage in ganz Polen, wovon auch das Dorf Zakepie betroffen ist. Eine lang anhaltende Dürre verschärft die Not. Die Weltwirtschaftskrise führt auch in Polen zu Bankenzusammenbrüchen, bei denen Thomasz Kaminski den Großteil seines Vermögens einbüßt. &nbsp;Während die Familie Kaminski ihren Wohlstand verliert, können &hellip; <a href="https://ludwig-witzani.de/zu-den-grossen-traeumen/kapitel-2-die-duerre/" class="more-link"><span class="screen-reader-text">Kapitel 2: Die Dürre</span> weiterlesen <span class="meta-nav">&rarr;</span></a></p>

<!-- This site is optimized with the Yoast SEO plugin v27.5 - https://yoast.com/product/yoast-seo-wordpress/ -->
<title>Kapitel 2: Die Dürre - Ludwig Witzani</title>
<meta name="robots" content="index, follow, max-snippet:-1, max-image-preview:large, max-video-preview:-1" />
<link rel="canonical" href="https://ludwig-witzani.de/zu-den-grossen-traeumen/kapitel-2-die-duerre/" />
<meta property="og:locale" content="de_DE" />
<meta property="og:type" content="article" />
<meta property="og:title" content="Kapitel 2: Die Dürre - Ludwig Witzani" />
<meta property="og:description" content="Inhalt des zweiten Kapitels: In den dreißiger Jahren verschlechtert sich die wirtschaftliche Lage in ganz Polen, wovon auch das Dorf Zakepie betroffen ist. Eine lang anhaltende Dürre verschärft die Not. Die Weltwirtschaftskrise führt auch in Polen zu Bankenzusammenbrüchen, bei denen Thomasz Kaminski den Großteil seines Vermögens einbüßt. &nbsp;Während die Familie Kaminski ihren Wohlstand verliert, können &hellip; Kapitel 2: Die Dürre weiterlesen &rarr;" />
<meta property="og:url" content="https://ludwig-witzani.de/zu-den-grossen-traeumen/kapitel-2-die-duerre/" />
<meta property="og:site_name" content="Ludwig Witzani" />
<meta property="article:modified_time" content="2025-06-03T10:32:51+00:00" />
<meta name="twitter:card" content="summary_large_image" />
<meta name="twitter:label1" content="Geschätzte Lesezeit" />
	<meta name="twitter:data1" content="1 Minute" />
<script type="application/ld+json" class="yoast-schema-graph">{"@context":"https:\/\/schema.org","@graph":[{"@type":"WebPage","@id":"https:\/\/ludwig-witzani.de\/zu-den-grossen-traeumen\/kapitel-2-die-duerre\/","url":"https:\/\/ludwig-witzani.de\/zu-den-grossen-traeumen\/kapitel-2-die-duerre\/","name":"Kapitel 2: Die Dürre - Ludwig Witzani","isPartOf":{"@id":"https:\/\/ludwig-witzani.de\/zu-den-grossen-traeumen\/#website"},"datePublished":"2020-04-07T07:57:28+00:00","dateModified":"2025-06-03T10:32:51+00:00","breadcrumb":{"@id":"https:\/\/ludwig-witzani.de\/zu-den-grossen-traeumen\/kapitel-2-die-duerre\/#breadcrumb"},"inLanguage":"de","potentialAction":[{"@type":"ReadAction","target":["https:\/\/ludwig-witzani.de\/zu-den-grossen-traeumen\/kapitel-2-die-duerre\/"]}]},{"@type":"BreadcrumbList","@id":"https:\/\/ludwig-witzani.de\/zu-den-grossen-traeumen\/kapitel-2-die-duerre\/#breadcrumb","itemListElement":[{"@type":"ListItem","position":1,"name":"Startseite","item":"https:\/\/ludwig-witzani.de\/zu-den-grossen-traeumen\/"},{"@type":"ListItem","position":2,"name":"Kapitel 2: Die Dürre"}]},{"@type":"WebSite","@id":"https:\/\/ludwig-witzani.de\/zu-den-grossen-traeumen\/#website","url":"https:\/\/ludwig-witzani.de\/zu-den-grossen-traeumen\/","name":"Ludwig Witzani","description":"World Wide Travel","potentialAction":[{"@type":"SearchAction","target":{"@type":"EntryPoint","urlTemplate":"https:\/\/ludwig-witzani.de\/zu-den-grossen-traeumen\/?s={search_term_string}"},"query-input":{"@type":"PropertyValueSpecification","valueRequired":true,"valueName":"search_term_string"}}],"inLanguage":"de"}]}</script>
<!-- / Yoast SEO plugin. -->

Kapitel 2: Die Dürre - Ludwig Witzani

Inhalt des zweiten Kapitels: In den dreißiger Jahren verschlechtert sich die wirtschaftliche Lage in ganz Polen, wovon auch das Dorf Zakepie betroffen ist. Eine lang anhaltende Dürre verschärft die Not. Die Weltwirtschaftskrise führt auch in Polen zu Bankenzusammenbrüchen, bei denen Thomasz Kaminski den Großteil seines Vermögens einbüßt. &nbsp;Während die Familie Kaminski ihren Wohlstand verliert, können &hellip; Kapitel 2: Die Dürre weiterlesen &rarr;
