{"id":6604,"date":"2018-06-12T08:54:24","date_gmt":"2018-06-12T08:54:24","guid":{"rendered":"http:\/\/ludwig-witzani.de\/?page_id=6604"},"modified":"2025-06-03T10:32:52","modified_gmt":"2025-06-03T10:32:52","slug":"ludwig-witzani-der-asiatische-archipel","status":"publish","type":"page","link":"https:\/\/ludwig-witzani.de\/zu-den-grossen-traeumen\/ludwig-witzani-der-asiatische-archipel\/","title":{"rendered":"Ludwig Witzani: Der asiatische Archipel"},"content":{"rendered":"<p><img loading=\"lazy\" decoding=\"async\" class=\"aligncenter wp-image-6606\" src=\"http:\/\/ludwig-witzani.de\/wp-content\/uploads\/2018\/06\/IMG_1788-001-534x800.jpg\" alt=\"IMG_1788-001\" width=\"277\" height=\"415\" srcset=\"https:\/\/ludwig-witzani.de\/wp-content\/uploads\/2018\/06\/IMG_1788-001-534x800.jpg 534w, https:\/\/ludwig-witzani.de\/wp-content\/uploads\/2018\/06\/IMG_1788-001-768x1152.jpg 768w, https:\/\/ludwig-witzani.de\/wp-content\/uploads\/2018\/06\/IMG_1788-001-800x1200.jpg 800w, https:\/\/ludwig-witzani.de\/wp-content\/uploads\/2018\/06\/IMG_1788-001.jpg 1067w\" sizes=\"auto, (max-width: 277px) 100vw, 277px\" \/><\/p>\n<p>Ludwig Witzani hat mit Flugzeugen und Bussen, Eisenbahnen, Motorr\u00e4dern und F\u00e4hren die gro\u00dfen und kleinen Inseln des indonesischen &nbsp;Archipels erkundet. Er wanderte zu den Orang Urans von Bukit Lawang auf Sumatra und wohnte in den Stelzenh\u00e4usern von Komodo, der Insel der letzten Drachen. Er erkundete die Gew\u00fcrzinseln Ternate und Tidore auf den Molukken und war wochenlang in Bali unterwegs, um den sch\u00f6nsten Tempel der Insel zu finden. Er erlebte den Sonnenaufgang auf dem Rand des Bromo-Vulkans in Ostjava und kroch in die Knochenh\u00f6hlen der Toraja auf Sulawesi. Im Hochland von Papua war er Gast in einem Steinzeitdorf und in&nbsp; Jakarta erlebte er am Nationalfeiertag in Jakarta ein Land im religi\u00f6sen und politischen Umbruch. Das aktuelle Reisebuch eines notorischen Individualreisenden mit einer Schw\u00e4che f\u00fcr Tempel und Geschichte\u2026<\/p>\n<p><a href=\"http:\/\/ludwig-witzani.de\/inhaltsverzeichnis-der-asiatische-archipel\/\">Inhaltsverzeichnis<\/a><\/p>\n<p><a href=\"http:\/\/ludwig-witzani.de\/einleitung-der-asiatische-archipel\/\">Einleitung<\/a><\/p>\n<p><a href=\"http:\/\/ludwig-witzani.de\/leseprobe-der-asiatische-archipel\/\"><strong>Leseprobe 1 : Kleiner Versuch \u00fcber das Heimweh<\/strong><\/a><\/p>\n<p><a href=\"http:\/\/ludwig-witzani.de\/leseprobe-2-bali-einleitung\/\"><strong>Leseprobe 2: Bali (Einleitung)<\/strong> <\/a><\/p>\n<p><strong>Ludwig Witzani: Das asiatische Archipel. Reisen von Sumatra nach Papua,mit zahlreichen Abbildungen und einem reisepraktischen Anhang (Weltreisen Band X)&nbsp; epubli Verlag, Berlin 2017, 448 Seiten, 14,95 Euro <\/strong><\/p>\n<p>PRINTAUSGABE <a href=\"https:\/\/www.amazon.de\/Weltreisen-asiatische-Archipel-Indonesische-zwischen\/dp\/3746730422\/ref=sr_1_1?ie=UTF8&amp;qid=1528793347&amp;sr=8-1&amp;keywords=Ludwig+Witzani+Der+asiatische+aRCHIPEL\">erh\u00e4ltlich bei epubli, Berlin &nbsp; &nbsp; &nbsp; &nbsp; &nbsp; &nbsp; &nbsp; &nbsp; &nbsp; erh\u00e4ltlich bei amazon <\/a><\/p>\n<p><a href=\"https:\/\/www.epubli.de\/shop\/buch\/der-asiatische-archipel-ludwig-witzani-9783746739502\/76319\">EBook Ausgabe<\/a> ISBN: 978-3-746739-50-2&nbsp; &#8211; 4,99 Euro<br \/>\nbei amazon, epubli, apple, tolino<\/p>\n<p><a href=\"http:\/\/ludwig-witzani.de\/faz-rezension-der-asiatische-archipel\/\">FAZ-Rezension (Reiseblatt vom 12.7.2018)<\/a><\/p>\n<p><a href=\"https:\/\/www.buecher.de\/show\/start\/buecher\/rezensionen-franktfurter-allgemeine-zeitung\/131\/\">&nbsp;<\/a><\/p>\n","protected":false},"excerpt":{"rendered":"<p>Ludwig Witzani hat mit Flugzeugen und Bussen, Eisenbahnen, Motorr\u00e4dern und F\u00e4hren die gro\u00dfen und kleinen Inseln des indonesischen &nbsp;Archipels erkundet. Er wanderte zu den Orang Urans von Bukit Lawang auf Sumatra und wohnte in den Stelzenh\u00e4usern von Komodo, der Insel der letzten Drachen. Er erkundete die Gew\u00fcrzinseln Ternate und Tidore auf den Molukken und war &hellip; <a href=\"https:\/\/ludwig-witzani.de\/zu-den-grossen-traeumen\/ludwig-witzani-der-asiatische-archipel\/\" class=\"more-link\"><span class=\"screen-reader-text\">Ludwig Witzani: Der asiatische Archipel<\/span> weiterlesen <span class=\"meta-nav\">&rarr;<\/span><\/a><\/p>\n","protected":false},"author":2,"featured_media":0,"parent":0,"menu_order":0,"comment_status":"closed","ping_status":"closed","template":"","meta":{"ngg_post_thumbnail":0,"jetpack_post_was_ever_published":false,"footnotes":""},"class_list":["post-6604","page","type-page","status-publish","hentry"],"yoast_head":"<!-- This site is optimized with the Yoast SEO plugin v27.4 - https:\/\/yoast.com\/product\/yoast-seo-wordpress\/ -->\n<title>Ludwig Witzani: Der asiatische Archipel - Ludwig Witzani<\/title>\n<meta name=\"description\" content=\"Niemand kann f\u00fcr sich in Anspruch nehmen, die 17.000 Inseln Indonesiens wirklich erkundet zu haben. Doch der Autor hat sich redlich bem\u00fcht, wenigstens einen \u00dcberblick zu gewinnen und zu verstehen, was am Ende der Welt vor sich geht. Er war in Java, Bali und Sumatra, auf Borneo, Sulawesi, den Molukken, auf Komodo in Papua Neuguinea und erz\u00e4hlt von einem Land, dessen Vielfalt in der Welt nicht ihresgleichen hat\u2026\" \/>\n<meta name=\"robots\" content=\"index, follow, max-snippet:-1, max-image-preview:large, max-video-preview:-1\" \/>\n<link rel=\"canonical\" href=\"https:\/\/ludwig-witzani.de\/zu-den-grossen-traeumen\/ludwig-witzani-der-asiatische-archipel\/\" \/>\n<meta property=\"og:locale\" content=\"de_DE\" \/>\n<meta property=\"og:type\" content=\"article\" \/>\n<meta property=\"og:title\" content=\"Ludwig Witzani: Der asiatische Archipel - Ludwig Witzani\" \/>\n<meta property=\"og:description\" content=\"Niemand kann f\u00fcr sich in Anspruch nehmen, die 17.000 Inseln Indonesiens wirklich erkundet zu haben. Doch der Autor hat sich redlich bem\u00fcht, wenigstens einen \u00dcberblick zu gewinnen und zu verstehen, was am Ende der Welt vor sich geht. Er war in Java, Bali und Sumatra, auf Borneo, Sulawesi, den Molukken, auf Komodo in Papua Neuguinea und erz\u00e4hlt von einem Land, dessen Vielfalt in der Welt nicht ihresgleichen hat\u2026\" \/>\n<meta property=\"og:url\" content=\"https:\/\/ludwig-witzani.de\/zu-den-grossen-traeumen\/ludwig-witzani-der-asiatische-archipel\/\" \/>\n<meta property=\"og:site_name\" content=\"Ludwig Witzani\" \/>\n<meta property=\"article:modified_time\" content=\"2025-06-03T10:32:52+00:00\" \/>\n<meta property=\"og:image\" content=\"https:\/\/ludwig-witzani.de\/wp-content\/uploads\/2018\/06\/IMG_1788-001.jpg\" \/>\n\t<meta property=\"og:image:width\" content=\"1067\" \/>\n\t<meta property=\"og:image:height\" content=\"1600\" \/>\n\t<meta property=\"og:image:type\" content=\"image\/jpeg\" \/>\n<meta name=\"twitter:card\" content=\"summary_large_image\" \/>\n<meta name=\"twitter:label1\" content=\"Gesch\u00e4tzte Lesezeit\" \/>\n\t<meta name=\"twitter:data1\" content=\"2\u00a0Minuten\" \/>\n<script type=\"application\/ld+json\" class=\"yoast-schema-graph\">{\"@context\":\"https:\\\/\\\/schema.org\",\"@graph\":[{\"@type\":\"WebPage\",\"@id\":\"https:\\\/\\\/ludwig-witzani.de\\\/zu-den-grossen-traeumen\\\/ludwig-witzani-der-asiatische-archipel\\\/\",\"url\":\"https:\\\/\\\/ludwig-witzani.de\\\/zu-den-grossen-traeumen\\\/ludwig-witzani-der-asiatische-archipel\\\/\",\"name\":\"Ludwig Witzani: Der asiatische Archipel - Ludwig Witzani\",\"isPartOf\":{\"@id\":\"https:\\\/\\\/ludwig-witzani.de\\\/zu-den-grossen-traeumen\\\/#website\"},\"primaryImageOfPage\":{\"@id\":\"https:\\\/\\\/ludwig-witzani.de\\\/zu-den-grossen-traeumen\\\/ludwig-witzani-der-asiatische-archipel\\\/#primaryimage\"},\"image\":{\"@id\":\"https:\\\/\\\/ludwig-witzani.de\\\/zu-den-grossen-traeumen\\\/ludwig-witzani-der-asiatische-archipel\\\/#primaryimage\"},\"thumbnailUrl\":\"http:\\\/\\\/ludwig-witzani.de\\\/wp-content\\\/uploads\\\/2018\\\/06\\\/IMG_1788-001-534x800.jpg\",\"datePublished\":\"2018-06-12T08:54:24+00:00\",\"dateModified\":\"2025-06-03T10:32:52+00:00\",\"description\":\"Niemand kann f\u00fcr sich in Anspruch nehmen, die 17.000 Inseln Indonesiens wirklich erkundet zu haben. Doch der Autor hat sich redlich bem\u00fcht, wenigstens einen \u00dcberblick zu gewinnen und zu verstehen, was am Ende der Welt vor sich geht. Er war in Java, Bali und Sumatra, auf Borneo, Sulawesi, den Molukken, auf Komodo in Papua Neuguinea und erz\u00e4hlt von einem Land, dessen Vielfalt in der Welt nicht ihresgleichen hat\u2026\",\"breadcrumb\":{\"@id\":\"https:\\\/\\\/ludwig-witzani.de\\\/zu-den-grossen-traeumen\\\/ludwig-witzani-der-asiatische-archipel\\\/#breadcrumb\"},\"inLanguage\":\"de\",\"potentialAction\":[{\"@type\":\"ReadAction\",\"target\":[\"https:\\\/\\\/ludwig-witzani.de\\\/zu-den-grossen-traeumen\\\/ludwig-witzani-der-asiatische-archipel\\\/\"]}]},{\"@type\":\"ImageObject\",\"inLanguage\":\"de\",\"@id\":\"https:\\\/\\\/ludwig-witzani.de\\\/zu-den-grossen-traeumen\\\/ludwig-witzani-der-asiatische-archipel\\\/#primaryimage\",\"url\":\"http:\\\/\\\/ludwig-witzani.de\\\/wp-content\\\/uploads\\\/2018\\\/06\\\/IMG_1788-001-534x800.jpg\",\"contentUrl\":\"http:\\\/\\\/ludwig-witzani.de\\\/wp-content\\\/uploads\\\/2018\\\/06\\\/IMG_1788-001-534x800.jpg\"},{\"@type\":\"BreadcrumbList\",\"@id\":\"https:\\\/\\\/ludwig-witzani.de\\\/zu-den-grossen-traeumen\\\/ludwig-witzani-der-asiatische-archipel\\\/#breadcrumb\",\"itemListElement\":[{\"@type\":\"ListItem\",\"position\":1,\"name\":\"Startseite\",\"item\":\"https:\\\/\\\/ludwig-witzani.de\\\/zu-den-grossen-traeumen\\\/\"},{\"@type\":\"ListItem\",\"position\":2,\"name\":\"Ludwig Witzani: Der asiatische Archipel\"}]},{\"@type\":\"WebSite\",\"@id\":\"https:\\\/\\\/ludwig-witzani.de\\\/zu-den-grossen-traeumen\\\/#website\",\"url\":\"https:\\\/\\\/ludwig-witzani.de\\\/zu-den-grossen-traeumen\\\/\",\"name\":\"Ludwig Witzani\",\"description\":\"World Wide Travel\",\"potentialAction\":[{\"@type\":\"SearchAction\",\"target\":{\"@type\":\"EntryPoint\",\"urlTemplate\":\"https:\\\/\\\/ludwig-witzani.de\\\/zu-den-grossen-traeumen\\\/?s={search_term_string}\"},\"query-input\":{\"@type\":\"PropertyValueSpecification\",\"valueRequired\":true,\"valueName\":\"search_term_string\"}}],\"inLanguage\":\"de\"}]}<\/script>\n<!-- \/ Yoast SEO plugin. -->","yoast_head_json":{"title":"Ludwig Witzani: Der asiatische Archipel - Ludwig Witzani","description":"Niemand kann f\u00fcr sich in Anspruch nehmen, die 17.000 Inseln Indonesiens wirklich erkundet zu haben. Doch der Autor hat sich redlich bem\u00fcht, wenigstens einen \u00dcberblick zu gewinnen und zu verstehen, was am Ende der Welt vor sich geht. Er war in Java, Bali und Sumatra, auf Borneo, Sulawesi, den Molukken, auf Komodo in Papua Neuguinea und erz\u00e4hlt von einem Land, dessen Vielfalt in der Welt nicht ihresgleichen hat\u2026","robots":{"index":"index","follow":"follow","max-snippet":"max-snippet:-1","max-image-preview":"max-image-preview:large","max-video-preview":"max-video-preview:-1"},"canonical":"https:\/\/ludwig-witzani.de\/zu-den-grossen-traeumen\/ludwig-witzani-der-asiatische-archipel\/","og_locale":"de_DE","og_type":"article","og_title":"Ludwig Witzani: Der asiatische Archipel - Ludwig Witzani","og_description":"Niemand kann f\u00fcr sich in Anspruch nehmen, die 17.000 Inseln Indonesiens wirklich erkundet zu haben. Doch der Autor hat sich redlich bem\u00fcht, wenigstens einen \u00dcberblick zu gewinnen und zu verstehen, was am Ende der Welt vor sich geht. Er war in Java, Bali und Sumatra, auf Borneo, Sulawesi, den Molukken, auf Komodo in Papua Neuguinea und erz\u00e4hlt von einem Land, dessen Vielfalt in der Welt nicht ihresgleichen hat\u2026","og_url":"https:\/\/ludwig-witzani.de\/zu-den-grossen-traeumen\/ludwig-witzani-der-asiatische-archipel\/","og_site_name":"Ludwig Witzani","article_modified_time":"2025-06-03T10:32:52+00:00","og_image":[{"width":1067,"height":1600,"url":"https:\/\/ludwig-witzani.de\/wp-content\/uploads\/2018\/06\/IMG_1788-001.jpg","type":"image\/jpeg"}],"twitter_card":"summary_large_image","twitter_misc":{"Gesch\u00e4tzte Lesezeit":"2\u00a0Minuten"},"schema":{"@context":"https:\/\/schema.org","@graph":[{"@type":"WebPage","@id":"https:\/\/ludwig-witzani.de\/zu-den-grossen-traeumen\/ludwig-witzani-der-asiatische-archipel\/","url":"https:\/\/ludwig-witzani.de\/zu-den-grossen-traeumen\/ludwig-witzani-der-asiatische-archipel\/","name":"Ludwig Witzani: Der asiatische Archipel - Ludwig Witzani","isPartOf":{"@id":"https:\/\/ludwig-witzani.de\/zu-den-grossen-traeumen\/#website"},"primaryImageOfPage":{"@id":"https:\/\/ludwig-witzani.de\/zu-den-grossen-traeumen\/ludwig-witzani-der-asiatische-archipel\/#primaryimage"},"image":{"@id":"https:\/\/ludwig-witzani.de\/zu-den-grossen-traeumen\/ludwig-witzani-der-asiatische-archipel\/#primaryimage"},"thumbnailUrl":"http:\/\/ludwig-witzani.de\/wp-content\/uploads\/2018\/06\/IMG_1788-001-534x800.jpg","datePublished":"2018-06-12T08:54:24+00:00","dateModified":"2025-06-03T10:32:52+00:00","description":"Niemand kann f\u00fcr sich in Anspruch nehmen, die 17.000 Inseln Indonesiens wirklich erkundet zu haben. Doch der Autor hat sich redlich bem\u00fcht, wenigstens einen \u00dcberblick zu gewinnen und zu verstehen, was am Ende der Welt vor sich geht. Er war in Java, Bali und Sumatra, auf Borneo, Sulawesi, den Molukken, auf Komodo in Papua Neuguinea und erz\u00e4hlt von einem Land, dessen Vielfalt in der Welt nicht ihresgleichen hat\u2026","breadcrumb":{"@id":"https:\/\/ludwig-witzani.de\/zu-den-grossen-traeumen\/ludwig-witzani-der-asiatische-archipel\/#breadcrumb"},"inLanguage":"de","potentialAction":[{"@type":"ReadAction","target":["https:\/\/ludwig-witzani.de\/zu-den-grossen-traeumen\/ludwig-witzani-der-asiatische-archipel\/"]}]},{"@type":"ImageObject","inLanguage":"de","@id":"https:\/\/ludwig-witzani.de\/zu-den-grossen-traeumen\/ludwig-witzani-der-asiatische-archipel\/#primaryimage","url":"http:\/\/ludwig-witzani.de\/wp-content\/uploads\/2018\/06\/IMG_1788-001-534x800.jpg","contentUrl":"http:\/\/ludwig-witzani.de\/wp-content\/uploads\/2018\/06\/IMG_1788-001-534x800.jpg"},{"@type":"BreadcrumbList","@id":"https:\/\/ludwig-witzani.de\/zu-den-grossen-traeumen\/ludwig-witzani-der-asiatische-archipel\/#breadcrumb","itemListElement":[{"@type":"ListItem","position":1,"name":"Startseite","item":"https:\/\/ludwig-witzani.de\/zu-den-grossen-traeumen\/"},{"@type":"ListItem","position":2,"name":"Ludwig Witzani: Der asiatische Archipel"}]},{"@type":"WebSite","@id":"https:\/\/ludwig-witzani.de\/zu-den-grossen-traeumen\/#website","url":"https:\/\/ludwig-witzani.de\/zu-den-grossen-traeumen\/","name":"Ludwig Witzani","description":"World Wide Travel","potentialAction":[{"@type":"SearchAction","target":{"@type":"EntryPoint","urlTemplate":"https:\/\/ludwig-witzani.de\/zu-den-grossen-traeumen\/?s={search_term_string}"},"query-input":{"@type":"PropertyValueSpecification","valueRequired":true,"valueName":"search_term_string"}}],"inLanguage":"de"}]}},"jetpack_shortlink":"https:\/\/wp.me\/P4daYo-1Iw","jetpack_sharing_enabled":true,"_links":{"self":[{"href":"https:\/\/ludwig-witzani.de\/zu-den-grossen-traeumen\/wp-json\/wp\/v2\/pages\/6604","targetHints":{"allow":["GET"]}}],"collection":[{"href":"https:\/\/ludwig-witzani.de\/zu-den-grossen-traeumen\/wp-json\/wp\/v2\/pages"}],"about":[{"href":"https:\/\/ludwig-witzani.de\/zu-den-grossen-traeumen\/wp-json\/wp\/v2\/types\/page"}],"author":[{"embeddable":true,"href":"https:\/\/ludwig-witzani.de\/zu-den-grossen-traeumen\/wp-json\/wp\/v2\/users\/2"}],"replies":[{"embeddable":true,"href":"https:\/\/ludwig-witzani.de\/zu-den-grossen-traeumen\/wp-json\/wp\/v2\/comments?post=6604"}],"version-history":[{"count":14,"href":"https:\/\/ludwig-witzani.de\/zu-den-grossen-traeumen\/wp-json\/wp\/v2\/pages\/6604\/revisions"}],"predecessor-version":[{"id":6847,"href":"https:\/\/ludwig-witzani.de\/zu-den-grossen-traeumen\/wp-json\/wp\/v2\/pages\/6604\/revisions\/6847"}],"wp:attachment":[{"href":"https:\/\/ludwig-witzani.de\/zu-den-grossen-traeumen\/wp-json\/wp\/v2\/media?parent=6604"}],"curies":[{"name":"wp","href":"https:\/\/api.w.org\/{rel}","templated":true}]}}