{"id":5369,"date":"2016-03-16T15:40:38","date_gmt":"2016-03-16T15:40:38","guid":{"rendered":"http:\/\/ludwig-witzani.de\/?page_id=5369"},"modified":"2025-06-03T10:32:52","modified_gmt":"2025-06-03T10:32:52","slug":"indochina-leseprobe","status":"publish","type":"page","link":"https:\/\/ludwig-witzani.de\/zu-den-grossen-traeumen\/indochina-leseprobe\/","title":{"rendered":"Indochina Leseprobe"},"content":{"rendered":"<p>&nbsp;<\/p>\n<h3><strong>\u00a0Auf allen Vieren ins dunkle Loch. \u00a0 \u00a0 \u00a0 \u00a0 \u00a0 \u00a0 \u00a0 \u00a0 \u00a0 \u00a0 \u00a0 \u00a0 \u00a0 \u00a0 \u00a0 \u00a0 \u00a0 \u00a0 \u00a0 \u00a0Im Vietkong-Park von Cu-Chi<img loading=\"lazy\" decoding=\"async\" class=\"aligncenter size-full wp-image-5370\" src=\"http:\/\/ludwig-witzani.de\/wp-content\/uploads\/2016\/03\/4-22.jpg\" alt=\"4 (22)\" width=\"800\" height=\"537\" srcset=\"https:\/\/ludwig-witzani.de\/wp-content\/uploads\/2016\/03\/4-22.jpg 800w, https:\/\/ludwig-witzani.de\/wp-content\/uploads\/2016\/03\/4-22-768x516.jpg 768w\" sizes=\"auto, (max-width: 800px) 100vw, 800px\" \/><\/strong><\/h3>\n<p>So haben sich selbst die gr\u00f6\u00dften Fans des Vietkong den Krieg nicht vorgestellt: H\u00fcbsche und gut frisierte Befreiungsk\u00e4mpferinnen stillen ihre Babys, r\u00e4umen die Bambush\u00fctten auf und knacken zwischendurch mal schnell mit einer Tellermine einen amerikanischen Panzer, der wild ballernd durch den Dschungel rollt. Ihre drahtigen M\u00e4nner eilen derweil nach dem Einsatz im Sch\u00fctzengraben, das Gewehr noch \u00fcber den R\u00fccken, auf die Reisfelder um die Ernte einzubringen. Abends trifft sich die Familie in gel\u00f6ster Heiterkeit bei der politischen Schulung, Ho Chi Minh schaut zufrieden auf die tapferen Kinder seines Volkes, alles k\u00f6nnte so wunderbar sein, w\u00fcrde der b\u00f6se Feind doch endlich Ruhe geben. Aber nein, da ist er schon wieder, Bomben fallen vom Himmel und Panzer zermalmen, was ihnen vor die Ketten kommt. Doch die Bewohner des Dorfes verschwinden in einem geheimnisvollen Tunnelsystem unter der Erde, schwarze L\u00f6cher tun sich auf, in die nur der schlanke s\u00fcdostasiatische Menschenschlag hineinpasst, und die fetten Amerikaner m\u00fcssen drau\u00dfenbleiben.<\/p>\n<p>\u00dcber zwanzig Jahre sind diese K\u00e4mpfe nun schon vor\u00fcber, und wer wird es den siegreichen Freiheitsk\u00e4mpfern verdenken, dass sie den Film \u00fcber diese Ereignisse als eine fetzige Collage von Dokumentaraufnahmen und nachgestellten Szenen in aller Ruhe <em>nach <\/em>der Befreiung drehten?<\/p>\n<p><em>Heute <\/em>zeigen sie ihn den westlichen Besuchern, die f\u00fcr eine bescheidene Eintrittsgeb\u00fchr die Vietkong- Tunnels von Cu-Chi, funfunddrei\u00dfig Kilometer nordwestlich von Saigon, besuchen. Tats\u00e4chlich ist die Vergangenheit dieses Ortes grotesk und makaber zugleich: w\u00e4hrend die GI&#8217;s oberhalb der Erde in einem gut klimatisierten Milit\u00e4rlager am Tage die Umgebung kontrollierten, kam der Vietkong in der Nacht aus seinen Verstecken, organisierte Versorgung und Logistik, bestrafte und herrschte in den D\u00f6rfern und verschwand am Morgen wieder unter die Erde. Fast so dunkel wie unter der Erde ist es im Vorf\u00fchrungssaal, als der Film zu Ende ist. Dann gehen die Lichter an, und alles blickt voller Staunen auf bunte Tafeln, erkennt im gro\u00dfz\u00fcgigen Ma\u00dfstab die Abbildung eines verwirrenden Tunnelsystem, das sich mit einer Gesamtl\u00e4nge von zweihundert Kilometern unter der Erde von Cu-Chi bis unter die Behasungen der amerikanischen Soldaten erstreckte. Sp\u00e4testens als es noch nicht einmal deutschen Sch\u00e4ferhunden gelang, in den Tiefen des Tunnel-Systems gegen den Vietkong anzukommen, h\u00e4tte man im Pentagon eigentlich wissen m\u00fcssen, dass der Krieg nicht gewonnen werden konnte.<\/p>\n<p>Nach der visuellen Einstimmung im Klassenzimmer beginnt der eigentliche Rundgang durch das Cu-Chi-Camp, der schnell den Charakter einer Entdeckungs- und Bewegungstour annimmt. Vorbei an einem ausgebrannten Panzer, \u00fcber trickreich getarnte Bambusfallen mit vergifteten Pf\u00e4hlen auf dem Grund der Grube, f\u00fchrt dieser sch\u00f6ne Wanderweg immer tiefer hinein in \u00fcppige indochinesische Bewaldung. Doch wer gehofft hatte, dass sich das Programm in solch reiner Beschaulichkeit ersch\u00f6pfe, der sieht sich bald eines Besseren belehrt, denn schon auf der ersten Lichtung, die wir erreichen, fordert uns der englischsprachige Guide auf, den Eingang zu einem der unz\u00e4hligen Tunnel zu suchen, eine schwierige Aufgabe f\u00fcr den westlichen Stadtmenschen, der leicht einen Maulwurfsh\u00fcgel mit einer Verkehrsberuhigung verwechselt. Und wirklich f\u00fchrt denn auch das verzagte Kratzen mit den Turnschuhen im Sand, das gutwillige Niedertrampeln der benachbarten B\u00fcsche zu keiner Entdeckung. Halb verlegen ob der eigenen Unf\u00e4higkeit und halb froh, hier nicht im Ernstfall mit einem Vietkong unter den F\u00fc\u00dfen herumstehen zu m\u00fcssen, blickt man sich an, als der Guide gutm\u00fctig l\u00e4chelnd eine erdgraue Kordel aus dem Staub ergreift und mit einem kurzen Ruck einen gulligro\u00dfen Deckel hebt. Schwarz wie der Eingang zur H\u00f6lle g\u00e4hnt uns das Loch an, und obwohl schon lange kein K\u00e4mpfer mehr unter der Erde lauert, mag niemand in die Tiefe steigen.<\/p>\n<p>Aber auch wer nicht k\u00e4mpft, sondern nur besichtigt, hat Hunger, und so f\u00fchrt und der n\u00e4chste Gang exakt zur Lunch-Zeit zur Vietkong-K\u00fcche, einer zwar vertieften, aber so gro\u00dfz\u00fcgig wellblech\u00fcberdachten R\u00e4umlichkeit, dass auch der l\u00e4ngste Nordamerikaner an der adrett hergerichteten Befreiungsk\u00e4mpfer-Tafel platznehmen kann. Tee und Maniok-Kolben, &#8222;Vietkong\u00ad-Food&#8220; wie unser F\u00fchrer erl\u00e4utert, stehen bereit, und da wir uns in den Anlagen einer immerhin ber\u00fchmten sozialistischen Kampf-Organisation befinden, gibt es den Guerillasnack gratis.<\/p>\n<p>Solcherma\u00dfen gest\u00e4rkt, verlassen wir die K\u00fcche, bewundern den sinnreich zur T\u00e4uschung des Feindes um f\u00fcnfundzwanzig Meter versetzten Rauchabzug, schlendern ein wenig durchs Gel\u00e4nde, ehe wir ein zweites Mal in die Erde steigen, diesmal richtig tief in einen unterirdischen Vietkong-\u00adKonferenzraum mit einem L\u00e4ngstisch f\u00fcr die Kader und einem Quertisch f\u00fcr den \u00f6rtlichen Kommissar, dessen Stuhl genau unter einem Ho Chi Minh-Portrait und der revolution\u00e4ren roten Fahne mit dem gelben Stern postiert ist. Sch\u00f6n muss es f\u00fcr die G\u00e4ste sein, sich so nah und grinsend am ehemals unterirdischen Pulsschlag der Welt unter Onkel Hos Konterfei ablichten zu lassen, aber die Authentizit\u00e4t wird noch einen Schritt weiter getrieben: Als Resultat feinf\u00fchligen Tourismusmarketings hat man einen Teil der unterirdischen Tunnelr\u00f6hren derart vergr\u00f6\u00dfert, dass\u00a0 auch normal gewachsene Westtouristen eine Strecke von sechzig Metern unter der Erde ohne Folgesch\u00e4den zur\u00fccklegen k\u00f6nnen, und tats\u00e4chlich kriecht die betuliche Rotte ohne gro\u00dfes Z\u00f6gern auf Gehei\u00df einer nach dem anderen auf allen vieren in das dunkle Loch.<\/p>\n<p>Als nach einer Viertelstunde auch die letzten Krabbler vollkommen verdreckt auf der anderen Stra\u00dfenseite wieder in das Licht des Tages taumeln, n\u00e4hert sich die Veranstaltung dem H\u00f6hepunkt. Die Besucher werden aufgefordert, ein umz\u00e4untes Areal auf einem schmalen Waldpfad zu durchqueren, ohne auf eine Miene zu treten. Der Wahrheit halber muss nat\u00fcrlich gesagt werden, dass es sich um keine wirklichen Tretminen handelt, sondern um unsichtbare Drahtvorrichtungen, bei deren Ber\u00fchrung in unmittelbarer K\u00f6rpern\u00e4he eine knallaute Platzpatrone detoniert. Wie ver\u00e4ngstigte St\u00f6rche auf einem zu hei\u00dfen Boden, so stakste bald alles durch das Unterholz, es knallte und krachte an allen Enden, und als wir das Gel\u00e4nde verlie\u00dfen, waren die meisten von uns virtuell tot.\u00a0<img loading=\"lazy\" decoding=\"async\" class=\"aligncenter size-full wp-image-5371\" src=\"http:\/\/ludwig-witzani.de\/wp-content\/uploads\/2016\/03\/4-19.jpg\" alt=\"4 (19)\" width=\"800\" height=\"539\" srcset=\"https:\/\/ludwig-witzani.de\/wp-content\/uploads\/2016\/03\/4-19.jpg 800w, https:\/\/ludwig-witzani.de\/wp-content\/uploads\/2016\/03\/4-19-768x517.jpg 768w\" sizes=\"auto, (max-width: 800px) 100vw, 800px\" \/><\/p>\n<p>&nbsp;<\/p>\n<p><strong>\u00a0<\/strong><\/p>\n","protected":false},"excerpt":{"rendered":"<p>&nbsp; \u00a0Auf allen Vieren ins dunkle Loch. \u00a0 \u00a0 \u00a0 \u00a0 \u00a0 \u00a0 \u00a0 \u00a0 \u00a0 \u00a0 \u00a0 \u00a0 \u00a0 \u00a0 \u00a0 \u00a0 \u00a0 \u00a0 \u00a0 \u00a0Im Vietkong-Park von Cu-Chi So haben sich selbst die gr\u00f6\u00dften Fans des Vietkong den Krieg nicht vorgestellt: H\u00fcbsche und gut frisierte Befreiungsk\u00e4mpferinnen stillen ihre Babys, r\u00e4umen die Bambush\u00fctten auf &hellip; <a href=\"https:\/\/ludwig-witzani.de\/zu-den-grossen-traeumen\/indochina-leseprobe\/\" class=\"more-link\"><span class=\"screen-reader-text\">Indochina Leseprobe<\/span> weiterlesen <span class=\"meta-nav\">&rarr;<\/span><\/a><\/p>\n","protected":false},"author":2,"featured_media":0,"parent":0,"menu_order":0,"comment_status":"closed","ping_status":"closed","template":"","meta":{"ngg_post_thumbnail":0,"footnotes":""},"class_list":["post-5369","page","type-page","status-publish","hentry"],"yoast_head":"<!-- This site is optimized with the Yoast SEO plugin v27.5 - https:\/\/yoast.com\/product\/yoast-seo-wordpress\/ -->\n<title>Indochina Leseprobe - Ludwig Witzani<\/title>\n<meta name=\"robots\" content=\"index, follow, max-snippet:-1, max-image-preview:large, max-video-preview:-1\" \/>\n<link rel=\"canonical\" href=\"https:\/\/ludwig-witzani.de\/zu-den-grossen-traeumen\/indochina-leseprobe\/\" \/>\n<meta property=\"og:locale\" content=\"de_DE\" \/>\n<meta property=\"og:type\" content=\"article\" \/>\n<meta property=\"og:title\" content=\"Indochina Leseprobe - Ludwig Witzani\" \/>\n<meta property=\"og:description\" content=\"&nbsp; \u00a0Auf allen Vieren ins dunkle Loch. \u00a0 \u00a0 \u00a0 \u00a0 \u00a0 \u00a0 \u00a0 \u00a0 \u00a0 \u00a0 \u00a0 \u00a0 \u00a0 \u00a0 \u00a0 \u00a0 \u00a0 \u00a0 \u00a0 \u00a0Im Vietkong-Park von Cu-Chi So haben sich selbst die gr\u00f6\u00dften Fans des Vietkong den Krieg nicht vorgestellt: H\u00fcbsche und gut frisierte Befreiungsk\u00e4mpferinnen stillen ihre Babys, r\u00e4umen die Bambush\u00fctten auf &hellip; Indochina Leseprobe weiterlesen &rarr;\" \/>\n<meta property=\"og:url\" content=\"https:\/\/ludwig-witzani.de\/zu-den-grossen-traeumen\/indochina-leseprobe\/\" \/>\n<meta property=\"og:site_name\" content=\"Ludwig Witzani\" \/>\n<meta property=\"article:modified_time\" content=\"2025-06-03T10:32:52+00:00\" \/>\n<meta property=\"og:image\" content=\"https:\/\/ludwig-witzani.de\/wp-content\/uploads\/2016\/03\/4-22.jpg\" \/>\n\t<meta property=\"og:image:width\" content=\"800\" \/>\n\t<meta property=\"og:image:height\" content=\"537\" \/>\n\t<meta property=\"og:image:type\" content=\"image\/jpeg\" \/>\n<meta name=\"twitter:card\" content=\"summary_large_image\" \/>\n<meta name=\"twitter:label1\" content=\"Gesch\u00e4tzte Lesezeit\" \/>\n\t<meta name=\"twitter:data1\" content=\"5\u00a0Minuten\" \/>\n<script type=\"application\/ld+json\" class=\"yoast-schema-graph\">{\"@context\":\"https:\\\/\\\/schema.org\",\"@graph\":[{\"@type\":\"WebPage\",\"@id\":\"https:\\\/\\\/ludwig-witzani.de\\\/zu-den-grossen-traeumen\\\/indochina-leseprobe\\\/\",\"url\":\"https:\\\/\\\/ludwig-witzani.de\\\/zu-den-grossen-traeumen\\\/indochina-leseprobe\\\/\",\"name\":\"Indochina Leseprobe - Ludwig Witzani\",\"isPartOf\":{\"@id\":\"https:\\\/\\\/ludwig-witzani.de\\\/zu-den-grossen-traeumen\\\/#website\"},\"primaryImageOfPage\":{\"@id\":\"https:\\\/\\\/ludwig-witzani.de\\\/zu-den-grossen-traeumen\\\/indochina-leseprobe\\\/#primaryimage\"},\"image\":{\"@id\":\"https:\\\/\\\/ludwig-witzani.de\\\/zu-den-grossen-traeumen\\\/indochina-leseprobe\\\/#primaryimage\"},\"thumbnailUrl\":\"http:\\\/\\\/ludwig-witzani.de\\\/wp-content\\\/uploads\\\/2016\\\/03\\\/4-22.jpg\",\"datePublished\":\"2016-03-16T15:40:38+00:00\",\"dateModified\":\"2025-06-03T10:32:52+00:00\",\"breadcrumb\":{\"@id\":\"https:\\\/\\\/ludwig-witzani.de\\\/zu-den-grossen-traeumen\\\/indochina-leseprobe\\\/#breadcrumb\"},\"inLanguage\":\"de\",\"potentialAction\":[{\"@type\":\"ReadAction\",\"target\":[\"https:\\\/\\\/ludwig-witzani.de\\\/zu-den-grossen-traeumen\\\/indochina-leseprobe\\\/\"]}]},{\"@type\":\"ImageObject\",\"inLanguage\":\"de\",\"@id\":\"https:\\\/\\\/ludwig-witzani.de\\\/zu-den-grossen-traeumen\\\/indochina-leseprobe\\\/#primaryimage\",\"url\":\"http:\\\/\\\/ludwig-witzani.de\\\/wp-content\\\/uploads\\\/2016\\\/03\\\/4-22.jpg\",\"contentUrl\":\"http:\\\/\\\/ludwig-witzani.de\\\/wp-content\\\/uploads\\\/2016\\\/03\\\/4-22.jpg\"},{\"@type\":\"BreadcrumbList\",\"@id\":\"https:\\\/\\\/ludwig-witzani.de\\\/zu-den-grossen-traeumen\\\/indochina-leseprobe\\\/#breadcrumb\",\"itemListElement\":[{\"@type\":\"ListItem\",\"position\":1,\"name\":\"Startseite\",\"item\":\"https:\\\/\\\/ludwig-witzani.de\\\/zu-den-grossen-traeumen\\\/\"},{\"@type\":\"ListItem\",\"position\":2,\"name\":\"Indochina Leseprobe\"}]},{\"@type\":\"WebSite\",\"@id\":\"https:\\\/\\\/ludwig-witzani.de\\\/zu-den-grossen-traeumen\\\/#website\",\"url\":\"https:\\\/\\\/ludwig-witzani.de\\\/zu-den-grossen-traeumen\\\/\",\"name\":\"Ludwig Witzani\",\"description\":\"World Wide Travel\",\"potentialAction\":[{\"@type\":\"SearchAction\",\"target\":{\"@type\":\"EntryPoint\",\"urlTemplate\":\"https:\\\/\\\/ludwig-witzani.de\\\/zu-den-grossen-traeumen\\\/?s={search_term_string}\"},\"query-input\":{\"@type\":\"PropertyValueSpecification\",\"valueRequired\":true,\"valueName\":\"search_term_string\"}}],\"inLanguage\":\"de\"}]}<\/script>\n<!-- \/ Yoast SEO plugin. -->","yoast_head_json":{"title":"Indochina Leseprobe - Ludwig Witzani","robots":{"index":"index","follow":"follow","max-snippet":"max-snippet:-1","max-image-preview":"max-image-preview:large","max-video-preview":"max-video-preview:-1"},"canonical":"https:\/\/ludwig-witzani.de\/zu-den-grossen-traeumen\/indochina-leseprobe\/","og_locale":"de_DE","og_type":"article","og_title":"Indochina Leseprobe - Ludwig Witzani","og_description":"&nbsp; \u00a0Auf allen Vieren ins dunkle Loch. \u00a0 \u00a0 \u00a0 \u00a0 \u00a0 \u00a0 \u00a0 \u00a0 \u00a0 \u00a0 \u00a0 \u00a0 \u00a0 \u00a0 \u00a0 \u00a0 \u00a0 \u00a0 \u00a0 \u00a0Im Vietkong-Park von Cu-Chi So haben sich selbst die gr\u00f6\u00dften Fans des Vietkong den Krieg nicht vorgestellt: H\u00fcbsche und gut frisierte Befreiungsk\u00e4mpferinnen stillen ihre Babys, r\u00e4umen die Bambush\u00fctten auf &hellip; Indochina Leseprobe weiterlesen &rarr;","og_url":"https:\/\/ludwig-witzani.de\/zu-den-grossen-traeumen\/indochina-leseprobe\/","og_site_name":"Ludwig Witzani","article_modified_time":"2025-06-03T10:32:52+00:00","og_image":[{"width":800,"height":537,"url":"https:\/\/ludwig-witzani.de\/wp-content\/uploads\/2016\/03\/4-22.jpg","type":"image\/jpeg"}],"twitter_card":"summary_large_image","twitter_misc":{"Gesch\u00e4tzte Lesezeit":"5\u00a0Minuten"},"schema":{"@context":"https:\/\/schema.org","@graph":[{"@type":"WebPage","@id":"https:\/\/ludwig-witzani.de\/zu-den-grossen-traeumen\/indochina-leseprobe\/","url":"https:\/\/ludwig-witzani.de\/zu-den-grossen-traeumen\/indochina-leseprobe\/","name":"Indochina Leseprobe - Ludwig Witzani","isPartOf":{"@id":"https:\/\/ludwig-witzani.de\/zu-den-grossen-traeumen\/#website"},"primaryImageOfPage":{"@id":"https:\/\/ludwig-witzani.de\/zu-den-grossen-traeumen\/indochina-leseprobe\/#primaryimage"},"image":{"@id":"https:\/\/ludwig-witzani.de\/zu-den-grossen-traeumen\/indochina-leseprobe\/#primaryimage"},"thumbnailUrl":"http:\/\/ludwig-witzani.de\/wp-content\/uploads\/2016\/03\/4-22.jpg","datePublished":"2016-03-16T15:40:38+00:00","dateModified":"2025-06-03T10:32:52+00:00","breadcrumb":{"@id":"https:\/\/ludwig-witzani.de\/zu-den-grossen-traeumen\/indochina-leseprobe\/#breadcrumb"},"inLanguage":"de","potentialAction":[{"@type":"ReadAction","target":["https:\/\/ludwig-witzani.de\/zu-den-grossen-traeumen\/indochina-leseprobe\/"]}]},{"@type":"ImageObject","inLanguage":"de","@id":"https:\/\/ludwig-witzani.de\/zu-den-grossen-traeumen\/indochina-leseprobe\/#primaryimage","url":"http:\/\/ludwig-witzani.de\/wp-content\/uploads\/2016\/03\/4-22.jpg","contentUrl":"http:\/\/ludwig-witzani.de\/wp-content\/uploads\/2016\/03\/4-22.jpg"},{"@type":"BreadcrumbList","@id":"https:\/\/ludwig-witzani.de\/zu-den-grossen-traeumen\/indochina-leseprobe\/#breadcrumb","itemListElement":[{"@type":"ListItem","position":1,"name":"Startseite","item":"https:\/\/ludwig-witzani.de\/zu-den-grossen-traeumen\/"},{"@type":"ListItem","position":2,"name":"Indochina Leseprobe"}]},{"@type":"WebSite","@id":"https:\/\/ludwig-witzani.de\/zu-den-grossen-traeumen\/#website","url":"https:\/\/ludwig-witzani.de\/zu-den-grossen-traeumen\/","name":"Ludwig Witzani","description":"World Wide Travel","potentialAction":[{"@type":"SearchAction","target":{"@type":"EntryPoint","urlTemplate":"https:\/\/ludwig-witzani.de\/zu-den-grossen-traeumen\/?s={search_term_string}"},"query-input":{"@type":"PropertyValueSpecification","valueRequired":true,"valueName":"search_term_string"}}],"inLanguage":"de"}]}},"jetpack_shortlink":"https:\/\/wp.me\/P4daYo-1oB","jetpack_sharing_enabled":true,"_links":{"self":[{"href":"https:\/\/ludwig-witzani.de\/zu-den-grossen-traeumen\/wp-json\/wp\/v2\/pages\/5369","targetHints":{"allow":["GET"]}}],"collection":[{"href":"https:\/\/ludwig-witzani.de\/zu-den-grossen-traeumen\/wp-json\/wp\/v2\/pages"}],"about":[{"href":"https:\/\/ludwig-witzani.de\/zu-den-grossen-traeumen\/wp-json\/wp\/v2\/types\/page"}],"author":[{"embeddable":true,"href":"https:\/\/ludwig-witzani.de\/zu-den-grossen-traeumen\/wp-json\/wp\/v2\/users\/2"}],"replies":[{"embeddable":true,"href":"https:\/\/ludwig-witzani.de\/zu-den-grossen-traeumen\/wp-json\/wp\/v2\/comments?post=5369"}],"version-history":[{"count":2,"href":"https:\/\/ludwig-witzani.de\/zu-den-grossen-traeumen\/wp-json\/wp\/v2\/pages\/5369\/revisions"}],"predecessor-version":[{"id":5373,"href":"https:\/\/ludwig-witzani.de\/zu-den-grossen-traeumen\/wp-json\/wp\/v2\/pages\/5369\/revisions\/5373"}],"wp:attachment":[{"href":"https:\/\/ludwig-witzani.de\/zu-den-grossen-traeumen\/wp-json\/wp\/v2\/media?parent=5369"}],"curies":[{"name":"wp","href":"https:\/\/api.w.org\/{rel}","templated":true}]}}