{"id":52,"date":"2013-11-21T12:39:04","date_gmt":"2013-11-21T12:39:04","guid":{"rendered":"http:\/\/ludwig-witzani.de\/?page_id=52"},"modified":"2025-06-03T10:32:56","modified_gmt":"2025-06-03T10:32:56","slug":"reise-zu-den-raendern-des-nichts","status":"publish","type":"page","link":"https:\/\/ludwig-witzani.de\/zu-den-grossen-traeumen\/buecher\/reise-zu-den-raendern-des-nichts\/","title":{"rendered":"Reise zu den R\u00e4ndern des Nichts"},"content":{"rendered":"<h4>Durch die algerische Sahara zum Hoggar-Gebirge und zur\u00fcck<\/h4>\n<p><a title=\"Reise zu den R\u00e4ndern des Nichts - eBook von Ludwig Witzani\" href=\"http:\/\/www.amazon.de\/dp\/B00GSSC0S8\" target=\"_blank\">Kindle eBook jetzt bei Amazon f\u00fcr Euro 1,14 <\/a><\/p>\n<p>Printausgabe bei epubli, Berlin, 2016\u00a0 ( 104 Seiten, 8,95 Euro)<\/p>\n<p><a href=\"http:\/\/ludwig-witzani.de\/wp-content\/uploads\/2013\/11\/cover.jpg\"><img loading=\"lazy\" decoding=\"async\" class=\"alignleft wp-image-53\" src=\"http:\/\/ludwig-witzani.de\/wp-content\/uploads\/2013\/11\/cover-900x1200.jpg\" alt=\"eBook Cover\" width=\"321\" height=\"428\" srcset=\"https:\/\/ludwig-witzani.de\/wp-content\/uploads\/2013\/11\/cover-900x1200.jpg 900w, https:\/\/ludwig-witzani.de\/wp-content\/uploads\/2013\/11\/cover-600x800.jpg 600w, https:\/\/ludwig-witzani.de\/wp-content\/uploads\/2013\/11\/cover.jpg 1875w\" sizes=\"auto, (max-width: 321px) 100vw, 321px\" \/><\/a>Wer h\u00e4tte nicht schon einmal davon getr\u00e4umt, die Sahara zu durchqueren, in ihren Oasen zu rasten, unter dem Sternenzelt der W\u00fcste zu schlafen und ihre Sandmeere zu erblicken? Lothar und Wolfgang erf\u00fcllen sich diesen Traum und wagen sich mit ihrem Kleinwagen von Oran aus auf die \u201eStra\u00dfe der Palmen\u201c am Rande des Grand Erg Occidental, einem der gr\u00f6\u00dften Sandfelder der Erde. Sie bestaunen die Oasenwirtschaft von Taghirt, die Eremitage Pater Foucaulds in Beni Abb\u00e9s und die grandiose Sch\u00f6nheit der W\u00fcstenstadt\u00a0 Timimoun. Doch dann treibt sie der Zufall und die Abenteuerlust viel tiefer hinein in die Unendlichkeit der Gro\u00dfen W\u00fcste, als sie es jemals vorgehabt hatten. Am Ende ihrer ungeplanten Reise nach In Salah und Tamanrasset stehen sie auf dem Assekrem, dem steinernen Herz Afrikas und dem Traumziel aller Saharareisenden.\u00a0 Doch auf dem R\u00fcckweg \u00fcberrascht sie ein Sandsturm auf dem Satansplateau und f\u00fchrt sie an den Rand des Todes\u2026<\/p>\n<p><a href=\"http:\/\/ludwig-witzani.de\/leseprobe-reise-zu-den-raendern-des-nichts\/\">Leseprobe: Reise zu den R\u00e4ndern des Nichts<\/a><\/p>\n","protected":false},"excerpt":{"rendered":"<p>Durch die algerische Sahara zum Hoggar-Gebirge und zur\u00fcck Kindle eBook jetzt bei Amazon f\u00fcr Euro 1,14 Printausgabe bei epubli, Berlin, 2016\u00a0 ( 104 Seiten, 8,95 Euro) Wer h\u00e4tte nicht schon einmal davon getr\u00e4umt, die Sahara zu durchqueren, in ihren Oasen zu rasten, unter dem Sternenzelt der W\u00fcste zu schlafen und ihre Sandmeere zu erblicken? Lothar &hellip; <a href=\"https:\/\/ludwig-witzani.de\/zu-den-grossen-traeumen\/buecher\/reise-zu-den-raendern-des-nichts\/\" class=\"more-link\"><span class=\"screen-reader-text\">Reise zu den R\u00e4ndern des Nichts<\/span> weiterlesen <span class=\"meta-nav\">&rarr;<\/span><\/a><\/p>\n","protected":false},"author":2,"featured_media":0,"parent":11,"menu_order":3,"comment_status":"open","ping_status":"closed","template":"","meta":{"ngg_post_thumbnail":0,"jetpack_post_was_ever_published":false,"footnotes":""},"class_list":["post-52","page","type-page","status-publish","hentry"],"yoast_head":"<!-- This site is optimized with the Yoast SEO plugin v27.4 - https:\/\/yoast.com\/product\/yoast-seo-wordpress\/ -->\n<title>Reise zu den R\u00e4ndern des Nichts - Ludwig Witzani<\/title>\n<meta name=\"robots\" content=\"index, follow, max-snippet:-1, max-image-preview:large, max-video-preview:-1\" \/>\n<link rel=\"canonical\" href=\"https:\/\/ludwig-witzani.de\/zu-den-grossen-traeumen\/buecher\/reise-zu-den-raendern-des-nichts\/\" \/>\n<meta property=\"og:locale\" content=\"de_DE\" \/>\n<meta property=\"og:type\" content=\"article\" \/>\n<meta property=\"og:title\" content=\"Reise zu den R\u00e4ndern des Nichts - Ludwig Witzani\" \/>\n<meta property=\"og:description\" content=\"Durch die algerische Sahara zum Hoggar-Gebirge und zur\u00fcck Kindle eBook jetzt bei Amazon f\u00fcr Euro 1,14 Printausgabe bei epubli, Berlin, 2016\u00a0 ( 104 Seiten, 8,95 Euro) Wer h\u00e4tte nicht schon einmal davon getr\u00e4umt, die Sahara zu durchqueren, in ihren Oasen zu rasten, unter dem Sternenzelt der W\u00fcste zu schlafen und ihre Sandmeere zu erblicken? Lothar &hellip; Reise zu den R\u00e4ndern des Nichts weiterlesen &rarr;\" \/>\n<meta property=\"og:url\" content=\"https:\/\/ludwig-witzani.de\/zu-den-grossen-traeumen\/buecher\/reise-zu-den-raendern-des-nichts\/\" \/>\n<meta property=\"og:site_name\" content=\"Ludwig Witzani\" \/>\n<meta property=\"article:modified_time\" content=\"2025-06-03T10:32:56+00:00\" \/>\n<meta property=\"og:image\" content=\"https:\/\/ludwig-witzani.de\/wp-content\/uploads\/2013\/11\/cover-900x1200.jpg\" \/>\n\t<meta property=\"og:image:width\" content=\"900\" \/>\n\t<meta property=\"og:image:height\" content=\"1200\" \/>\n\t<meta property=\"og:image:type\" content=\"image\/jpeg\" \/>\n<meta name=\"twitter:card\" content=\"summary_large_image\" \/>\n<meta name=\"twitter:label1\" content=\"Gesch\u00e4tzte Lesezeit\" \/>\n\t<meta name=\"twitter:data1\" content=\"1\u00a0Minute\" \/>\n<script type=\"application\/ld+json\" class=\"yoast-schema-graph\">{\"@context\":\"https:\\\/\\\/schema.org\",\"@graph\":[{\"@type\":\"WebPage\",\"@id\":\"https:\\\/\\\/ludwig-witzani.de\\\/zu-den-grossen-traeumen\\\/buecher\\\/reise-zu-den-raendern-des-nichts\\\/\",\"url\":\"https:\\\/\\\/ludwig-witzani.de\\\/zu-den-grossen-traeumen\\\/buecher\\\/reise-zu-den-raendern-des-nichts\\\/\",\"name\":\"Reise zu den R\u00e4ndern des Nichts - Ludwig Witzani\",\"isPartOf\":{\"@id\":\"https:\\\/\\\/ludwig-witzani.de\\\/zu-den-grossen-traeumen\\\/#website\"},\"primaryImageOfPage\":{\"@id\":\"https:\\\/\\\/ludwig-witzani.de\\\/zu-den-grossen-traeumen\\\/buecher\\\/reise-zu-den-raendern-des-nichts\\\/#primaryimage\"},\"image\":{\"@id\":\"https:\\\/\\\/ludwig-witzani.de\\\/zu-den-grossen-traeumen\\\/buecher\\\/reise-zu-den-raendern-des-nichts\\\/#primaryimage\"},\"thumbnailUrl\":\"http:\\\/\\\/ludwig-witzani.de\\\/wp-content\\\/uploads\\\/2013\\\/11\\\/cover-900x1200.jpg\",\"datePublished\":\"2013-11-21T12:39:04+00:00\",\"dateModified\":\"2025-06-03T10:32:56+00:00\",\"breadcrumb\":{\"@id\":\"https:\\\/\\\/ludwig-witzani.de\\\/zu-den-grossen-traeumen\\\/buecher\\\/reise-zu-den-raendern-des-nichts\\\/#breadcrumb\"},\"inLanguage\":\"de\",\"potentialAction\":[{\"@type\":\"ReadAction\",\"target\":[\"https:\\\/\\\/ludwig-witzani.de\\\/zu-den-grossen-traeumen\\\/buecher\\\/reise-zu-den-raendern-des-nichts\\\/\"]}]},{\"@type\":\"ImageObject\",\"inLanguage\":\"de\",\"@id\":\"https:\\\/\\\/ludwig-witzani.de\\\/zu-den-grossen-traeumen\\\/buecher\\\/reise-zu-den-raendern-des-nichts\\\/#primaryimage\",\"url\":\"http:\\\/\\\/ludwig-witzani.de\\\/wp-content\\\/uploads\\\/2013\\\/11\\\/cover-900x1200.jpg\",\"contentUrl\":\"http:\\\/\\\/ludwig-witzani.de\\\/wp-content\\\/uploads\\\/2013\\\/11\\\/cover-900x1200.jpg\"},{\"@type\":\"BreadcrumbList\",\"@id\":\"https:\\\/\\\/ludwig-witzani.de\\\/zu-den-grossen-traeumen\\\/buecher\\\/reise-zu-den-raendern-des-nichts\\\/#breadcrumb\",\"itemListElement\":[{\"@type\":\"ListItem\",\"position\":1,\"name\":\"Startseite\",\"item\":\"https:\\\/\\\/ludwig-witzani.de\\\/zu-den-grossen-traeumen\\\/\"},{\"@type\":\"ListItem\",\"position\":2,\"name\":\"Buchver\u00f6ffentlichungen\",\"item\":\"https:\\\/\\\/ludwig-witzani.de\\\/zu-den-grossen-traeumen\\\/buecher\\\/\"},{\"@type\":\"ListItem\",\"position\":3,\"name\":\"Reise zu den R\u00e4ndern des Nichts\"}]},{\"@type\":\"WebSite\",\"@id\":\"https:\\\/\\\/ludwig-witzani.de\\\/zu-den-grossen-traeumen\\\/#website\",\"url\":\"https:\\\/\\\/ludwig-witzani.de\\\/zu-den-grossen-traeumen\\\/\",\"name\":\"Ludwig Witzani\",\"description\":\"World Wide Travel\",\"potentialAction\":[{\"@type\":\"SearchAction\",\"target\":{\"@type\":\"EntryPoint\",\"urlTemplate\":\"https:\\\/\\\/ludwig-witzani.de\\\/zu-den-grossen-traeumen\\\/?s={search_term_string}\"},\"query-input\":{\"@type\":\"PropertyValueSpecification\",\"valueRequired\":true,\"valueName\":\"search_term_string\"}}],\"inLanguage\":\"de\"}]}<\/script>\n<!-- \/ Yoast SEO plugin. -->","yoast_head_json":{"title":"Reise zu den R\u00e4ndern des Nichts - Ludwig Witzani","robots":{"index":"index","follow":"follow","max-snippet":"max-snippet:-1","max-image-preview":"max-image-preview:large","max-video-preview":"max-video-preview:-1"},"canonical":"https:\/\/ludwig-witzani.de\/zu-den-grossen-traeumen\/buecher\/reise-zu-den-raendern-des-nichts\/","og_locale":"de_DE","og_type":"article","og_title":"Reise zu den R\u00e4ndern des Nichts - Ludwig Witzani","og_description":"Durch die algerische Sahara zum Hoggar-Gebirge und zur\u00fcck Kindle eBook jetzt bei Amazon f\u00fcr Euro 1,14 Printausgabe bei epubli, Berlin, 2016\u00a0 ( 104 Seiten, 8,95 Euro) Wer h\u00e4tte nicht schon einmal davon getr\u00e4umt, die Sahara zu durchqueren, in ihren Oasen zu rasten, unter dem Sternenzelt der W\u00fcste zu schlafen und ihre Sandmeere zu erblicken? Lothar &hellip; Reise zu den R\u00e4ndern des Nichts weiterlesen &rarr;","og_url":"https:\/\/ludwig-witzani.de\/zu-den-grossen-traeumen\/buecher\/reise-zu-den-raendern-des-nichts\/","og_site_name":"Ludwig Witzani","article_modified_time":"2025-06-03T10:32:56+00:00","og_image":[{"width":900,"height":1200,"url":"https:\/\/ludwig-witzani.de\/wp-content\/uploads\/2013\/11\/cover-900x1200.jpg","type":"image\/jpeg"}],"twitter_card":"summary_large_image","twitter_misc":{"Gesch\u00e4tzte Lesezeit":"1\u00a0Minute"},"schema":{"@context":"https:\/\/schema.org","@graph":[{"@type":"WebPage","@id":"https:\/\/ludwig-witzani.de\/zu-den-grossen-traeumen\/buecher\/reise-zu-den-raendern-des-nichts\/","url":"https:\/\/ludwig-witzani.de\/zu-den-grossen-traeumen\/buecher\/reise-zu-den-raendern-des-nichts\/","name":"Reise zu den R\u00e4ndern des Nichts - Ludwig Witzani","isPartOf":{"@id":"https:\/\/ludwig-witzani.de\/zu-den-grossen-traeumen\/#website"},"primaryImageOfPage":{"@id":"https:\/\/ludwig-witzani.de\/zu-den-grossen-traeumen\/buecher\/reise-zu-den-raendern-des-nichts\/#primaryimage"},"image":{"@id":"https:\/\/ludwig-witzani.de\/zu-den-grossen-traeumen\/buecher\/reise-zu-den-raendern-des-nichts\/#primaryimage"},"thumbnailUrl":"http:\/\/ludwig-witzani.de\/wp-content\/uploads\/2013\/11\/cover-900x1200.jpg","datePublished":"2013-11-21T12:39:04+00:00","dateModified":"2025-06-03T10:32:56+00:00","breadcrumb":{"@id":"https:\/\/ludwig-witzani.de\/zu-den-grossen-traeumen\/buecher\/reise-zu-den-raendern-des-nichts\/#breadcrumb"},"inLanguage":"de","potentialAction":[{"@type":"ReadAction","target":["https:\/\/ludwig-witzani.de\/zu-den-grossen-traeumen\/buecher\/reise-zu-den-raendern-des-nichts\/"]}]},{"@type":"ImageObject","inLanguage":"de","@id":"https:\/\/ludwig-witzani.de\/zu-den-grossen-traeumen\/buecher\/reise-zu-den-raendern-des-nichts\/#primaryimage","url":"http:\/\/ludwig-witzani.de\/wp-content\/uploads\/2013\/11\/cover-900x1200.jpg","contentUrl":"http:\/\/ludwig-witzani.de\/wp-content\/uploads\/2013\/11\/cover-900x1200.jpg"},{"@type":"BreadcrumbList","@id":"https:\/\/ludwig-witzani.de\/zu-den-grossen-traeumen\/buecher\/reise-zu-den-raendern-des-nichts\/#breadcrumb","itemListElement":[{"@type":"ListItem","position":1,"name":"Startseite","item":"https:\/\/ludwig-witzani.de\/zu-den-grossen-traeumen\/"},{"@type":"ListItem","position":2,"name":"Buchver\u00f6ffentlichungen","item":"https:\/\/ludwig-witzani.de\/zu-den-grossen-traeumen\/buecher\/"},{"@type":"ListItem","position":3,"name":"Reise zu den R\u00e4ndern des Nichts"}]},{"@type":"WebSite","@id":"https:\/\/ludwig-witzani.de\/zu-den-grossen-traeumen\/#website","url":"https:\/\/ludwig-witzani.de\/zu-den-grossen-traeumen\/","name":"Ludwig Witzani","description":"World Wide Travel","potentialAction":[{"@type":"SearchAction","target":{"@type":"EntryPoint","urlTemplate":"https:\/\/ludwig-witzani.de\/zu-den-grossen-traeumen\/?s={search_term_string}"},"query-input":{"@type":"PropertyValueSpecification","valueRequired":true,"valueName":"search_term_string"}}],"inLanguage":"de"}]}},"jetpack_shortlink":"https:\/\/wp.me\/P4daYo-Q","jetpack_sharing_enabled":true,"_links":{"self":[{"href":"https:\/\/ludwig-witzani.de\/zu-den-grossen-traeumen\/wp-json\/wp\/v2\/pages\/52","targetHints":{"allow":["GET"]}}],"collection":[{"href":"https:\/\/ludwig-witzani.de\/zu-den-grossen-traeumen\/wp-json\/wp\/v2\/pages"}],"about":[{"href":"https:\/\/ludwig-witzani.de\/zu-den-grossen-traeumen\/wp-json\/wp\/v2\/types\/page"}],"author":[{"embeddable":true,"href":"https:\/\/ludwig-witzani.de\/zu-den-grossen-traeumen\/wp-json\/wp\/v2\/users\/2"}],"replies":[{"embeddable":true,"href":"https:\/\/ludwig-witzani.de\/zu-den-grossen-traeumen\/wp-json\/wp\/v2\/comments?post=52"}],"version-history":[{"count":9,"href":"https:\/\/ludwig-witzani.de\/zu-den-grossen-traeumen\/wp-json\/wp\/v2\/pages\/52\/revisions"}],"predecessor-version":[{"id":5886,"href":"https:\/\/ludwig-witzani.de\/zu-den-grossen-traeumen\/wp-json\/wp\/v2\/pages\/52\/revisions\/5886"}],"up":[{"embeddable":true,"href":"https:\/\/ludwig-witzani.de\/zu-den-grossen-traeumen\/wp-json\/wp\/v2\/pages\/11"}],"wp:attachment":[{"href":"https:\/\/ludwig-witzani.de\/zu-den-grossen-traeumen\/wp-json\/wp\/v2\/media?parent=52"}],"curies":[{"name":"wp","href":"https:\/\/api.w.org\/{rel}","templated":true}]}}