{"id":2435,"date":"2014-03-13T13:50:41","date_gmt":"2014-03-13T13:50:41","guid":{"rendered":"http:\/\/ludwig-witzani.de\/?page_id=2435"},"modified":"2025-06-03T10:32:54","modified_gmt":"2025-06-03T10:32:54","slug":"govinda-der-weg-der-weissen-wolken","status":"publish","type":"page","link":"https:\/\/ludwig-witzani.de\/zu-den-grossen-traeumen\/buchempfehlungen\/einladung-nach-tibet\/govinda-der-weg-der-weissen-wolken\/","title":{"rendered":"Govinda: Der Weg der wei\u00dfen Wolken"},"content":{"rendered":"<p><a href=\"http:\/\/ludwig-witzani.de\/wp-content\/uploads\/2014\/03\/IMG_0927.jpg\"><img loading=\"lazy\" decoding=\"async\" class=\"aligncenter  wp-image-2436\" style=\"width: 368px;\" alt=\"IMG_0927\" src=\"http:\/\/ludwig-witzani.de\/wp-content\/uploads\/2014\/03\/IMG_0927-523x800.jpg\" width=\"523\" height=\"626\" \/><\/a><\/p>\n<h3>Lama Anagarika Govina: Der Weg der wei\u00dfen WolkenLama<\/h3>\n<p>Anagarika\u00a0 Govinda\u00a0 wurde als Ernst Lothar Hoffman\u00a0als Sohn eines Deutschen und einer Bolivianerin geboren. Er\u00a0 studierte Philosophie, promovierte und wich vor den heraufziehenden politischen<br \/>\nKatastrophen des europ\u00e4ischen Totalitarismus nach Indien aus,\u00a0 wo er<br \/>\neine Zeitlang als Lektor in Patna arbeitete, ehe er sich zum tibetischen<br \/>\nBuddhismus bekehrte. Als Frucht seiner jahrzehntelangen theoretischen,<br \/>\nspirituellen und praktischen Besch\u00e4ftigung mit Tibet entstand\u00a0 \u201eDer Weg<br \/>\nder wei\u00dfen Wolken\u201c\u00a0 das vielleicht sch\u00f6nste aller Tibetb\u00fccher, ein<br \/>\nSchwanengesang auf das Schneeland, seine Absonderlichkeiten, Enormit\u00e4ten\u00a0 und Wunder unmittelbar vor den\u00a0 schrecklichen Zerst\u00f6rungen der chinesischen Besatzungszeit.<br \/>\n\u201eWas in Tibet vor sich geht,\u201c schrieb Govinda nach dem Einmarsch der Chinesen, \u201cist symptomatisch f\u00fcr das Schicksal der Welt.\u00a0 Wie auf einer ins Riesenhaften erhobenen B\u00fchne spielt sich vor unseren Augen der Kampf zwischen zwei Welten ab, der je nach Standpunkt des Beobachters entweder als der Kampf zwischen Vergangenheit und Zukunft, zwischen R\u00fcckst\u00e4ndigkeit und Fortschritt, zwischen Religion\u00a0 und Wissenschaft, Aberglaube und Vernunft gedeutet werden kann \u2013 oder als der Kampf zwischen Mensch und Maschine,\u00a0 geistiger Freiheit und materieller Macht, der Weisheit des Herzens und dem intellektuellen Wissen des Hirns, zwischen der W\u00fcrde des menschlichen Individuums und dem Herdeninstinkt der Masse.\u201c<br \/>\nGovindas Reise f\u00fchrte ihn in den Sp\u00e4ten Vierziger Jahren nach Westen, \u00fcber die weiten ebenen des Changthang zum Heiligen berg Kailash, zum Manasarowar See und in das versunkene K\u00f6nigreich von Guge. Er sieht die Ruinen von Tsaparang und Tholing, besucht die H\u00f6hlen von Padmasambhava, Milarepa und Atisha und findet hinter jedem Stein und jedem Halm Belege f\u00fcr die Gro\u00dfartigkeit der Welt. Es ist ein Buch, das jedem das Herz w\u00e4rmt, nicht nur denen, die die Wunder Tibets noch nicht gesehen haben. Und es ist ein Buch voller Hoffnung, denn\u00a0 jede Seite seines Werkes atmet den Geist, das Tibet nicht verloren ist, eine Hoffnung, die Govinda selbst am Anfang seines Buches wie ein Gebet formulierte:\u00a0 &#8222;Noch niemand hat Tibet je betreten, ohne seinem Zauber anheim zu fallen., und wer wei\u00df,<br \/>\nob nicht die Chinesen, zum guten Ende, statt die Tibeter zum Kommunismus<br \/>\nzu bekehren selbst allm\u00e4hlich unter dem Einfluss Tibets verwandelt<br \/>\nwerden wie dereinst die mongolischen Horden.&#8220; Wenn er doch recht h\u00e4tte.<\/p>\n<p>&nbsp;<\/p>\n","protected":false},"excerpt":{"rendered":"<p>Lama Anagarika Govina: Der Weg der wei\u00dfen WolkenLama Anagarika\u00a0 Govinda\u00a0 wurde als Ernst Lothar Hoffman\u00a0als Sohn eines Deutschen und einer Bolivianerin geboren. Er\u00a0 studierte Philosophie, promovierte und wich vor den heraufziehenden politischen Katastrophen des europ\u00e4ischen Totalitarismus nach Indien aus,\u00a0 wo er eine Zeitlang als Lektor in Patna arbeitete, ehe er sich zum tibetischen Buddhismus bekehrte. &hellip; <a href=\"https:\/\/ludwig-witzani.de\/zu-den-grossen-traeumen\/buchempfehlungen\/einladung-nach-tibet\/govinda-der-weg-der-weissen-wolken\/\" class=\"more-link\"><span class=\"screen-reader-text\">Govinda: Der Weg der wei\u00dfen Wolken<\/span> weiterlesen <span class=\"meta-nav\">&rarr;<\/span><\/a><\/p>\n","protected":false},"author":2,"featured_media":0,"parent":1388,"menu_order":1,"comment_status":"open","ping_status":"open","template":"","meta":{"ngg_post_thumbnail":0,"jetpack_post_was_ever_published":false,"footnotes":""},"class_list":["post-2435","page","type-page","status-publish","hentry"],"yoast_head":"<!-- This site is optimized with the Yoast SEO plugin v27.5 - https:\/\/yoast.com\/product\/yoast-seo-wordpress\/ -->\n<title>Govinda: Der Weg der wei\u00dfen Wolken - Ludwig Witzani<\/title>\n<meta name=\"robots\" content=\"index, follow, max-snippet:-1, max-image-preview:large, max-video-preview:-1\" \/>\n<link rel=\"canonical\" href=\"https:\/\/ludwig-witzani.de\/zu-den-grossen-traeumen\/buchempfehlungen\/einladung-nach-tibet\/govinda-der-weg-der-weissen-wolken\/\" \/>\n<meta property=\"og:locale\" content=\"de_DE\" \/>\n<meta property=\"og:type\" content=\"article\" \/>\n<meta property=\"og:title\" content=\"Govinda: Der Weg der wei\u00dfen Wolken - Ludwig Witzani\" \/>\n<meta property=\"og:description\" content=\"Lama Anagarika Govina: Der Weg der wei\u00dfen WolkenLama Anagarika\u00a0 Govinda\u00a0 wurde als Ernst Lothar Hoffman\u00a0als Sohn eines Deutschen und einer Bolivianerin geboren. Er\u00a0 studierte Philosophie, promovierte und wich vor den heraufziehenden politischen Katastrophen des europ\u00e4ischen Totalitarismus nach Indien aus,\u00a0 wo er eine Zeitlang als Lektor in Patna arbeitete, ehe er sich zum tibetischen Buddhismus bekehrte. &hellip; Govinda: Der Weg der wei\u00dfen Wolken weiterlesen &rarr;\" \/>\n<meta property=\"og:url\" content=\"https:\/\/ludwig-witzani.de\/zu-den-grossen-traeumen\/buchempfehlungen\/einladung-nach-tibet\/govinda-der-weg-der-weissen-wolken\/\" \/>\n<meta property=\"og:site_name\" content=\"Ludwig Witzani\" \/>\n<meta property=\"article:modified_time\" content=\"2025-06-03T10:32:54+00:00\" \/>\n<meta name=\"twitter:card\" content=\"summary_large_image\" \/>\n<meta name=\"twitter:label1\" content=\"Gesch\u00e4tzte Lesezeit\" \/>\n\t<meta name=\"twitter:data1\" content=\"2\u00a0Minuten\" \/>\n<script type=\"application\/ld+json\" class=\"yoast-schema-graph\">{\"@context\":\"https:\\\/\\\/schema.org\",\"@graph\":[{\"@type\":\"WebPage\",\"@id\":\"https:\\\/\\\/ludwig-witzani.de\\\/zu-den-grossen-traeumen\\\/buchempfehlungen\\\/einladung-nach-tibet\\\/govinda-der-weg-der-weissen-wolken\\\/\",\"url\":\"https:\\\/\\\/ludwig-witzani.de\\\/zu-den-grossen-traeumen\\\/buchempfehlungen\\\/einladung-nach-tibet\\\/govinda-der-weg-der-weissen-wolken\\\/\",\"name\":\"Govinda: Der Weg der wei\u00dfen Wolken - Ludwig Witzani\",\"isPartOf\":{\"@id\":\"https:\\\/\\\/ludwig-witzani.de\\\/zu-den-grossen-traeumen\\\/#website\"},\"primaryImageOfPage\":{\"@id\":\"https:\\\/\\\/ludwig-witzani.de\\\/zu-den-grossen-traeumen\\\/buchempfehlungen\\\/einladung-nach-tibet\\\/govinda-der-weg-der-weissen-wolken\\\/#primaryimage\"},\"image\":{\"@id\":\"https:\\\/\\\/ludwig-witzani.de\\\/zu-den-grossen-traeumen\\\/buchempfehlungen\\\/einladung-nach-tibet\\\/govinda-der-weg-der-weissen-wolken\\\/#primaryimage\"},\"thumbnailUrl\":\"http:\\\/\\\/ludwig-witzani.de\\\/wp-content\\\/uploads\\\/2014\\\/03\\\/IMG_0927-523x800.jpg\",\"datePublished\":\"2014-03-13T13:50:41+00:00\",\"dateModified\":\"2025-06-03T10:32:54+00:00\",\"breadcrumb\":{\"@id\":\"https:\\\/\\\/ludwig-witzani.de\\\/zu-den-grossen-traeumen\\\/buchempfehlungen\\\/einladung-nach-tibet\\\/govinda-der-weg-der-weissen-wolken\\\/#breadcrumb\"},\"inLanguage\":\"de\",\"potentialAction\":[{\"@type\":\"ReadAction\",\"target\":[\"https:\\\/\\\/ludwig-witzani.de\\\/zu-den-grossen-traeumen\\\/buchempfehlungen\\\/einladung-nach-tibet\\\/govinda-der-weg-der-weissen-wolken\\\/\"]}]},{\"@type\":\"ImageObject\",\"inLanguage\":\"de\",\"@id\":\"https:\\\/\\\/ludwig-witzani.de\\\/zu-den-grossen-traeumen\\\/buchempfehlungen\\\/einladung-nach-tibet\\\/govinda-der-weg-der-weissen-wolken\\\/#primaryimage\",\"url\":\"http:\\\/\\\/ludwig-witzani.de\\\/wp-content\\\/uploads\\\/2014\\\/03\\\/IMG_0927-523x800.jpg\",\"contentUrl\":\"http:\\\/\\\/ludwig-witzani.de\\\/wp-content\\\/uploads\\\/2014\\\/03\\\/IMG_0927-523x800.jpg\"},{\"@type\":\"BreadcrumbList\",\"@id\":\"https:\\\/\\\/ludwig-witzani.de\\\/zu-den-grossen-traeumen\\\/buchempfehlungen\\\/einladung-nach-tibet\\\/govinda-der-weg-der-weissen-wolken\\\/#breadcrumb\",\"itemListElement\":[{\"@type\":\"ListItem\",\"position\":1,\"name\":\"Startseite\",\"item\":\"https:\\\/\\\/ludwig-witzani.de\\\/zu-den-grossen-traeumen\\\/\"},{\"@type\":\"ListItem\",\"position\":2,\"name\":\"Reisebuchportal\",\"item\":\"https:\\\/\\\/ludwig-witzani.de\\\/zu-den-grossen-traeumen\\\/?page_id=151\"},{\"@type\":\"ListItem\",\"position\":3,\"name\":\"Einladung nach Tibet\",\"item\":\"https:\\\/\\\/ludwig-witzani.de\\\/zu-den-grossen-traeumen\\\/?page_id=1388\"},{\"@type\":\"ListItem\",\"position\":4,\"name\":\"Govinda: Der Weg der wei\u00dfen Wolken\"}]},{\"@type\":\"WebSite\",\"@id\":\"https:\\\/\\\/ludwig-witzani.de\\\/zu-den-grossen-traeumen\\\/#website\",\"url\":\"https:\\\/\\\/ludwig-witzani.de\\\/zu-den-grossen-traeumen\\\/\",\"name\":\"Ludwig Witzani\",\"description\":\"World Wide Travel\",\"potentialAction\":[{\"@type\":\"SearchAction\",\"target\":{\"@type\":\"EntryPoint\",\"urlTemplate\":\"https:\\\/\\\/ludwig-witzani.de\\\/zu-den-grossen-traeumen\\\/?s={search_term_string}\"},\"query-input\":{\"@type\":\"PropertyValueSpecification\",\"valueRequired\":true,\"valueName\":\"search_term_string\"}}],\"inLanguage\":\"de\"}]}<\/script>\n<!-- \/ Yoast SEO plugin. -->","yoast_head_json":{"title":"Govinda: Der Weg der wei\u00dfen Wolken - Ludwig Witzani","robots":{"index":"index","follow":"follow","max-snippet":"max-snippet:-1","max-image-preview":"max-image-preview:large","max-video-preview":"max-video-preview:-1"},"canonical":"https:\/\/ludwig-witzani.de\/zu-den-grossen-traeumen\/buchempfehlungen\/einladung-nach-tibet\/govinda-der-weg-der-weissen-wolken\/","og_locale":"de_DE","og_type":"article","og_title":"Govinda: Der Weg der wei\u00dfen Wolken - Ludwig Witzani","og_description":"Lama Anagarika Govina: Der Weg der wei\u00dfen WolkenLama Anagarika\u00a0 Govinda\u00a0 wurde als Ernst Lothar Hoffman\u00a0als Sohn eines Deutschen und einer Bolivianerin geboren. Er\u00a0 studierte Philosophie, promovierte und wich vor den heraufziehenden politischen Katastrophen des europ\u00e4ischen Totalitarismus nach Indien aus,\u00a0 wo er eine Zeitlang als Lektor in Patna arbeitete, ehe er sich zum tibetischen Buddhismus bekehrte. &hellip; Govinda: Der Weg der wei\u00dfen Wolken weiterlesen &rarr;","og_url":"https:\/\/ludwig-witzani.de\/zu-den-grossen-traeumen\/buchempfehlungen\/einladung-nach-tibet\/govinda-der-weg-der-weissen-wolken\/","og_site_name":"Ludwig Witzani","article_modified_time":"2025-06-03T10:32:54+00:00","twitter_card":"summary_large_image","twitter_misc":{"Gesch\u00e4tzte Lesezeit":"2\u00a0Minuten"},"schema":{"@context":"https:\/\/schema.org","@graph":[{"@type":"WebPage","@id":"https:\/\/ludwig-witzani.de\/zu-den-grossen-traeumen\/buchempfehlungen\/einladung-nach-tibet\/govinda-der-weg-der-weissen-wolken\/","url":"https:\/\/ludwig-witzani.de\/zu-den-grossen-traeumen\/buchempfehlungen\/einladung-nach-tibet\/govinda-der-weg-der-weissen-wolken\/","name":"Govinda: Der Weg der wei\u00dfen Wolken - Ludwig Witzani","isPartOf":{"@id":"https:\/\/ludwig-witzani.de\/zu-den-grossen-traeumen\/#website"},"primaryImageOfPage":{"@id":"https:\/\/ludwig-witzani.de\/zu-den-grossen-traeumen\/buchempfehlungen\/einladung-nach-tibet\/govinda-der-weg-der-weissen-wolken\/#primaryimage"},"image":{"@id":"https:\/\/ludwig-witzani.de\/zu-den-grossen-traeumen\/buchempfehlungen\/einladung-nach-tibet\/govinda-der-weg-der-weissen-wolken\/#primaryimage"},"thumbnailUrl":"http:\/\/ludwig-witzani.de\/wp-content\/uploads\/2014\/03\/IMG_0927-523x800.jpg","datePublished":"2014-03-13T13:50:41+00:00","dateModified":"2025-06-03T10:32:54+00:00","breadcrumb":{"@id":"https:\/\/ludwig-witzani.de\/zu-den-grossen-traeumen\/buchempfehlungen\/einladung-nach-tibet\/govinda-der-weg-der-weissen-wolken\/#breadcrumb"},"inLanguage":"de","potentialAction":[{"@type":"ReadAction","target":["https:\/\/ludwig-witzani.de\/zu-den-grossen-traeumen\/buchempfehlungen\/einladung-nach-tibet\/govinda-der-weg-der-weissen-wolken\/"]}]},{"@type":"ImageObject","inLanguage":"de","@id":"https:\/\/ludwig-witzani.de\/zu-den-grossen-traeumen\/buchempfehlungen\/einladung-nach-tibet\/govinda-der-weg-der-weissen-wolken\/#primaryimage","url":"http:\/\/ludwig-witzani.de\/wp-content\/uploads\/2014\/03\/IMG_0927-523x800.jpg","contentUrl":"http:\/\/ludwig-witzani.de\/wp-content\/uploads\/2014\/03\/IMG_0927-523x800.jpg"},{"@type":"BreadcrumbList","@id":"https:\/\/ludwig-witzani.de\/zu-den-grossen-traeumen\/buchempfehlungen\/einladung-nach-tibet\/govinda-der-weg-der-weissen-wolken\/#breadcrumb","itemListElement":[{"@type":"ListItem","position":1,"name":"Startseite","item":"https:\/\/ludwig-witzani.de\/zu-den-grossen-traeumen\/"},{"@type":"ListItem","position":2,"name":"Reisebuchportal","item":"https:\/\/ludwig-witzani.de\/zu-den-grossen-traeumen\/?page_id=151"},{"@type":"ListItem","position":3,"name":"Einladung nach Tibet","item":"https:\/\/ludwig-witzani.de\/zu-den-grossen-traeumen\/?page_id=1388"},{"@type":"ListItem","position":4,"name":"Govinda: Der Weg der wei\u00dfen Wolken"}]},{"@type":"WebSite","@id":"https:\/\/ludwig-witzani.de\/zu-den-grossen-traeumen\/#website","url":"https:\/\/ludwig-witzani.de\/zu-den-grossen-traeumen\/","name":"Ludwig Witzani","description":"World Wide Travel","potentialAction":[{"@type":"SearchAction","target":{"@type":"EntryPoint","urlTemplate":"https:\/\/ludwig-witzani.de\/zu-den-grossen-traeumen\/?s={search_term_string}"},"query-input":{"@type":"PropertyValueSpecification","valueRequired":true,"valueName":"search_term_string"}}],"inLanguage":"de"}]}},"jetpack_shortlink":"https:\/\/wp.me\/P4daYo-Dh","jetpack_sharing_enabled":true,"_links":{"self":[{"href":"https:\/\/ludwig-witzani.de\/zu-den-grossen-traeumen\/wp-json\/wp\/v2\/pages\/2435","targetHints":{"allow":["GET"]}}],"collection":[{"href":"https:\/\/ludwig-witzani.de\/zu-den-grossen-traeumen\/wp-json\/wp\/v2\/pages"}],"about":[{"href":"https:\/\/ludwig-witzani.de\/zu-den-grossen-traeumen\/wp-json\/wp\/v2\/types\/page"}],"author":[{"embeddable":true,"href":"https:\/\/ludwig-witzani.de\/zu-den-grossen-traeumen\/wp-json\/wp\/v2\/users\/2"}],"replies":[{"embeddable":true,"href":"https:\/\/ludwig-witzani.de\/zu-den-grossen-traeumen\/wp-json\/wp\/v2\/comments?post=2435"}],"version-history":[{"count":1,"href":"https:\/\/ludwig-witzani.de\/zu-den-grossen-traeumen\/wp-json\/wp\/v2\/pages\/2435\/revisions"}],"predecessor-version":[{"id":2437,"href":"https:\/\/ludwig-witzani.de\/zu-den-grossen-traeumen\/wp-json\/wp\/v2\/pages\/2435\/revisions\/2437"}],"up":[{"embeddable":true,"href":"https:\/\/ludwig-witzani.de\/zu-den-grossen-traeumen\/wp-json\/wp\/v2\/pages\/1388"}],"wp:attachment":[{"href":"https:\/\/ludwig-witzani.de\/zu-den-grossen-traeumen\/wp-json\/wp\/v2\/media?parent=2435"}],"curies":[{"name":"wp","href":"https:\/\/api.w.org\/{rel}","templated":true}]}}