{"id":2296,"date":"2014-03-12T10:35:45","date_gmt":"2014-03-12T10:35:45","guid":{"rendered":"http:\/\/ludwig-witzani.de\/?page_id=2296"},"modified":"2025-06-03T10:32:54","modified_gmt":"2025-06-03T10:32:54","slug":"metha-bombay-maximum-city","status":"publish","type":"page","link":"https:\/\/ludwig-witzani.de\/zu-den-grossen-traeumen\/buchempfehlungen\/einladung-nach-indien\/metha-bombay-maximum-city\/","title":{"rendered":"Metha: Bombay. Maximum City"},"content":{"rendered":"<p><a href=\"http:\/\/ludwig-witzani.de\/wp-content\/uploads\/2014\/03\/IMG_0916.jpg\"><img loading=\"lazy\" decoding=\"async\" class=\"aligncenter  wp-image-2297\" style=\"width: 339px;\" alt=\"IMG_0916\" src=\"http:\/\/ludwig-witzani.de\/wp-content\/uploads\/2014\/03\/IMG_0916-559x800.jpg\" width=\"390\" height=\"464\" \/><\/a><\/p>\n<h3>Sukethu Metha: Bombay &#8211; Maximum City<\/h3>\n<div>Wer dieses Buch gelesen hat und Bombay von mehreren Reisen her zu kennen glaubte, der wird sich nachher so f\u00fchlen, als sei er \u00fcber eine Glasplatte gelaufen und h\u00e4tte von den g\u00e4hnenden Abgr\u00fcnden unter sich nichts geahnt. Mir ging es jedenfalls so, und mir lief ein Schauder den R\u00fccken herunter, als ich in dem vorliegenden Buch von einer Mordserie in Bombay las, die zu genau der gleichen Zeit geschah, als ich um die Ecke am Chowpattybeach im Sand lag und mir dachte: so schlecht ist es in Bombay nun auch wieder nicht. Wobei &#8222;schlecht&#8220; oder &#8222;gut&#8220; Begriffe sind, die f\u00fcr Bombay nicht passen, denn sie sind als Kategorien einfach eine Nummer zu klein. Bombay erscheint in dem vorliegenden Buch als eine vollkommen neuartige Gesellschaftsform, f\u00fcr die es noch keinen Namen gibt, als ein urbaner Naturzustand, in nicht nur der Mensch des Menschen Wolf geworden ist, sondern der von den W\u00f6lfen okkupierte Staat gleichsam als Obermonster mitagiert. Suketu Metha, der Bombay im Alter von 14 Jahren verlie\u00df und in den Drei\u00dfigern zur\u00fcck kehrte, hat es auf sich genommen, diese alternative Zivilisation ohne Namen zu sezieren, und was er zutage f\u00f6rdert, ist ein Inferno: die durch und durch korrupte Kongressparrtei, die faschistische Shiv Sena, die kriminellen moslemischen Banden, die Berufskiller, die mordende und folternde Polizei, die sogenannte &#8222;bessere&#8220; Gesellschaft, die \u00c4rmsten der Armen, die f\u00fcr ein paar Rupien jeden Mord begehen\u00a0&#8211; sie\u00a0und viele andere mehr tanzen einen unabl\u00e4ssigen Totentanz, ohne jemals aufh\u00f6ren zu k\u00f6nnen, weil ihnen im Augenblick des Aufh\u00f6rens sofort der Tod droht. Die Geschichten, die der Autor dabei erz\u00e4hlt, sind schockierend genug, noch schockierender aber sind die Strukturen, die dahinter sichtbar werden &#8211; es sind die Strukturen einer Megastadt mit gleichsam doppelten Boden, einem urbanen Moloch, der f\u00fcr seine Bewohner mindestens zwei Wirklichkeiten bereith\u00e4lt, die ihm erschienen m\u00fcssen wie Negative, die man \u00fcbereinanderlegt und bei denen die Realit\u00e4t nicht mehr zu erkennen ist. Diese beiden Wirklichkeiten sind die offizielle Rechtsordnung, die Bombay ins Elend gest\u00fcrzt hat und die kriminelle Ordnung, die sich die M\u00e4ngel zunutze macht und von ihr lebt. Aus der Vielzahl von Beispielen, die Metha auff\u00fchrt, erscheinen die Mietgesetze besonders verh\u00e4ngnisvoll: in Bombay existieren Millionen Obdachlose oder Slumbewohner, und gleichzeitig stehen Hunderttausende Wohnungen leer &#8211; nicht etwa, weil die Mieten zu hoch w\u00e4ren, sondern, weil die Mieter in Bombay aufgrund der herrschenden Mietgesetze praktisch unk\u00fcndbar sind. Deswegen wird einfach nicht vermietet, und der Wohnraum, der vermietet ist und der von Mieter zu Mieter weiter vererbt werden kann, wird vom Eigent\u00fcmer nicht instand gehalten. Kein Wunder, dass sich Mieter und Vermieter gegenseitig umbringen, was die unz\u00e4hligen gro\u00dfen und kleinen Banden in Bombay erledigen. Die Verbrecherbanden sind hierarchisch organisiert, leben von Drogenhandel und Schutzgelderpressung, Entf\u00fchrungen und Auftragsmorden. Wer vor Gericht kommt, wird mit Bestechungsgeldern losgekauft oder freigesprochen, sodass die Polizei diesen Banden gegen\u00fcber vollkommen machtlos w\u00e4re, wenn sie ihrerseits das Richteramt nicht in eigene H\u00e4nde nehmen w\u00fcrde und mit sogenannten &#8222;Encounters&#8220; Kriminelle gezielt ermorden w\u00fcrden. Unz\u00e4hlig sind dergleichen &#8222;Hinrichtungen&#8220;, mit denen die Polizei Bombays die Banden dezimiert, wobei die Oberh\u00e4upter der Banden, die selbst mit einem Bein in der besseren Gesellschaft stehen, ihren Banden verbieten, wirklich zur\u00fcckzuschlagen. Dergleichen Zust\u00e4nde, die der Autor in zum Teile extrem gef\u00e4hrlichen Interviews aufdeckt, werden durch die Religionsstreitigkeiten noch einmal kompliziert &#8211; zwischen Geldgier und Hass auf die jeweils anderen Religion pendelt der Muslim- oder der Hindukriminelle hin und her, und als Folge brennen und sterben Unschuldige zu Zehntausenden. Niemand wird das vorliegende Buch mit seinen \u00fcber 700 Seiten in einem Durchgang lesen k\u00f6nnen. Man wird sogar zugeben m\u00fcssen, dass die Akkumulation unglaublicher Geschichten am Ende sogar ein wenig erm\u00fcdet &#8211; und dass, obgleich der Autor seinen Bericht gut lesbar und \u00fcbersichtlich strukturiert anbietet. Und wem man es empfehlen sollte, wei\u00df ich auch nicht so recht. Denn wer dieses Buch gelesen hat, f\u00e4hrt nicht mehr ohne Weiteres in die gr\u00f6\u00dfte Stadt der Welt. So muss ein Urteil \u00fcber dieses Buch in einem gr\u00f6\u00dferen Kontext gef\u00e4llt werden: Maximum City&#8220; ist eine apokalyptisch anmutende Warnung vor der gesetzlosen Stadt, die m\u00f6glicherweise am Ende der Geschichte stehen wird. Oder um es mit dem Autor zu sagen: &#8222;Gnade uns Gott!&#8220;<\/div>\n","protected":false},"excerpt":{"rendered":"<p>Sukethu Metha: Bombay &#8211; Maximum City Wer dieses Buch gelesen hat und Bombay von mehreren Reisen her zu kennen glaubte, der wird sich nachher so f\u00fchlen, als sei er \u00fcber eine Glasplatte gelaufen und h\u00e4tte von den g\u00e4hnenden Abgr\u00fcnden unter sich nichts geahnt. Mir ging es jedenfalls so, und mir lief ein Schauder den R\u00fccken &hellip; <a href=\"https:\/\/ludwig-witzani.de\/zu-den-grossen-traeumen\/buchempfehlungen\/einladung-nach-indien\/metha-bombay-maximum-city\/\" class=\"more-link\"><span class=\"screen-reader-text\">Metha: Bombay. Maximum City<\/span> weiterlesen <span class=\"meta-nav\">&rarr;<\/span><\/a><\/p>\n","protected":false},"author":2,"featured_media":0,"parent":1384,"menu_order":0,"comment_status":"open","ping_status":"open","template":"","meta":{"ngg_post_thumbnail":0,"jetpack_post_was_ever_published":false,"footnotes":""},"class_list":["post-2296","page","type-page","status-publish","hentry"],"yoast_head":"<!-- This site is optimized with the Yoast SEO plugin v27.5 - https:\/\/yoast.com\/product\/yoast-seo-wordpress\/ -->\n<title>Metha: Bombay. Maximum City - Ludwig Witzani<\/title>\n<meta name=\"robots\" content=\"index, follow, max-snippet:-1, max-image-preview:large, max-video-preview:-1\" \/>\n<link rel=\"canonical\" href=\"https:\/\/ludwig-witzani.de\/zu-den-grossen-traeumen\/buchempfehlungen\/einladung-nach-indien\/metha-bombay-maximum-city\/\" \/>\n<meta property=\"og:locale\" content=\"de_DE\" \/>\n<meta property=\"og:type\" content=\"article\" \/>\n<meta property=\"og:title\" content=\"Metha: Bombay. Maximum City - Ludwig Witzani\" \/>\n<meta property=\"og:description\" content=\"Sukethu Metha: Bombay &#8211; Maximum City Wer dieses Buch gelesen hat und Bombay von mehreren Reisen her zu kennen glaubte, der wird sich nachher so f\u00fchlen, als sei er \u00fcber eine Glasplatte gelaufen und h\u00e4tte von den g\u00e4hnenden Abgr\u00fcnden unter sich nichts geahnt. Mir ging es jedenfalls so, und mir lief ein Schauder den R\u00fccken &hellip; Metha: Bombay. Maximum City weiterlesen &rarr;\" \/>\n<meta property=\"og:url\" content=\"https:\/\/ludwig-witzani.de\/zu-den-grossen-traeumen\/buchempfehlungen\/einladung-nach-indien\/metha-bombay-maximum-city\/\" \/>\n<meta property=\"og:site_name\" content=\"Ludwig Witzani\" \/>\n<meta property=\"article:modified_time\" content=\"2025-06-03T10:32:54+00:00\" \/>\n<meta name=\"twitter:card\" content=\"summary_large_image\" \/>\n<meta name=\"twitter:label1\" content=\"Gesch\u00e4tzte Lesezeit\" \/>\n\t<meta name=\"twitter:data1\" content=\"4\u00a0Minuten\" \/>\n<script type=\"application\/ld+json\" class=\"yoast-schema-graph\">{\"@context\":\"https:\\\/\\\/schema.org\",\"@graph\":[{\"@type\":\"WebPage\",\"@id\":\"https:\\\/\\\/ludwig-witzani.de\\\/zu-den-grossen-traeumen\\\/buchempfehlungen\\\/einladung-nach-indien\\\/metha-bombay-maximum-city\\\/\",\"url\":\"https:\\\/\\\/ludwig-witzani.de\\\/zu-den-grossen-traeumen\\\/buchempfehlungen\\\/einladung-nach-indien\\\/metha-bombay-maximum-city\\\/\",\"name\":\"Metha: Bombay. Maximum City - Ludwig Witzani\",\"isPartOf\":{\"@id\":\"https:\\\/\\\/ludwig-witzani.de\\\/zu-den-grossen-traeumen\\\/#website\"},\"primaryImageOfPage\":{\"@id\":\"https:\\\/\\\/ludwig-witzani.de\\\/zu-den-grossen-traeumen\\\/buchempfehlungen\\\/einladung-nach-indien\\\/metha-bombay-maximum-city\\\/#primaryimage\"},\"image\":{\"@id\":\"https:\\\/\\\/ludwig-witzani.de\\\/zu-den-grossen-traeumen\\\/buchempfehlungen\\\/einladung-nach-indien\\\/metha-bombay-maximum-city\\\/#primaryimage\"},\"thumbnailUrl\":\"http:\\\/\\\/ludwig-witzani.de\\\/wp-content\\\/uploads\\\/2014\\\/03\\\/IMG_0916-559x800.jpg\",\"datePublished\":\"2014-03-12T10:35:45+00:00\",\"dateModified\":\"2025-06-03T10:32:54+00:00\",\"breadcrumb\":{\"@id\":\"https:\\\/\\\/ludwig-witzani.de\\\/zu-den-grossen-traeumen\\\/buchempfehlungen\\\/einladung-nach-indien\\\/metha-bombay-maximum-city\\\/#breadcrumb\"},\"inLanguage\":\"de\",\"potentialAction\":[{\"@type\":\"ReadAction\",\"target\":[\"https:\\\/\\\/ludwig-witzani.de\\\/zu-den-grossen-traeumen\\\/buchempfehlungen\\\/einladung-nach-indien\\\/metha-bombay-maximum-city\\\/\"]}]},{\"@type\":\"ImageObject\",\"inLanguage\":\"de\",\"@id\":\"https:\\\/\\\/ludwig-witzani.de\\\/zu-den-grossen-traeumen\\\/buchempfehlungen\\\/einladung-nach-indien\\\/metha-bombay-maximum-city\\\/#primaryimage\",\"url\":\"http:\\\/\\\/ludwig-witzani.de\\\/wp-content\\\/uploads\\\/2014\\\/03\\\/IMG_0916-559x800.jpg\",\"contentUrl\":\"http:\\\/\\\/ludwig-witzani.de\\\/wp-content\\\/uploads\\\/2014\\\/03\\\/IMG_0916-559x800.jpg\"},{\"@type\":\"BreadcrumbList\",\"@id\":\"https:\\\/\\\/ludwig-witzani.de\\\/zu-den-grossen-traeumen\\\/buchempfehlungen\\\/einladung-nach-indien\\\/metha-bombay-maximum-city\\\/#breadcrumb\",\"itemListElement\":[{\"@type\":\"ListItem\",\"position\":1,\"name\":\"Startseite\",\"item\":\"https:\\\/\\\/ludwig-witzani.de\\\/zu-den-grossen-traeumen\\\/\"},{\"@type\":\"ListItem\",\"position\":2,\"name\":\"Reisebuchportal\",\"item\":\"https:\\\/\\\/ludwig-witzani.de\\\/zu-den-grossen-traeumen\\\/?page_id=151\"},{\"@type\":\"ListItem\",\"position\":3,\"name\":\"Einladung nach Indien\",\"item\":\"https:\\\/\\\/ludwig-witzani.de\\\/zu-den-grossen-traeumen\\\/?page_id=1384\"},{\"@type\":\"ListItem\",\"position\":4,\"name\":\"Metha: Bombay. Maximum City\"}]},{\"@type\":\"WebSite\",\"@id\":\"https:\\\/\\\/ludwig-witzani.de\\\/zu-den-grossen-traeumen\\\/#website\",\"url\":\"https:\\\/\\\/ludwig-witzani.de\\\/zu-den-grossen-traeumen\\\/\",\"name\":\"Ludwig Witzani\",\"description\":\"World Wide Travel\",\"potentialAction\":[{\"@type\":\"SearchAction\",\"target\":{\"@type\":\"EntryPoint\",\"urlTemplate\":\"https:\\\/\\\/ludwig-witzani.de\\\/zu-den-grossen-traeumen\\\/?s={search_term_string}\"},\"query-input\":{\"@type\":\"PropertyValueSpecification\",\"valueRequired\":true,\"valueName\":\"search_term_string\"}}],\"inLanguage\":\"de\"}]}<\/script>\n<!-- \/ Yoast SEO plugin. -->","yoast_head_json":{"title":"Metha: Bombay. Maximum City - Ludwig Witzani","robots":{"index":"index","follow":"follow","max-snippet":"max-snippet:-1","max-image-preview":"max-image-preview:large","max-video-preview":"max-video-preview:-1"},"canonical":"https:\/\/ludwig-witzani.de\/zu-den-grossen-traeumen\/buchempfehlungen\/einladung-nach-indien\/metha-bombay-maximum-city\/","og_locale":"de_DE","og_type":"article","og_title":"Metha: Bombay. Maximum City - Ludwig Witzani","og_description":"Sukethu Metha: Bombay &#8211; Maximum City Wer dieses Buch gelesen hat und Bombay von mehreren Reisen her zu kennen glaubte, der wird sich nachher so f\u00fchlen, als sei er \u00fcber eine Glasplatte gelaufen und h\u00e4tte von den g\u00e4hnenden Abgr\u00fcnden unter sich nichts geahnt. Mir ging es jedenfalls so, und mir lief ein Schauder den R\u00fccken &hellip; Metha: Bombay. Maximum City weiterlesen &rarr;","og_url":"https:\/\/ludwig-witzani.de\/zu-den-grossen-traeumen\/buchempfehlungen\/einladung-nach-indien\/metha-bombay-maximum-city\/","og_site_name":"Ludwig Witzani","article_modified_time":"2025-06-03T10:32:54+00:00","twitter_card":"summary_large_image","twitter_misc":{"Gesch\u00e4tzte Lesezeit":"4\u00a0Minuten"},"schema":{"@context":"https:\/\/schema.org","@graph":[{"@type":"WebPage","@id":"https:\/\/ludwig-witzani.de\/zu-den-grossen-traeumen\/buchempfehlungen\/einladung-nach-indien\/metha-bombay-maximum-city\/","url":"https:\/\/ludwig-witzani.de\/zu-den-grossen-traeumen\/buchempfehlungen\/einladung-nach-indien\/metha-bombay-maximum-city\/","name":"Metha: Bombay. Maximum City - Ludwig Witzani","isPartOf":{"@id":"https:\/\/ludwig-witzani.de\/zu-den-grossen-traeumen\/#website"},"primaryImageOfPage":{"@id":"https:\/\/ludwig-witzani.de\/zu-den-grossen-traeumen\/buchempfehlungen\/einladung-nach-indien\/metha-bombay-maximum-city\/#primaryimage"},"image":{"@id":"https:\/\/ludwig-witzani.de\/zu-den-grossen-traeumen\/buchempfehlungen\/einladung-nach-indien\/metha-bombay-maximum-city\/#primaryimage"},"thumbnailUrl":"http:\/\/ludwig-witzani.de\/wp-content\/uploads\/2014\/03\/IMG_0916-559x800.jpg","datePublished":"2014-03-12T10:35:45+00:00","dateModified":"2025-06-03T10:32:54+00:00","breadcrumb":{"@id":"https:\/\/ludwig-witzani.de\/zu-den-grossen-traeumen\/buchempfehlungen\/einladung-nach-indien\/metha-bombay-maximum-city\/#breadcrumb"},"inLanguage":"de","potentialAction":[{"@type":"ReadAction","target":["https:\/\/ludwig-witzani.de\/zu-den-grossen-traeumen\/buchempfehlungen\/einladung-nach-indien\/metha-bombay-maximum-city\/"]}]},{"@type":"ImageObject","inLanguage":"de","@id":"https:\/\/ludwig-witzani.de\/zu-den-grossen-traeumen\/buchempfehlungen\/einladung-nach-indien\/metha-bombay-maximum-city\/#primaryimage","url":"http:\/\/ludwig-witzani.de\/wp-content\/uploads\/2014\/03\/IMG_0916-559x800.jpg","contentUrl":"http:\/\/ludwig-witzani.de\/wp-content\/uploads\/2014\/03\/IMG_0916-559x800.jpg"},{"@type":"BreadcrumbList","@id":"https:\/\/ludwig-witzani.de\/zu-den-grossen-traeumen\/buchempfehlungen\/einladung-nach-indien\/metha-bombay-maximum-city\/#breadcrumb","itemListElement":[{"@type":"ListItem","position":1,"name":"Startseite","item":"https:\/\/ludwig-witzani.de\/zu-den-grossen-traeumen\/"},{"@type":"ListItem","position":2,"name":"Reisebuchportal","item":"https:\/\/ludwig-witzani.de\/zu-den-grossen-traeumen\/?page_id=151"},{"@type":"ListItem","position":3,"name":"Einladung nach Indien","item":"https:\/\/ludwig-witzani.de\/zu-den-grossen-traeumen\/?page_id=1384"},{"@type":"ListItem","position":4,"name":"Metha: Bombay. Maximum City"}]},{"@type":"WebSite","@id":"https:\/\/ludwig-witzani.de\/zu-den-grossen-traeumen\/#website","url":"https:\/\/ludwig-witzani.de\/zu-den-grossen-traeumen\/","name":"Ludwig Witzani","description":"World Wide Travel","potentialAction":[{"@type":"SearchAction","target":{"@type":"EntryPoint","urlTemplate":"https:\/\/ludwig-witzani.de\/zu-den-grossen-traeumen\/?s={search_term_string}"},"query-input":{"@type":"PropertyValueSpecification","valueRequired":true,"valueName":"search_term_string"}}],"inLanguage":"de"}]}},"jetpack_shortlink":"https:\/\/wp.me\/P4daYo-B2","jetpack_sharing_enabled":true,"_links":{"self":[{"href":"https:\/\/ludwig-witzani.de\/zu-den-grossen-traeumen\/wp-json\/wp\/v2\/pages\/2296","targetHints":{"allow":["GET"]}}],"collection":[{"href":"https:\/\/ludwig-witzani.de\/zu-den-grossen-traeumen\/wp-json\/wp\/v2\/pages"}],"about":[{"href":"https:\/\/ludwig-witzani.de\/zu-den-grossen-traeumen\/wp-json\/wp\/v2\/types\/page"}],"author":[{"embeddable":true,"href":"https:\/\/ludwig-witzani.de\/zu-den-grossen-traeumen\/wp-json\/wp\/v2\/users\/2"}],"replies":[{"embeddable":true,"href":"https:\/\/ludwig-witzani.de\/zu-den-grossen-traeumen\/wp-json\/wp\/v2\/comments?post=2296"}],"version-history":[{"count":1,"href":"https:\/\/ludwig-witzani.de\/zu-den-grossen-traeumen\/wp-json\/wp\/v2\/pages\/2296\/revisions"}],"predecessor-version":[{"id":2299,"href":"https:\/\/ludwig-witzani.de\/zu-den-grossen-traeumen\/wp-json\/wp\/v2\/pages\/2296\/revisions\/2299"}],"up":[{"embeddable":true,"href":"https:\/\/ludwig-witzani.de\/zu-den-grossen-traeumen\/wp-json\/wp\/v2\/pages\/1384"}],"wp:attachment":[{"href":"https:\/\/ludwig-witzani.de\/zu-den-grossen-traeumen\/wp-json\/wp\/v2\/media?parent=2296"}],"curies":[{"name":"wp","href":"https:\/\/api.w.org\/{rel}","templated":true}]}}