{"id":10372,"date":"2025-04-18T05:35:43","date_gmt":"2025-04-18T05:35:43","guid":{"rendered":"https:\/\/ludwig-witzani.de\/zu-den-grossen-traeumen\/?page_id=10372"},"modified":"2025-06-03T10:32:49","modified_gmt":"2025-06-03T10:32:49","slug":"adrian-ambrer-sieben-geschichten-ueber-die-liebe-unterwegs","status":"publish","type":"page","link":"https:\/\/ludwig-witzani.de\/zu-den-grossen-traeumen\/adrian-ambrer-sieben-geschichten-ueber-die-liebe-unterwegs\/","title":{"rendered":"Adrian Ambrer: Sieben Geschichten \u00fcber die Liebe unterwegs"},"content":{"rendered":"<p><img loading=\"lazy\" decoding=\"async\" class=\"aligncenter wp-image-10356\" src=\"https:\/\/ludwig-witzani.de\/wp-content\/uploads\/2025\/04\/sieben-geschichten-v2-2025-523x800.jpg\" alt=\"\" width=\"317\" height=\"485\" srcset=\"https:\/\/ludwig-witzani.de\/wp-content\/uploads\/2025\/04\/sieben-geschichten-v2-2025-523x800.jpg 523w, https:\/\/ludwig-witzani.de\/wp-content\/uploads\/2025\/04\/sieben-geschichten-v2-2025-784x1200.jpg 784w, https:\/\/ludwig-witzani.de\/wp-content\/uploads\/2025\/04\/sieben-geschichten-v2-2025-768x1175.jpg 768w, https:\/\/ludwig-witzani.de\/wp-content\/uploads\/2025\/04\/sieben-geschichten-v2-2025-1004x1536.jpg 1004w, https:\/\/ludwig-witzani.de\/wp-content\/uploads\/2025\/04\/sieben-geschichten-v2-2025-1339x2048.jpg 1339w, https:\/\/ludwig-witzani.de\/wp-content\/uploads\/2025\/04\/sieben-geschichten-v2-2025-scaled.jpg 1673w\" sizes=\"auto, (max-width: 317px) 100vw, 317px\" \/><\/p>\n<h6 style=\"text-align: center;\">&nbsp; Vier turbulente Tage in <strong>Rio de Janeiro<\/strong> konfrontieren zwei Reisende mit zwei unterschiedlichen Spielarten der N\u00e4he. Ein Mann und ein junges M\u00e4dchen reisen durch <strong>Anatolien<\/strong> und werden sich selber fremd. In <strong>New York<\/strong> findet ein Single, der sein &nbsp;Leben als Geliebter von Ehefrauen perfekt durchorganisierte, seine Meisterin. Zwei Namenlose erleben in <strong>Portugal<\/strong> die Einsamkeit zu zweit und zwei liebesverhexte Zufallsbekannte nehmen in <strong>Mauritius<\/strong> Kurs auf die Ehe. Ein Fremdgeher tappt in <strong>Gran Canaria<\/strong> in seine eigene Falle, und ein &nbsp;Ehemann will seine Frau durch eine Flucht nach <strong>Thailand<\/strong> zur\u00fcckgewinnen.<\/h6>\n<h6 style=\"text-align: center;\">Diese Spielarten der \u201eLiebe unterwegs\u201c beschreiben eine doppelte Entfremdung &#8211; das Anderssein in der Fremde und das Anderssein in der Liebe. Wie sich beide Identit\u00e4tsverwirrungen gegenseitig durchdringen und verst\u00e4rken, erkunden die sieben Erz\u00e4hlungen dieses Buches, &nbsp;sowohl was das Pers\u00f6nliche, wie was das Geografische betrifft. Ihr Thema ist die Psychologie unterschiedlichster Pers\u00f6nlichkeiten und &nbsp;Liebesverh\u00e4ltnisse, gebrochen und intensiviert durch die r\u00e4umliche Absonderung von der Normalit\u00e4t des Alltagslebens .<\/h6>\n<h4 style=\"text-align: center;\"><strong><a href=\"https:\/\/ludwig-witzani.de\/wp-content\/uploads\/2025\/04\/Inhaltsverzeichnis-7-Geschichten.pdf\">Inhaltsverzeichnis <\/a><\/strong><\/h4>\n<h4 style=\"text-align: center;\">Leseprobe: <strong><a href=\"https:\/\/ludwig-witzani.de\/wp-content\/uploads\/2025\/04\/Leseprobe-Sven-Reinartz-zieht-nach-Thailand.pdf\">&nbsp;Thailand lockt<\/a><\/strong><\/h4>\n<p style=\"text-align: center;\">bestellen bei epubli<\/p>\n<p style=\"text-align: center;\">bestellen bei amazon&nbsp;<\/p>\n<p style=\"text-align: center;\">PDF Datei bestellen<\/p>\n<p style=\"text-align: center;\"><img loading=\"lazy\" decoding=\"async\" class=\"aligncenter size-full wp-image-10377\" src=\"https:\/\/ludwig-witzani.de\/wp-content\/uploads\/2025\/04\/3-1.jpg\" alt=\"\" width=\"816\" height=\"539\" srcset=\"https:\/\/ludwig-witzani.de\/wp-content\/uploads\/2025\/04\/3-1.jpg 816w, https:\/\/ludwig-witzani.de\/wp-content\/uploads\/2025\/04\/3-1-768x507.jpg 768w\" sizes=\"auto, (max-width: 816px) 100vw, 816px\" \/><\/p>\n<p style=\"text-align: center;\">&nbsp;&nbsp;&nbsp;&nbsp;&nbsp;&nbsp;<\/p>\n<p style=\"text-align: center;\"><strong>&nbsp;<\/strong><\/p>\n<p style=\"text-align: center;\"><strong>&nbsp;Auch erh\u00e4ltlich als kindle EBook <\/strong><\/p>\n<p style=\"text-align: center;\"><strong>&nbsp;<\/strong><a href=\"http:\/\/www.amazon.de\"><strong>www.amazon.de<\/strong><\/a><strong>, 5,99 Euro <\/strong><\/p>\n<p style=\"text-align: center;\"><strong>&nbsp;<\/strong><\/p>\n<p style=\"text-align: center;\"><strong>&nbsp;<\/strong><\/p>\n","protected":false},"excerpt":{"rendered":"<p>&nbsp; Vier turbulente Tage in Rio de Janeiro konfrontieren zwei Reisende mit zwei unterschiedlichen Spielarten der N\u00e4he. Ein Mann und ein junges M\u00e4dchen reisen durch Anatolien und werden sich selber fremd. In New York findet ein Single, der sein &nbsp;Leben als Geliebter von Ehefrauen perfekt durchorganisierte, seine Meisterin. Zwei Namenlose erleben in Portugal die Einsamkeit &hellip; <a href=\"https:\/\/ludwig-witzani.de\/zu-den-grossen-traeumen\/adrian-ambrer-sieben-geschichten-ueber-die-liebe-unterwegs\/\" class=\"more-link\"><span class=\"screen-reader-text\">Adrian Ambrer: Sieben Geschichten \u00fcber die Liebe unterwegs<\/span> weiterlesen <span class=\"meta-nav\">&rarr;<\/span><\/a><\/p>\n","protected":false},"author":2,"featured_media":0,"parent":0,"menu_order":0,"comment_status":"closed","ping_status":"closed","template":"","meta":{"ngg_post_thumbnail":0,"jetpack_post_was_ever_published":false,"footnotes":""},"class_list":["post-10372","page","type-page","status-publish","hentry"],"yoast_head":"<!-- This site is optimized with the Yoast SEO plugin v27.5 - https:\/\/yoast.com\/product\/yoast-seo-wordpress\/ -->\n<title>Adrian Ambrer: Sieben Geschichten \u00fcber die Liebe unterwegs - Ludwig Witzani<\/title>\n<meta name=\"description\" content=\"Vier turbulente Tage in Rio de Janeiro konfrontieren zwei Reisende mit zwei unterschiedlichen Spielarten der N\u00e4he. Ein Mann und ein junges M\u00e4dchen reisen durch Anatolien und werden sich selber fremd. In New York findet ein Single, der sein \u00a0Leben als Geliebter von Ehefrauen perfekt durchorganisierte, seine Meisterin. Zwei Namenlose erleben in Portugal die Einsamkeit zu zweit und zwei liebesverhexte Zufallsbekannte nehmen in Mauritius Kurs auf die Ehe. Ein Fremdgeher tappt in Gran Canaria in seine eigene Falle, und ein \u00a0Ehemann will seine Frau durch eine Flucht nach Thailand zur\u00fcckgewinnen. Diese Spielarten der \u201eLiebe unterwegs\u201c beschreiben eine doppelte Entfremdung - das Anderssein in der Fremde und das Anderssein in der Liebe. Wie sich beide Identit\u00e4tsverwirrungen gegenseitig durchdringen und verst\u00e4rken, erkunden die sieben Erz\u00e4hlungen dieses Buches, \u00a0sowohl was das Pers\u00f6nliche, wie was das Geografische betrifft. Ihr Thema ist die Psychologie unterschiedlichster Pers\u00f6nlichkeiten und \u00a0Liebesverh\u00e4ltnisse, gebrochen und intensiviert durch die r\u00e4umliche Absonderung von der Normalit\u00e4t des Alltagslebens .\" \/>\n<meta name=\"robots\" content=\"index, follow, max-snippet:-1, max-image-preview:large, max-video-preview:-1\" \/>\n<link rel=\"canonical\" href=\"https:\/\/ludwig-witzani.de\/zu-den-grossen-traeumen\/adrian-ambrer-sieben-geschichten-ueber-die-liebe-unterwegs\/\" \/>\n<meta property=\"og:locale\" content=\"de_DE\" \/>\n<meta property=\"og:type\" content=\"article\" \/>\n<meta property=\"og:title\" content=\"Adrian Ambrer: Sieben Geschichten \u00fcber die Liebe unterwegs - Ludwig Witzani\" \/>\n<meta property=\"og:description\" content=\"Vier turbulente Tage in Rio de Janeiro konfrontieren zwei Reisende mit zwei unterschiedlichen Spielarten der N\u00e4he. Ein Mann und ein junges M\u00e4dchen reisen durch Anatolien und werden sich selber fremd. In New York findet ein Single, der sein \u00a0Leben als Geliebter von Ehefrauen perfekt durchorganisierte, seine Meisterin. Zwei Namenlose erleben in Portugal die Einsamkeit zu zweit und zwei liebesverhexte Zufallsbekannte nehmen in Mauritius Kurs auf die Ehe. Ein Fremdgeher tappt in Gran Canaria in seine eigene Falle, und ein \u00a0Ehemann will seine Frau durch eine Flucht nach Thailand zur\u00fcckgewinnen. Diese Spielarten der \u201eLiebe unterwegs\u201c beschreiben eine doppelte Entfremdung - das Anderssein in der Fremde und das Anderssein in der Liebe. Wie sich beide Identit\u00e4tsverwirrungen gegenseitig durchdringen und verst\u00e4rken, erkunden die sieben Erz\u00e4hlungen dieses Buches, \u00a0sowohl was das Pers\u00f6nliche, wie was das Geografische betrifft. Ihr Thema ist die Psychologie unterschiedlichster Pers\u00f6nlichkeiten und \u00a0Liebesverh\u00e4ltnisse, gebrochen und intensiviert durch die r\u00e4umliche Absonderung von der Normalit\u00e4t des Alltagslebens .\" \/>\n<meta property=\"og:url\" content=\"https:\/\/ludwig-witzani.de\/zu-den-grossen-traeumen\/adrian-ambrer-sieben-geschichten-ueber-die-liebe-unterwegs\/\" \/>\n<meta property=\"og:site_name\" content=\"Ludwig Witzani\" \/>\n<meta property=\"article:modified_time\" content=\"2025-06-03T10:32:49+00:00\" \/>\n<meta property=\"og:image\" content=\"https:\/\/ludwig-witzani.de\/wp-content\/uploads\/2025\/04\/sieben-geschichten-v2-2025-scaled.jpg\" \/>\n\t<meta property=\"og:image:width\" content=\"1673\" \/>\n\t<meta property=\"og:image:height\" content=\"2560\" \/>\n\t<meta property=\"og:image:type\" content=\"image\/jpeg\" \/>\n<meta name=\"twitter:card\" content=\"summary_large_image\" \/>\n<meta name=\"twitter:label1\" content=\"Gesch\u00e4tzte Lesezeit\" \/>\n\t<meta name=\"twitter:data1\" content=\"2\u00a0Minuten\" \/>\n<script type=\"application\/ld+json\" class=\"yoast-schema-graph\">{\"@context\":\"https:\\\/\\\/schema.org\",\"@graph\":[{\"@type\":\"WebPage\",\"@id\":\"https:\\\/\\\/ludwig-witzani.de\\\/zu-den-grossen-traeumen\\\/adrian-ambrer-sieben-geschichten-ueber-die-liebe-unterwegs\\\/\",\"url\":\"https:\\\/\\\/ludwig-witzani.de\\\/zu-den-grossen-traeumen\\\/adrian-ambrer-sieben-geschichten-ueber-die-liebe-unterwegs\\\/\",\"name\":\"Adrian Ambrer: Sieben Geschichten \u00fcber die Liebe unterwegs - Ludwig Witzani\",\"isPartOf\":{\"@id\":\"https:\\\/\\\/ludwig-witzani.de\\\/zu-den-grossen-traeumen\\\/#website\"},\"primaryImageOfPage\":{\"@id\":\"https:\\\/\\\/ludwig-witzani.de\\\/zu-den-grossen-traeumen\\\/adrian-ambrer-sieben-geschichten-ueber-die-liebe-unterwegs\\\/#primaryimage\"},\"image\":{\"@id\":\"https:\\\/\\\/ludwig-witzani.de\\\/zu-den-grossen-traeumen\\\/adrian-ambrer-sieben-geschichten-ueber-die-liebe-unterwegs\\\/#primaryimage\"},\"thumbnailUrl\":\"https:\\\/\\\/ludwig-witzani.de\\\/wp-content\\\/uploads\\\/2025\\\/04\\\/sieben-geschichten-v2-2025-523x800.jpg\",\"datePublished\":\"2025-04-18T05:35:43+00:00\",\"dateModified\":\"2025-06-03T10:32:49+00:00\",\"description\":\"Vier turbulente Tage in Rio de Janeiro konfrontieren zwei Reisende mit zwei unterschiedlichen Spielarten der N\u00e4he. Ein Mann und ein junges M\u00e4dchen reisen durch Anatolien und werden sich selber fremd. In New York findet ein Single, der sein \u00a0Leben als Geliebter von Ehefrauen perfekt durchorganisierte, seine Meisterin. Zwei Namenlose erleben in Portugal die Einsamkeit zu zweit und zwei liebesverhexte Zufallsbekannte nehmen in Mauritius Kurs auf die Ehe. Ein Fremdgeher tappt in Gran Canaria in seine eigene Falle, und ein \u00a0Ehemann will seine Frau durch eine Flucht nach Thailand zur\u00fcckgewinnen. Diese Spielarten der \u201eLiebe unterwegs\u201c beschreiben eine doppelte Entfremdung - das Anderssein in der Fremde und das Anderssein in der Liebe. Wie sich beide Identit\u00e4tsverwirrungen gegenseitig durchdringen und verst\u00e4rken, erkunden die sieben Erz\u00e4hlungen dieses Buches, \u00a0sowohl was das Pers\u00f6nliche, wie was das Geografische betrifft. Ihr Thema ist die Psychologie unterschiedlichster Pers\u00f6nlichkeiten und \u00a0Liebesverh\u00e4ltnisse, gebrochen und intensiviert durch die r\u00e4umliche Absonderung von der Normalit\u00e4t des Alltagslebens .\",\"breadcrumb\":{\"@id\":\"https:\\\/\\\/ludwig-witzani.de\\\/zu-den-grossen-traeumen\\\/adrian-ambrer-sieben-geschichten-ueber-die-liebe-unterwegs\\\/#breadcrumb\"},\"inLanguage\":\"de\",\"potentialAction\":[{\"@type\":\"ReadAction\",\"target\":[\"https:\\\/\\\/ludwig-witzani.de\\\/zu-den-grossen-traeumen\\\/adrian-ambrer-sieben-geschichten-ueber-die-liebe-unterwegs\\\/\"]}]},{\"@type\":\"ImageObject\",\"inLanguage\":\"de\",\"@id\":\"https:\\\/\\\/ludwig-witzani.de\\\/zu-den-grossen-traeumen\\\/adrian-ambrer-sieben-geschichten-ueber-die-liebe-unterwegs\\\/#primaryimage\",\"url\":\"https:\\\/\\\/ludwig-witzani.de\\\/wp-content\\\/uploads\\\/2025\\\/04\\\/sieben-geschichten-v2-2025-523x800.jpg\",\"contentUrl\":\"https:\\\/\\\/ludwig-witzani.de\\\/wp-content\\\/uploads\\\/2025\\\/04\\\/sieben-geschichten-v2-2025-523x800.jpg\"},{\"@type\":\"BreadcrumbList\",\"@id\":\"https:\\\/\\\/ludwig-witzani.de\\\/zu-den-grossen-traeumen\\\/adrian-ambrer-sieben-geschichten-ueber-die-liebe-unterwegs\\\/#breadcrumb\",\"itemListElement\":[{\"@type\":\"ListItem\",\"position\":1,\"name\":\"Startseite\",\"item\":\"https:\\\/\\\/ludwig-witzani.de\\\/zu-den-grossen-traeumen\\\/\"},{\"@type\":\"ListItem\",\"position\":2,\"name\":\"Adrian Ambrer: Sieben Geschichten \u00fcber die Liebe unterwegs\"}]},{\"@type\":\"WebSite\",\"@id\":\"https:\\\/\\\/ludwig-witzani.de\\\/zu-den-grossen-traeumen\\\/#website\",\"url\":\"https:\\\/\\\/ludwig-witzani.de\\\/zu-den-grossen-traeumen\\\/\",\"name\":\"Ludwig Witzani\",\"description\":\"World Wide Travel\",\"potentialAction\":[{\"@type\":\"SearchAction\",\"target\":{\"@type\":\"EntryPoint\",\"urlTemplate\":\"https:\\\/\\\/ludwig-witzani.de\\\/zu-den-grossen-traeumen\\\/?s={search_term_string}\"},\"query-input\":{\"@type\":\"PropertyValueSpecification\",\"valueRequired\":true,\"valueName\":\"search_term_string\"}}],\"inLanguage\":\"de\"}]}<\/script>\n<!-- \/ Yoast SEO plugin. -->","yoast_head_json":{"title":"Adrian Ambrer: Sieben Geschichten \u00fcber die Liebe unterwegs - Ludwig Witzani","description":"Vier turbulente Tage in Rio de Janeiro konfrontieren zwei Reisende mit zwei unterschiedlichen Spielarten der N\u00e4he. Ein Mann und ein junges M\u00e4dchen reisen durch Anatolien und werden sich selber fremd. In New York findet ein Single, der sein \u00a0Leben als Geliebter von Ehefrauen perfekt durchorganisierte, seine Meisterin. Zwei Namenlose erleben in Portugal die Einsamkeit zu zweit und zwei liebesverhexte Zufallsbekannte nehmen in Mauritius Kurs auf die Ehe. Ein Fremdgeher tappt in Gran Canaria in seine eigene Falle, und ein \u00a0Ehemann will seine Frau durch eine Flucht nach Thailand zur\u00fcckgewinnen. Diese Spielarten der \u201eLiebe unterwegs\u201c beschreiben eine doppelte Entfremdung - das Anderssein in der Fremde und das Anderssein in der Liebe. Wie sich beide Identit\u00e4tsverwirrungen gegenseitig durchdringen und verst\u00e4rken, erkunden die sieben Erz\u00e4hlungen dieses Buches, \u00a0sowohl was das Pers\u00f6nliche, wie was das Geografische betrifft. Ihr Thema ist die Psychologie unterschiedlichster Pers\u00f6nlichkeiten und \u00a0Liebesverh\u00e4ltnisse, gebrochen und intensiviert durch die r\u00e4umliche Absonderung von der Normalit\u00e4t des Alltagslebens .","robots":{"index":"index","follow":"follow","max-snippet":"max-snippet:-1","max-image-preview":"max-image-preview:large","max-video-preview":"max-video-preview:-1"},"canonical":"https:\/\/ludwig-witzani.de\/zu-den-grossen-traeumen\/adrian-ambrer-sieben-geschichten-ueber-die-liebe-unterwegs\/","og_locale":"de_DE","og_type":"article","og_title":"Adrian Ambrer: Sieben Geschichten \u00fcber die Liebe unterwegs - Ludwig Witzani","og_description":"Vier turbulente Tage in Rio de Janeiro konfrontieren zwei Reisende mit zwei unterschiedlichen Spielarten der N\u00e4he. Ein Mann und ein junges M\u00e4dchen reisen durch Anatolien und werden sich selber fremd. In New York findet ein Single, der sein \u00a0Leben als Geliebter von Ehefrauen perfekt durchorganisierte, seine Meisterin. Zwei Namenlose erleben in Portugal die Einsamkeit zu zweit und zwei liebesverhexte Zufallsbekannte nehmen in Mauritius Kurs auf die Ehe. Ein Fremdgeher tappt in Gran Canaria in seine eigene Falle, und ein \u00a0Ehemann will seine Frau durch eine Flucht nach Thailand zur\u00fcckgewinnen. Diese Spielarten der \u201eLiebe unterwegs\u201c beschreiben eine doppelte Entfremdung - das Anderssein in der Fremde und das Anderssein in der Liebe. Wie sich beide Identit\u00e4tsverwirrungen gegenseitig durchdringen und verst\u00e4rken, erkunden die sieben Erz\u00e4hlungen dieses Buches, \u00a0sowohl was das Pers\u00f6nliche, wie was das Geografische betrifft. Ihr Thema ist die Psychologie unterschiedlichster Pers\u00f6nlichkeiten und \u00a0Liebesverh\u00e4ltnisse, gebrochen und intensiviert durch die r\u00e4umliche Absonderung von der Normalit\u00e4t des Alltagslebens .","og_url":"https:\/\/ludwig-witzani.de\/zu-den-grossen-traeumen\/adrian-ambrer-sieben-geschichten-ueber-die-liebe-unterwegs\/","og_site_name":"Ludwig Witzani","article_modified_time":"2025-06-03T10:32:49+00:00","og_image":[{"width":1673,"height":2560,"url":"https:\/\/ludwig-witzani.de\/wp-content\/uploads\/2025\/04\/sieben-geschichten-v2-2025-scaled.jpg","type":"image\/jpeg"}],"twitter_card":"summary_large_image","twitter_misc":{"Gesch\u00e4tzte Lesezeit":"2\u00a0Minuten"},"schema":{"@context":"https:\/\/schema.org","@graph":[{"@type":"WebPage","@id":"https:\/\/ludwig-witzani.de\/zu-den-grossen-traeumen\/adrian-ambrer-sieben-geschichten-ueber-die-liebe-unterwegs\/","url":"https:\/\/ludwig-witzani.de\/zu-den-grossen-traeumen\/adrian-ambrer-sieben-geschichten-ueber-die-liebe-unterwegs\/","name":"Adrian Ambrer: Sieben Geschichten \u00fcber die Liebe unterwegs - Ludwig Witzani","isPartOf":{"@id":"https:\/\/ludwig-witzani.de\/zu-den-grossen-traeumen\/#website"},"primaryImageOfPage":{"@id":"https:\/\/ludwig-witzani.de\/zu-den-grossen-traeumen\/adrian-ambrer-sieben-geschichten-ueber-die-liebe-unterwegs\/#primaryimage"},"image":{"@id":"https:\/\/ludwig-witzani.de\/zu-den-grossen-traeumen\/adrian-ambrer-sieben-geschichten-ueber-die-liebe-unterwegs\/#primaryimage"},"thumbnailUrl":"https:\/\/ludwig-witzani.de\/wp-content\/uploads\/2025\/04\/sieben-geschichten-v2-2025-523x800.jpg","datePublished":"2025-04-18T05:35:43+00:00","dateModified":"2025-06-03T10:32:49+00:00","description":"Vier turbulente Tage in Rio de Janeiro konfrontieren zwei Reisende mit zwei unterschiedlichen Spielarten der N\u00e4he. Ein Mann und ein junges M\u00e4dchen reisen durch Anatolien und werden sich selber fremd. In New York findet ein Single, der sein \u00a0Leben als Geliebter von Ehefrauen perfekt durchorganisierte, seine Meisterin. Zwei Namenlose erleben in Portugal die Einsamkeit zu zweit und zwei liebesverhexte Zufallsbekannte nehmen in Mauritius Kurs auf die Ehe. Ein Fremdgeher tappt in Gran Canaria in seine eigene Falle, und ein \u00a0Ehemann will seine Frau durch eine Flucht nach Thailand zur\u00fcckgewinnen. Diese Spielarten der \u201eLiebe unterwegs\u201c beschreiben eine doppelte Entfremdung - das Anderssein in der Fremde und das Anderssein in der Liebe. Wie sich beide Identit\u00e4tsverwirrungen gegenseitig durchdringen und verst\u00e4rken, erkunden die sieben Erz\u00e4hlungen dieses Buches, \u00a0sowohl was das Pers\u00f6nliche, wie was das Geografische betrifft. Ihr Thema ist die Psychologie unterschiedlichster Pers\u00f6nlichkeiten und \u00a0Liebesverh\u00e4ltnisse, gebrochen und intensiviert durch die r\u00e4umliche Absonderung von der Normalit\u00e4t des Alltagslebens .","breadcrumb":{"@id":"https:\/\/ludwig-witzani.de\/zu-den-grossen-traeumen\/adrian-ambrer-sieben-geschichten-ueber-die-liebe-unterwegs\/#breadcrumb"},"inLanguage":"de","potentialAction":[{"@type":"ReadAction","target":["https:\/\/ludwig-witzani.de\/zu-den-grossen-traeumen\/adrian-ambrer-sieben-geschichten-ueber-die-liebe-unterwegs\/"]}]},{"@type":"ImageObject","inLanguage":"de","@id":"https:\/\/ludwig-witzani.de\/zu-den-grossen-traeumen\/adrian-ambrer-sieben-geschichten-ueber-die-liebe-unterwegs\/#primaryimage","url":"https:\/\/ludwig-witzani.de\/wp-content\/uploads\/2025\/04\/sieben-geschichten-v2-2025-523x800.jpg","contentUrl":"https:\/\/ludwig-witzani.de\/wp-content\/uploads\/2025\/04\/sieben-geschichten-v2-2025-523x800.jpg"},{"@type":"BreadcrumbList","@id":"https:\/\/ludwig-witzani.de\/zu-den-grossen-traeumen\/adrian-ambrer-sieben-geschichten-ueber-die-liebe-unterwegs\/#breadcrumb","itemListElement":[{"@type":"ListItem","position":1,"name":"Startseite","item":"https:\/\/ludwig-witzani.de\/zu-den-grossen-traeumen\/"},{"@type":"ListItem","position":2,"name":"Adrian Ambrer: Sieben Geschichten \u00fcber die Liebe unterwegs"}]},{"@type":"WebSite","@id":"https:\/\/ludwig-witzani.de\/zu-den-grossen-traeumen\/#website","url":"https:\/\/ludwig-witzani.de\/zu-den-grossen-traeumen\/","name":"Ludwig Witzani","description":"World Wide Travel","potentialAction":[{"@type":"SearchAction","target":{"@type":"EntryPoint","urlTemplate":"https:\/\/ludwig-witzani.de\/zu-den-grossen-traeumen\/?s={search_term_string}"},"query-input":{"@type":"PropertyValueSpecification","valueRequired":true,"valueName":"search_term_string"}}],"inLanguage":"de"}]}},"jetpack_shortlink":"https:\/\/wp.me\/P4daYo-2Hi","jetpack_sharing_enabled":true,"_links":{"self":[{"href":"https:\/\/ludwig-witzani.de\/zu-den-grossen-traeumen\/wp-json\/wp\/v2\/pages\/10372","targetHints":{"allow":["GET"]}}],"collection":[{"href":"https:\/\/ludwig-witzani.de\/zu-den-grossen-traeumen\/wp-json\/wp\/v2\/pages"}],"about":[{"href":"https:\/\/ludwig-witzani.de\/zu-den-grossen-traeumen\/wp-json\/wp\/v2\/types\/page"}],"author":[{"embeddable":true,"href":"https:\/\/ludwig-witzani.de\/zu-den-grossen-traeumen\/wp-json\/wp\/v2\/users\/2"}],"replies":[{"embeddable":true,"href":"https:\/\/ludwig-witzani.de\/zu-den-grossen-traeumen\/wp-json\/wp\/v2\/comments?post=10372"}],"version-history":[{"count":4,"href":"https:\/\/ludwig-witzani.de\/zu-den-grossen-traeumen\/wp-json\/wp\/v2\/pages\/10372\/revisions"}],"predecessor-version":[{"id":10379,"href":"https:\/\/ludwig-witzani.de\/zu-den-grossen-traeumen\/wp-json\/wp\/v2\/pages\/10372\/revisions\/10379"}],"wp:attachment":[{"href":"https:\/\/ludwig-witzani.de\/zu-den-grossen-traeumen\/wp-json\/wp\/v2\/media?parent=10372"}],"curies":[{"name":"wp","href":"https:\/\/api.w.org\/{rel}","templated":true}]}}